CRAN Package Check Results for Package oppr

Last updated on 2019-09-23 13:46:25 CEST.

Flavor Version Tinstall Tcheck Ttotal Status Flags
r-devel-linux-x86_64-debian-clang 0.0.4 186.21 126.87 313.08 NOTE
r-devel-linux-x86_64-debian-gcc 0.0.4 165.49 98.78 264.27 NOTE
r-devel-linux-x86_64-fedora-clang 0.0.4 465.30 NOTE
r-devel-linux-x86_64-fedora-gcc 0.0.4 457.43 NOTE
r-devel-windows-ix86+x86_64 0.0.4 608.00 290.00 898.00 NOTE
r-patched-linux-x86_64 0.0.4 182.12 119.17 301.29 NOTE
r-patched-solaris-x86 0.0.4 452.90 NOTE
r-release-linux-x86_64 0.0.4 181.68 120.88 302.56 NOTE
r-release-windows-ix86+x86_64 0.0.4 571.00 294.00 865.00 NOTE
r-release-osx-x86_64 0.0.4 NOTE
r-oldrel-windows-ix86+x86_64 0.0.4 376.00 204.00 580.00 NOTE
r-oldrel-osx-x86_64 0.0.4 NOTE

Check Details

Version: 0.0.4
Check: package dependencies
Result: NOTE
    Package suggested but not available for checking: 'gurobi'
Flavors: r-devel-linux-x86_64-debian-clang, r-devel-linux-x86_64-debian-gcc, r-devel-linux-x86_64-fedora-clang, r-devel-linux-x86_64-fedora-gcc, r-devel-windows-ix86+x86_64, r-patched-linux-x86_64, r-release-linux-x86_64, r-release-windows-ix86+x86_64, r-oldrel-windows-ix86+x86_64

Version: 0.0.4
Check: installed package size
Result: NOTE
     installed size is 9.6Mb
     sub-directories of 1Mb or more:
     libs 7.9Mb
Flavors: r-devel-linux-x86_64-fedora-clang, r-release-osx-x86_64, r-oldrel-osx-x86_64

Version: 0.0.4
Check: package dependencies
Result: NOTE
    Packages suggested but not available for checking:
     'gurobi', 'Rsymphony', 'lpsymphony'
Flavor: r-patched-solaris-x86

Version: 0.0.4
Check: package dependencies
Result: NOTE
    Packages suggested but not available for checking:
     'gurobi', 'ggtree', 'Rsymphony', 'lpsymphony'
Flavor: r-release-osx-x86_64

Version: 0.0.4
Check: Rd cross-references
Result: NOTE
    Package unavailable to check Rd xrefs: ‘ggtree’
Flavor: r-release-osx-x86_64

Version: 0.0.4
Check: package dependencies
Result: NOTE
    Packages suggested but not available for checking:
     ‘gurobi’ ‘Rsymphony’ ‘lpsymphony’
Flavor: r-oldrel-osx-x86_64