CRAN Package Check Results for Package oppr

Last updated on 2020-02-19 03:49:05 CET.

Flavor Version Tinstall Tcheck Ttotal Status Flags
r-devel-linux-x86_64-debian-clang 1.0.0 226.01 146.02 372.03 NOTE
r-devel-linux-x86_64-debian-gcc 1.0.0 159.69 111.65 271.34 NOTE
r-devel-linux-x86_64-fedora-clang 1.0.0 497.43 NOTE
r-devel-linux-x86_64-fedora-gcc 1.0.0 478.86 NOTE
r-devel-windows-ix86+x86_64 1.0.0 435.00 235.00 670.00 NOTE
r-devel-windows-ix86+x86_64-gcc8 0.0.4 617.00 319.00 936.00 NOTE
r-patched-linux-x86_64 1.0.0 195.01 125.79 320.80 NOTE
r-patched-solaris-x86 1.0.0 485.00 NOTE
r-release-linux-x86_64 1.0.0 184.45 127.80 312.25 NOTE
r-release-windows-ix86+x86_64 1.0.0 409.00 212.00 621.00 NOTE
r-release-osx-x86_64 1.0.0 NOTE
r-oldrel-windows-ix86+x86_64 1.0.0 407.00 214.00 621.00 NOTE
r-oldrel-osx-x86_64 1.0.0 NOTE

Check Details

Version: 1.0.0
Check: package dependencies
Result: NOTE
    Package suggested but not available for checking: 'gurobi'
Flavors: r-devel-linux-x86_64-debian-clang, r-devel-linux-x86_64-debian-gcc, r-devel-linux-x86_64-fedora-clang, r-devel-linux-x86_64-fedora-gcc, r-devel-windows-ix86+x86_64, r-patched-linux-x86_64, r-release-linux-x86_64, r-release-windows-ix86+x86_64, r-oldrel-windows-ix86+x86_64

Version: 1.0.0
Check: installed package size
Result: NOTE
     installed size is 9.7Mb
     sub-directories of 1Mb or more:
     libs 8.0Mb
Flavors: r-devel-linux-x86_64-fedora-clang, r-release-osx-x86_64, r-oldrel-osx-x86_64

Version: 0.0.4
Check: package dependencies
Result: NOTE
    Package suggested but not available for checking: 'gurobi'
Flavor: r-devel-windows-ix86+x86_64-gcc8

Version: 1.0.0
Check: package dependencies
Result: NOTE
    Packages suggested but not available for checking:
     'gurobi', 'Rsymphony', 'lpsymphony'
Flavor: r-patched-solaris-x86

Version: 1.0.0
Check: package dependencies
Result: NOTE
    Packages suggested but not available for checking: 'gurobi', 'Rsymphony'
Flavor: r-release-osx-x86_64

Version: 1.0.0
Check: package dependencies
Result: NOTE
    Packages suggested but not available for checking:
     ‘gurobi’ ‘Rsymphony’ ‘lpsymphony’
Flavor: r-oldrel-osx-x86_64