CRAN Package Check Results for Package oppr

Last updated on 2022-12-01 13:50:12 CET.

Flavor Version Tinstall Tcheck Ttotal Status Flags
r-devel-linux-x86_64-debian-clang 1.0.4 260.90 187.45 448.35 NOTE
r-devel-linux-x86_64-debian-gcc 1.0.4 196.58 141.25 337.83 NOTE
r-devel-linux-x86_64-fedora-clang 1.0.4 640.68 NOTE
r-devel-linux-x86_64-fedora-gcc 1.0.4 631.84 NOTE
r-devel-windows-x86_64 1.0.4 237.00 269.00 506.00 NOTE
r-patched-linux-x86_64 1.0.4 208.20 165.08 373.28 NOTE
r-release-linux-x86_64 1.0.4 206.67 171.70 378.37 NOTE
r-release-macos-arm64 1.0.4 138.00 NOTE
r-release-macos-x86_64 1.0.4 177.00 NOTE
r-release-windows-x86_64 1.0.4 260.00 255.00 515.00 NOTE
r-oldrel-macos-arm64 1.0.4 136.00 NOTE
r-oldrel-macos-x86_64 1.0.4 173.00 NOTE
r-oldrel-windows-ix86+x86_64 1.0.4 604.00 332.00 936.00 NOTE

Check Details

Version: 1.0.4
Check: package dependencies
Result: NOTE
    Package suggested but not available for checking: 'gurobi'
Flavors: r-devel-linux-x86_64-debian-clang, r-devel-linux-x86_64-debian-gcc, r-devel-linux-x86_64-fedora-clang, r-devel-linux-x86_64-fedora-gcc, r-devel-windows-x86_64, r-patched-linux-x86_64, r-release-linux-x86_64, r-release-macos-arm64, r-release-macos-x86_64, r-release-windows-x86_64, r-oldrel-macos-arm64, r-oldrel-macos-x86_64, r-oldrel-windows-ix86+x86_64

Version: 1.0.4
Check: installed package size
Result: NOTE
     installed size is 8.3Mb
     sub-directories of 1Mb or more:
     libs 6.7Mb
Flavors: r-release-macos-arm64, r-release-macos-x86_64, r-oldrel-macos-arm64, r-oldrel-macos-x86_64