CRAN Package Check Results for Package optbdmaeAT

Last updated on 2020-09-18 18:47:32 CEST.

Flavor Version Tinstall Tcheck Ttotal Status Flags
r-devel-linux-x86_64-debian-clang 1.0.1 10.47 69.04 79.51 NOTE
r-devel-linux-x86_64-debian-gcc 1.0.1 8.25 54.28 62.53 NOTE
r-devel-linux-x86_64-fedora-clang 1.0.1 112.09 NOTE
r-devel-linux-x86_64-fedora-gcc 1.0.1 102.71 NOTE
r-devel-windows-ix86+x86_64 1.0.1 21.00 94.00 115.00 OK
r-patched-linux-x86_64 1.0.1 10.35 69.67 80.02 NOTE
r-patched-solaris-x86 1.0.1 144.40 NOTE
r-release-linux-x86_64 1.0.1 10.65 71.14 81.79 NOTE
r-release-macos-x86_64 1.0.1 OK
r-release-windows-ix86+x86_64 1.0.1 21.00 70.00 91.00 OK
r-oldrel-macos-x86_64 1.0.1 FAIL
r-oldrel-windows-ix86+x86_64 1.0.1 12.00 85.00 97.00 OK

Check Details

Version: 1.0.1
Check: for non-standard things in the check directory
Result: NOTE
    Found the following files/directories:
     'Graph_layout_Doptbd_trtE'
Flavors: r-devel-linux-x86_64-debian-clang, r-devel-linux-x86_64-debian-gcc, r-devel-linux-x86_64-fedora-clang, r-devel-linux-x86_64-fedora-gcc, r-patched-linux-x86_64, r-patched-solaris-x86, r-release-linux-x86_64

Version: 1.0.1
Check: whether package can be installed
Result: FAIL
Flavor: r-oldrel-macos-x86_64