CRAN Package Check Results for Package optextras

Last updated on 2024-07-15 00:49:52 CEST.

Flavor Version Tinstall Tcheck Ttotal Status Flags
r-devel-linux-x86_64-debian-clang 2019-12.4 2.52 30.97 33.49 NOTE
r-devel-linux-x86_64-debian-gcc 2019-12.4 2.80 23.47 26.27 NOTE
r-devel-linux-x86_64-fedora-clang 2019-12.4 43.06 NOTE
r-devel-linux-x86_64-fedora-gcc 2019-12.4 40.42 NOTE
r-devel-windows-x86_64 2019-12.4 4.00 47.00 51.00 NOTE
r-patched-linux-x86_64 2019-12.4 2.64 30.07 32.71 NOTE
r-release-linux-x86_64 2019-12.4 3.63 28.79 32.42 NOTE
r-release-macos-arm64 2019-12.4 17.00 NOTE
r-release-macos-x86_64 2019-12.4 23.00 NOTE
r-release-windows-x86_64 2019-12.4 5.00 46.00 51.00 NOTE
r-oldrel-macos-arm64 2019-12.4 21.00 OK
r-oldrel-macos-x86_64 2019-12.4 25.00 OK
r-oldrel-windows-x86_64 2019-12.4 5.00 48.00 53.00 OK

Check Details

Version: 2019-12.4
Check: Rd files
Result: NOTE checkRd: (-1) fnchk.Rd:40-41: Lost braces in \itemize; \value handles \item{}{} directly checkRd: (-1) fnchk.Rd:43: Lost braces in \itemize; \value handles \item{}{} directly checkRd: (-1) fnchk.Rd:45: Lost braces in \itemize; \value handles \item{}{} directly checkRd: (-1) fnchk.Rd:47: Lost braces in \itemize; \value handles \item{}{} directly checkRd: (-1) fnchk.Rd:49: Lost braces in \itemize; \value handles \item{}{} directly checkRd: (-1) fnchk.Rd:51: Lost braces in \itemize; \value handles \item{}{} directly checkRd: (-1) fnchk.Rd:53: Lost braces in \itemize; \value handles \item{}{} directly checkRd: (-1) fnchk.Rd:55: Lost braces in \itemize; \value handles \item{}{} directly checkRd: (-1) fnchk.Rd:57: Lost braces in \itemize; \value handles \item{}{} directly checkRd: (-1) gHgen.Rd:51: Lost braces in \itemize; \value handles \item{}{} directly checkRd: (-1) gHgen.Rd:52: Lost braces in \itemize; \value handles \item{}{} directly checkRd: (-1) gHgen.Rd:53: Lost braces in \itemize; \value handles \item{}{} directly checkRd: (-1) gHgen.Rd:54-55: Lost braces in \itemize; \value handles \item{}{} directly checkRd: (-1) gHgen.Rd:56-57: Lost braces in \itemize; \value handles \item{}{} directly checkRd: (-1) gHgenb.Rd:58: Lost braces in \itemize; \value handles \item{}{} directly checkRd: (-1) gHgenb.Rd:59: Lost braces in \itemize; \value handles \item{}{} directly checkRd: (-1) gHgenb.Rd:60: Lost braces in \itemize; \value handles \item{}{} directly checkRd: (-1) gHgenb.Rd:61-62: Lost braces in \itemize; \value handles \item{}{} directly checkRd: (-1) gHgenb.Rd:63: Lost braces in \itemize; \value handles \item{}{} directly checkRd: (-1) hesschk.Rd:53: Lost braces in \itemize; \value handles \item{}{} directly checkRd: (-1) hesschk.Rd:54-55: Lost braces in \itemize; \value handles \item{}{} directly checkRd: (-1) hesschk.Rd:56: Lost braces in \itemize; \value handles \item{}{} directly checkRd: (-1) hesschk.Rd:57: Lost braces in \itemize; \value handles \item{}{} directly checkRd: (-1) hesschk.Rd:58: Lost braces in \itemize; \value handles \item{}{} directly Flavors: r-devel-linux-x86_64-debian-clang, r-devel-linux-x86_64-debian-gcc, r-devel-linux-x86_64-fedora-clang, r-devel-linux-x86_64-fedora-gcc, r-devel-windows-x86_64, r-patched-linux-x86_64, r-release-linux-x86_64, r-release-macos-arm64, r-release-macos-x86_64, r-release-windows-x86_64