CRAN Package Check Results for Package optiRum

Last updated on 2019-03-23 11:51:15 CET.

Flavor Version Tinstall Tcheck Ttotal Status Flags
r-devel-linux-x86_64-debian-clang 0.40.1 4.33 54.53 58.86 OK
r-devel-linux-x86_64-debian-gcc 0.40.1 3.97 44.99 48.96 OK
r-devel-linux-x86_64-fedora-clang 0.40.1 74.25 OK
r-devel-linux-x86_64-fedora-gcc 0.40.1 70.78 OK
r-devel-windows-ix86+x86_64 0.40.1 16.00 107.00 123.00 OK
r-patched-linux-x86_64 0.40.1 3.48 53.34 56.82 OK
r-patched-solaris-x86 0.40.1 99.30 OK
r-release-linux-x86_64 0.40.1 0.32 2.68 3.00 ERROR
r-release-windows-ix86+x86_64 0.40.1 7.00 71.00 78.00 OK
r-release-osx-x86_64 0.40.1 OK
r-oldrel-windows-ix86+x86_64 0.40.1 17.00 122.00 139.00 OK
r-oldrel-osx-x86_64 0.40.1 OK

Check Details

Version: 0.40.1
Check: whether package can be installed
Result: ERROR
    Installation failed.
Flavor: r-release-linux-x86_64