Last updated on 2022-05-29 13:51:22 CEST.
Flavor | Version | Tinstall | Tcheck | Ttotal | Status | Flags |
---|---|---|---|---|---|---|
r-devel-linux-x86_64-debian-clang | 2.0.5 | 160.02 | 272.70 | 432.72 | OK | |
r-devel-linux-x86_64-debian-gcc | 2.0.5 | 134.10 | 211.44 | 345.54 | OK | |
r-devel-linux-x86_64-fedora-clang | 2.0.5 | 619.82 | NOTE | |||
r-devel-linux-x86_64-fedora-gcc | 2.0.5 | 533.82 | OK | |||
r-devel-windows-x86_64 | 2.0.5 | 167.00 | 310.00 | 477.00 | OK | |
r-patched-linux-x86_64 | 2.0.5 | 146.42 | 264.33 | 410.75 | OK | |
r-release-linux-x86_64 | 2.0.5 | 114.40 | 261.11 | 375.51 | OK | |
r-release-macos-arm64 | 2.0.5 | 144.00 | NOTE | |||
r-release-macos-x86_64 | 2.0.5 | 229.00 | NOTE | |||
r-release-windows-x86_64 | 2.0.5 | 167.00 | 327.00 | 494.00 | OK | |
r-oldrel-macos-arm64 | 2.0.5 | 180.00 | NOTE | |||
r-oldrel-macos-x86_64 | 2.0.5 | 292.00 | NOTE | |||
r-oldrel-windows-ix86+x86_64 | 2.0.5 | 428.00 | 414.00 | 842.00 | NOTE |
Version: 2.0.5
Check: installed package size
Result: NOTE
installed size is 5.1Mb
sub-directories of 1Mb or more:
extdata 1.8Mb
libs 2.2Mb
Flavors: r-devel-linux-x86_64-fedora-clang, r-release-macos-arm64, r-release-macos-x86_64, r-oldrel-macos-arm64, r-oldrel-macos-x86_64, r-oldrel-windows-ix86+x86_64
Version: 2.0.5
Check: Rd cross-references
Result: NOTE
Undeclared packages ‘alabama’, ‘cccp’, ‘nloptr’ in Rd xrefs
Flavor: r-devel-linux-x86_64-fedora-clang