CRAN Package Check Results for Package optiSel

Last updated on 2017-11-24 07:47:57 CET.

Flavor Version Tinstall Tcheck Ttotal Status Flags
r-devel-linux-x86_64-debian-clang 1.0.0 90.63 253.44 344.07 OK
r-devel-linux-x86_64-debian-gcc 1.0.0 106.83 315.64 422.47 OK
r-devel-linux-x86_64-fedora-clang 1.0.0 473.32 NOTE
r-devel-linux-x86_64-fedora-gcc 1.0.0 465.38 NOTE
r-devel-windows-ix86+x86_64 1.0.0 291.00 374.00 665.00 OK
r-patched-linux-x86_64 1.0.0 131.46 373.74 505.20 OK
r-patched-solaris-x86 1.0.0 691.70 OK
r-release-linux-x86_64 1.0.0 133.58 377.85 511.43 OK
r-release-windows-ix86+x86_64 1.0.0 294.00 379.00 673.00 OK
r-release-osx-x86_64 1.0.0 OK
r-oldrel-windows-ix86+x86_64 1.0.0 293.00 356.00 649.00 OK
r-oldrel-osx-x86_64 1.0.0 NOTE

Check Details

Version: 1.0.0
Check: installed package size
Result: NOTE
     installed size is 5.6Mb
     sub-directories of 1Mb or more:
     extdata 1.8Mb
     libs 3.1Mb
Flavors: r-devel-linux-x86_64-fedora-clang, r-devel-linux-x86_64-fedora-gcc, r-oldrel-osx-x86_64