CRAN Package Check Results for Package optiSel

Last updated on 2018-12-11 05:49:31 CET.

Flavor Version Tinstall Tcheck Ttotal Status Flags
r-devel-linux-x86_64-debian-clang 2.0.2 136.06 231.18 367.24 OK
r-devel-linux-x86_64-debian-gcc 2.0.2 125.13 186.62 311.75 OK
r-devel-linux-x86_64-fedora-clang 2.0.2 497.44 NOTE
r-devel-linux-x86_64-fedora-gcc 2.0.2 472.18 OK
r-devel-windows-ix86+x86_64 2.0.2 450.00 326.00 776.00 OK
r-patched-linux-x86_64 2.0.2 126.16 224.43 350.59 OK
r-patched-solaris-x86 2.0.2 649.20 OK
r-release-linux-x86_64 2.0.2 155.85 224.93 380.78 OK
r-release-windows-ix86+x86_64 2.0.2 281.00 326.00 607.00 OK
r-release-osx-x86_64 2.0.2 WARN
r-oldrel-osx-x86_64 2.0.2 ERROR

Additional issues

valgrind

Check Details

Version: 2.0.2
Check: installed package size
Result: NOTE
     installed size is 6.2Mb
     sub-directories of 1Mb or more:
     extdata 1.8Mb
     libs 3.3Mb
Flavors: r-devel-linux-x86_64-fedora-clang, r-release-osx-x86_64

Version: 2.0.2
Check: whether package can be installed
Result: WARN
    Found the following significant warnings:
     Warning: 'rgl_init' failed, running with rgl.useNULL = TRUE
Flavor: r-release-osx-x86_64

Version: 2.0.2
Check: whether package can be installed
Result: ERROR
    Installation failed.
Flavor: r-oldrel-osx-x86_64