CRAN Package Check Results for Package optiSel

Last updated on 2018-09-22 14:46:33 CEST.

Flavor Version Tinstall Tcheck Ttotal Status Flags
r-devel-linux-x86_64-debian-clang 2.0.2 145.09 248.07 393.16 OK
r-devel-linux-x86_64-debian-gcc 2.0.2 121.91 200.07 321.98 OK
r-devel-linux-x86_64-fedora-clang 2.0.2 509.62 NOTE
r-devel-linux-x86_64-fedora-gcc 2.0.2 484.88 OK
r-devel-windows-ix86+x86_64 2.0.2 441.00 456.00 897.00 OK
r-patched-linux-x86_64 2.0.2 148.87 223.20 372.07 OK
r-patched-solaris-x86 2.0.2 620.10 OK
r-release-linux-x86_64 2.0.2 146.64 222.18 368.82 OK
r-release-windows-ix86+x86_64 2.0.2 307.00 423.00 730.00 OK
r-release-osx-x86_64 2.0.2 WARN
r-oldrel-osx-x86_64 2.0.2 ERROR

Additional issues

valgrind

Check Details

Version: 2.0.2
Check: installed package size
Result: NOTE
     installed size is 6.2Mb
     sub-directories of 1Mb or more:
     extdata 1.8Mb
     libs 3.3Mb
Flavors: r-devel-linux-x86_64-fedora-clang, r-release-osx-x86_64

Version: 2.0.2
Check: whether package can be installed
Result: WARN
    Found the following significant warnings:
     Warning: 'rgl_init' failed, running with rgl.useNULL = TRUE
Flavor: r-release-osx-x86_64

Version: 2.0.2
Check: whether package can be installed
Result: ERROR
    Installation failed.
Flavor: r-oldrel-osx-x86_64