CRAN Package Check Results for Package optiSel

Last updated on 2018-06-24 18:46:46 CEST.

Flavor Version Tinstall Tcheck Ttotal Status Flags
r-devel-linux-x86_64-debian-clang 2.0 132.32 251.60 383.92 OK
r-devel-linux-x86_64-debian-gcc 2.0 117.70 202.12 319.82 OK
r-devel-linux-x86_64-fedora-clang 2.0 508.97 NOTE
r-devel-linux-x86_64-fedora-gcc 2.0 484.87 OK
r-devel-windows-ix86+x86_64 2.0 323.00 421.00 744.00 OK
r-patched-linux-x86_64 2.0 151.63 230.86 382.49 NOTE
r-patched-solaris-x86 2.0 672.40 OK
r-release-linux-x86_64 2.0 142.13 228.93 371.06 NOTE
r-release-windows-ix86+x86_64 2.0 414.00 379.00 793.00 OK
r-release-osx-x86_64 2.0 WARN
r-oldrel-windows-ix86+x86_64 2.0 399.00 465.00 864.00 OK
r-oldrel-osx-x86_64 2.0 OK

Check Details

Version: 2.0
Check: installed package size
Result: NOTE
     installed size is 6.1Mb
     sub-directories of 1Mb or more:
     extdata 1.8Mb
     libs 3.2Mb
Flavor: r-devel-linux-x86_64-fedora-clang

Version: 2.0
Check: DESCRIPTION meta-information
Result: NOTE
    Dependence on R version ‘3.3.2’ not with patchlevel 0
Flavors: r-patched-linux-x86_64, r-release-linux-x86_64

Version: 2.0
Check: examples
Result: WARN
    Found the following significant warnings:
    
     Warning: 'cBind' is deprecated.
    Deprecated functions may be defunct as soon as of the next release of
    R.
    See ?Deprecated.
Flavor: r-release-osx-x86_64