CRAN Package Check Results for Package optiSel

Last updated on 2018-02-23 12:47:28 CET.

Flavor Version Tinstall Tcheck Ttotal Status Flags
r-devel-linux-x86_64-debian-clang 2.0 132.90 240.36 373.26 NOTE
r-devel-linux-x86_64-debian-gcc 2.0 116.27 188.36 304.63 NOTE
r-devel-linux-x86_64-fedora-clang 2.0 487.29 NOTE
r-devel-linux-x86_64-fedora-gcc 2.0 465.13 NOTE
r-devel-windows-ix86+x86_64 2.0 382.00 469.00 851.00 OK
r-patched-linux-x86_64 2.0 124.82 269.52 394.34 OK
r-patched-solaris-x86 2.0 692.60 OK
r-release-linux-x86_64 2.0 116.65 271.61 388.26 OK
r-release-windows-ix86+x86_64 2.0 401.00 512.00 913.00 OK
r-release-osx-x86_64 2.0 OK
r-oldrel-windows-ix86+x86_64 2.0 260.00 379.00 639.00 OK
r-oldrel-osx-x86_64 2.0 NOTE

Check Details

Version: 2.0
Check: DESCRIPTION meta-information
Result: NOTE
    Dependence on R version ‘3.3.2’ not with patchlevel 0
Flavors: r-devel-linux-x86_64-debian-clang, r-devel-linux-x86_64-debian-gcc, r-devel-linux-x86_64-fedora-clang, r-devel-linux-x86_64-fedora-gcc

Version: 2.0
Check: installed package size
Result: NOTE
     installed size is 6.1Mb
     sub-directories of 1Mb or more:
     extdata 1.8Mb
     libs 3.2Mb
Flavors: r-devel-linux-x86_64-fedora-clang, r-devel-linux-x86_64-fedora-gcc, r-oldrel-osx-x86_64