CRAN Package Check Results for Package opticut

Last updated on 2024-02-27 13:49:29 CET.

Flavor Version Tinstall Tcheck Ttotal Status Flags
r-devel-linux-x86_64-debian-clang 0.1-2 13.49 95.67 109.16 NOTE
r-devel-linux-x86_64-debian-gcc 0.1-2 7.45 72.41 79.86 NOTE
r-devel-linux-x86_64-fedora-clang 0.1-2 133.81 NOTE
r-devel-linux-x86_64-fedora-gcc 0.1-2 128.25 NOTE
r-devel-windows-x86_64 0.1-2 10.00 87.00 97.00 OK
r-patched-linux-x86_64 0.1-2 12.24 95.18 107.42 OK
r-release-linux-x86_64 0.1-2 12.39 92.75 105.14 OK
r-release-macos-arm64 0.1-2 40.00 OK
r-release-macos-x86_64 0.1-2 69.00 OK
r-release-windows-x86_64 0.1-2 14.00 104.00 118.00 OK
r-oldrel-macos-arm64 0.1-2 36.00 OK
r-oldrel-windows-x86_64 0.1-2 13.00 101.00 114.00 OK

Check Details

Version: 0.1-2
Check: Rd files
Result: NOTE checkRd: (-1) lorenz.Rd:82: Lost braces; missing escapes or markup? 82 | L_i = sum_{j=1}^{i} x_j * n_j / sum_{j=1}^{n} x_j * n_j. | ^ checkRd: (-1) lorenz.Rd:82: Lost braces; missing escapes or markup? 82 | L_i = sum_{j=1}^{i} x_j * n_j / sum_{j=1}^{n} x_j * n_j. | ^ checkRd: (-1) lorenz.Rd:82: Lost braces; missing escapes or markup? 82 | L_i = sum_{j=1}^{i} x_j * n_j / sum_{j=1}^{n} x_j * n_j. | ^ checkRd: (-1) lorenz.Rd:82: Lost braces; missing escapes or markup? 82 | L_i = sum_{j=1}^{i} x_j * n_j / sum_{j=1}^{n} x_j * n_j. | ^ checkRd: (-1) lorenz.Rd:83: Lost braces; missing escapes or markup? 83 | where x_i are indexed in non-decreasing order (x_i <= x_{i+1}). | ^ Flavors: r-devel-linux-x86_64-debian-clang, r-devel-linux-x86_64-debian-gcc, r-devel-linux-x86_64-fedora-clang, r-devel-linux-x86_64-fedora-gcc