CRAN Package Check Results for Package optim.functions

Last updated on 2024-07-13 13:48:29 CEST.

Flavor Version Tinstall Tcheck Ttotal Status Flags
r-devel-linux-x86_64-debian-clang 0.1 3.04 24.21 27.25 NOTE
r-devel-linux-x86_64-debian-gcc 0.1 2.37 18.95 21.32 NOTE
r-devel-linux-x86_64-fedora-clang 0.1 35.60 NOTE
r-devel-linux-x86_64-fedora-gcc 0.1 31.87 NOTE
r-devel-windows-x86_64 0.1 4.00 46.00 50.00 NOTE
r-patched-linux-x86_64 0.1 2.68 23.60 26.28 NOTE
r-release-linux-x86_64 0.1 2.70 23.47 26.17 NOTE
r-release-macos-arm64 0.1 18.00 NOTE
r-release-macos-x86_64 0.1 23.00 NOTE
r-release-windows-x86_64 0.1 4.00 47.00 51.00 NOTE
r-oldrel-macos-arm64 0.1 19.00 NOTE
r-oldrel-macos-x86_64 0.1 20.00 NOTE
r-oldrel-windows-x86_64 0.1 4.00 46.00 50.00 NOTE

Check Details

Version: 0.1
Check: LazyData
Result: NOTE 'LazyData' is specified without a 'data' directory Flavors: r-devel-linux-x86_64-debian-clang, r-devel-linux-x86_64-debian-gcc, r-devel-linux-x86_64-fedora-clang, r-devel-linux-x86_64-fedora-gcc, r-devel-windows-x86_64, r-patched-linux-x86_64, r-release-linux-x86_64, r-release-macos-arm64, r-release-macos-x86_64, r-release-windows-x86_64, r-oldrel-macos-arm64, r-oldrel-macos-x86_64, r-oldrel-windows-x86_64