CRAN Package Check Results for Package optimbase

Last updated on 2016-02-06 13:48:23.

Flavor Version Tinstall Tcheck Ttotal Status Flags
r-devel-linux-x86_64-debian-gcc 1.0-9 3.02 34.77 37.79 NOTE
r-devel-linux-x86_64-fedora-clang 1.0-9 76.04 NOTE
r-devel-linux-x86_64-fedora-gcc 1.0-9 71.20 NOTE
r-devel-osx-x86_64-clang 1.0-9 79.42 NOTE
r-devel-windows-ix86+x86_64 1.0-9 11.00 62.00 73.00 NOTE
r-patched-linux-x86_64 1.0-9 2.94 37.15 40.09 OK
r-patched-solaris-sparc 1.0-9 453.70 OK
r-patched-solaris-x86 1.0-9 106.30 OK
r-release-linux-x86_64 1.0-9 3.15 36.77 39.92 OK
r-release-osx-x86_64-mavericks 1.0-9 OK
r-release-windows-ix86+x86_64 1.0-9 11.00 62.00 73.00 OK
r-oldrel-windows-ix86+x86_64 1.0-9 13.00 77.00 90.00 OK

Check Details

Version: 1.0-9
Check: R code for possible problems
Result: NOTE
    print.optimbase: no visible global function definition for ‘str’
    Undefined global functions or variables:
     str
    Consider adding
     importFrom("utils", "str")
    to your NAMESPACE.
Flavors: r-devel-linux-x86_64-debian-gcc, r-devel-linux-x86_64-fedora-clang, r-devel-linux-x86_64-fedora-gcc, r-devel-windows-ix86+x86_64

Version: 1.0-9
Check: R code for possible problems
Result: NOTE
    print.optimbase: no visible global function definition for ‘str’
    Undefined global functions or variables:
     str
    Consider adding
     importFrom("utils", "str")
    to your NAMESPACE file.
Flavor: r-devel-osx-x86_64-clang