CRAN Package Check Results for Package optimbase

Last updated on 2016-05-29 11:48:03.

Flavor Version Tinstall Tcheck Ttotal Status Flags
r-devel-linux-x86_64-debian-gcc 1.0-9 2.95 36.44 39.39 NOTE
r-devel-linux-x86_64-fedora-clang 1.0-9 73.01 NOTE
r-devel-linux-x86_64-fedora-gcc 1.0-9 69.90 NOTE
r-devel-osx-x86_64-clang 1.0-9 79.22 NOTE
r-devel-windows-ix86+x86_64 1.0-9 7.00 72.00 79.00 NOTE
r-patched-linux-x86_64 1.0-9 2.67 35.64 38.31 NOTE
r-patched-solaris-sparc 1.0-9 436.30 NOTE
r-patched-solaris-x86 1.0-9 97.30 NOTE
r-release-linux-x86_64 1.0-9 2.74 35.88 38.63 NOTE
r-release-osx-x86_64-mavericks 1.0-9 NOTE
r-release-windows-ix86+x86_64 1.0-9 9.00 70.00 79.00 NOTE
r-oldrel-windows-ix86+x86_64 1.0-9 8.00 92.00 100.00 OK

Check Details

Version: 1.0-9
Check: R code for possible problems
Result: NOTE
    print.optimbase: no visible global function definition for ‘str’
    Undefined global functions or variables:
     str
    Consider adding
     importFrom("utils", "str")
    to your NAMESPACE file.
Flavors: r-devel-linux-x86_64-debian-gcc, r-devel-linux-x86_64-fedora-clang, r-devel-linux-x86_64-fedora-gcc, r-devel-osx-x86_64-clang, r-devel-windows-ix86+x86_64, r-patched-linux-x86_64, r-patched-solaris-sparc, r-patched-solaris-x86, r-release-linux-x86_64, r-release-osx-x86_64-mavericks, r-release-windows-ix86+x86_64