CRAN Package Check Results for Package optimbase

Last updated on 2016-09-27 14:48:44.

Flavor Version Tinstall Tcheck Ttotal Status Flags
r-devel-linux-x86_64-debian-clang 1.0-9 2.23 31.82 34.05 NOTE
r-devel-linux-x86_64-debian-gcc 1.0-9 2.34 31.98 34.32 NOTE
r-devel-linux-x86_64-fedora-clang 1.0-9 74.46 NOTE
r-devel-linux-x86_64-fedora-gcc 1.0-9 69.23 NOTE
r-devel-macos-x86_64-clang 1.0-9 55.85 NOTE
r-devel-windows-ix86+x86_64 1.0-9 10.00 83.00 93.00 NOTE
r-patched-linux-x86_64 1.0-9 2.39 31.97 34.36 NOTE
r-patched-solaris-sparc 1.0-9 430.60 NOTE
r-patched-solaris-x86 1.0-9 92.20 NOTE
r-release-linux-x86_64 1.0-9 2.49 32.62 35.11 NOTE
r-release-osx-x86_64-mavericks 1.0-9 NOTE
r-release-windows-ix86+x86_64 1.0-9 10.00 83.00 93.00 NOTE
r-oldrel-windows-ix86+x86_64 1.0-9 11.00 85.00 96.00 OK

Check Details

Version: 1.0-9
Check: R code for possible problems
Result: NOTE
    print.optimbase: no visible global function definition for ‘str’
    Undefined global functions or variables:
     str
    Consider adding
     importFrom("utils", "str")
    to your NAMESPACE file.
Flavors: r-devel-linux-x86_64-debian-clang, r-devel-linux-x86_64-debian-gcc, r-devel-linux-x86_64-fedora-clang, r-devel-linux-x86_64-fedora-gcc, r-devel-macos-x86_64-clang, r-devel-windows-ix86+x86_64, r-patched-linux-x86_64, r-patched-solaris-sparc, r-patched-solaris-x86, r-release-linux-x86_64, r-release-osx-x86_64-mavericks, r-release-windows-ix86+x86_64