CRAN Package Check Results for Package optimbase

Last updated on 2016-06-25 08:46:48.

Flavor Version Tinstall Tcheck Ttotal Status Flags
r-devel-linux-x86_64-debian-gcc 1.0-9 2.84 35.60 38.44 NOTE
r-devel-linux-x86_64-fedora-clang 1.0-9 74.32 NOTE
r-devel-linux-x86_64-fedora-gcc 1.0-9 70.57 NOTE
r-devel-osx-x86_64-clang 1.0-9 58.10 NOTE
r-devel-windows-ix86+x86_64 1.0-9 9.00 92.00 101.00 NOTE
r-patched-linux-x86_64 1.0-9 3.08 37.66 40.74 NOTE
r-patched-solaris-sparc 1.0-9 430.60 NOTE
r-patched-solaris-x86 1.0-9 95.60 NOTE
r-release-linux-x86_64 1.0-9 2.77 36.96 39.73 NOTE
r-release-osx-x86_64-mavericks 1.0-9 NOTE
r-release-windows-ix86+x86_64 1.0-9 12.00 68.00 80.00 NOTE
r-oldrel-windows-ix86+x86_64 1.0-9 12.00 91.00 103.00 OK

Check Details

Version: 1.0-9
Check: R code for possible problems
Result: NOTE
    print.optimbase: no visible global function definition for ‘str’
    Undefined global functions or variables:
     str
    Consider adding
     importFrom("utils", "str")
    to your NAMESPACE file.
Flavors: r-devel-linux-x86_64-debian-gcc, r-devel-linux-x86_64-fedora-clang, r-devel-linux-x86_64-fedora-gcc, r-devel-osx-x86_64-clang, r-devel-windows-ix86+x86_64, r-patched-linux-x86_64, r-patched-solaris-sparc, r-patched-solaris-x86, r-release-linux-x86_64, r-release-osx-x86_64-mavericks, r-release-windows-ix86+x86_64