CRAN Package Check Results for Package optimbase

Last updated on 2015-08-02 19:47:33.

Flavor Version Tinstall Tcheck Ttotal Status Flags
r-devel-linux-x86_64-debian-clang 1.0-9 2.93 37.25 40.18 NOTE
r-devel-linux-x86_64-debian-gcc 1.0-9 2.72 35.97 38.69 NOTE
r-devel-linux-x86_64-fedora-clang 1.0-9 80.93 NOTE
r-devel-linux-x86_64-fedora-gcc 1.0-9 76.03 NOTE
r-devel-osx-x86_64-clang 1.0-9 66.33 OK
r-devel-windows-ix86+x86_64 1.0-9 9.00 62.00 71.00 NOTE
r-patched-linux-x86_64 1.0-9 2.77 36.72 39.49 OK
r-patched-solaris-sparc 1.0-9 487.50 OK
r-patched-solaris-x86 1.0-9 112.20 OK
r-release-linux-x86_64 1.0-9 2.68 36.54 39.22 OK
r-release-osx-x86_64-mavericks 1.0-9 OK
r-release-windows-ix86+x86_64 1.0-9 10.00 63.00 73.00 OK
r-oldrel-windows-ix86+x86_64 1.0-9 14.00 72.00 86.00 OK

Check Details

Version: 1.0-9
Check: R code for possible problems
Result: NOTE
    print.optimbase: no visible global function definition for ‘str’
    Undefined global functions or variables:
     str
    Consider adding
     importFrom("utils", "str")
    to your NAMESPACE.
Flavors: r-devel-linux-x86_64-debian-clang, r-devel-linux-x86_64-debian-gcc, r-devel-linux-x86_64-fedora-clang, r-devel-linux-x86_64-fedora-gcc, r-devel-windows-ix86+x86_64