CRAN Package Check Results for Package optimbase

Last updated on 2017-01-19 06:48:52.

Flavor Version Tinstall Tcheck Ttotal Status Flags
r-devel-linux-x86_64-debian-clang 1.0-9 2.51 35.44 37.95 NOTE
r-devel-linux-x86_64-debian-gcc 1.0-9 2.68 34.20 36.88 NOTE
r-devel-linux-x86_64-fedora-clang 1.0-9 81.51 NOTE --no-stop-on-test-error
r-devel-linux-x86_64-fedora-gcc 1.0-9 80.16 NOTE --no-stop-on-test-error
r-devel-macos-x86_64-clang 1.0-9 64.46 NOTE --no-stop-on-test-error
r-devel-windows-ix86+x86_64 1.0-9 9.00 66.00 75.00 NOTE
r-patched-linux-x86_64 1.0-9 2.57 31.92 34.49 NOTE
r-patched-solaris-sparc 1.0-9 430.50 NOTE
r-patched-solaris-x86 1.0-9 95.40 NOTE
r-release-linux-x86_64 1.0-9 2.57 32.15 34.72 NOTE
r-release-osx-x86_64-mavericks 1.0-9 NOTE
r-release-windows-ix86+x86_64 1.0-9 7.00 86.00 93.00 NOTE
r-oldrel-windows-ix86+x86_64 1.0-9 7.00 84.00 91.00 OK

Check Details

Version: 1.0-9
Check: R code for possible problems
Result: NOTE
    print.optimbase: no visible global function definition for ‘str’
    Undefined global functions or variables:
     str
    Consider adding
     importFrom("utils", "str")
    to your NAMESPACE file.
Flavors: r-devel-linux-x86_64-debian-clang, r-devel-linux-x86_64-debian-gcc, r-devel-windows-ix86+x86_64, r-patched-linux-x86_64, r-patched-solaris-sparc, r-patched-solaris-x86, r-release-linux-x86_64, r-release-osx-x86_64-mavericks, r-release-windows-ix86+x86_64

Version: 1.0-9
Flags: --no-stop-on-test-error
Check: R code for possible problems
Result: NOTE
    print.optimbase: no visible global function definition for ‘str’
    Undefined global functions or variables:
     str
    Consider adding
     importFrom("utils", "str")
    to your NAMESPACE file.
Flavors: r-devel-linux-x86_64-fedora-clang, r-devel-linux-x86_64-fedora-gcc, r-devel-macos-x86_64-clang