CRAN Package Check Results for Package optimbase

Last updated on 2016-12-07 08:48:08.

Flavor Version Tinstall Tcheck Ttotal Status Flags
r-devel-linux-x86_64-debian-clang 1.0-9 2.72 35.04 37.76 NOTE
r-devel-linux-x86_64-debian-gcc 1.0-9 2.80 34.98 37.78 NOTE
r-devel-linux-x86_64-fedora-clang 1.0-9 84.79 NOTE --no-stop-on-test-error
r-devel-linux-x86_64-fedora-gcc 1.0-9 84.67 NOTE --no-stop-on-test-error
r-devel-macos-x86_64-clang 1.0-9 64.67 NOTE
r-devel-windows-ix86+x86_64 1.0-9 11.00 93.00 104.00 NOTE
r-patched-linux-x86_64 1.0-9 2.48 31.96 34.44 NOTE
r-patched-solaris-sparc 1.0-9 430.60 NOTE
r-patched-solaris-x86 1.0-9 95.80 NOTE
r-release-linux-x86_64 1.0-9 2.52 32.10 34.62 NOTE
r-release-osx-x86_64-mavericks 1.0-9 NOTE
r-release-windows-ix86+x86_64 1.0-9 8.00 91.00 99.00 NOTE
r-oldrel-windows-ix86+x86_64 1.0-9 10.00 66.00 76.00 OK

Check Details

Version: 1.0-9
Check: R code for possible problems
Result: NOTE
    print.optimbase: no visible global function definition for ‘str’
    Undefined global functions or variables:
     str
    Consider adding
     importFrom("utils", "str")
    to your NAMESPACE file.
Flavors: r-devel-linux-x86_64-debian-clang, r-devel-linux-x86_64-debian-gcc, r-devel-macos-x86_64-clang, r-devel-windows-ix86+x86_64, r-patched-linux-x86_64, r-patched-solaris-sparc, r-patched-solaris-x86, r-release-linux-x86_64, r-release-osx-x86_64-mavericks, r-release-windows-ix86+x86_64

Version: 1.0-9
Flags: --no-stop-on-test-error
Check: R code for possible problems
Result: NOTE
    print.optimbase: no visible global function definition for ‘str’
    Undefined global functions or variables:
     str
    Consider adding
     importFrom("utils", "str")
    to your NAMESPACE file.
Flavors: r-devel-linux-x86_64-fedora-clang, r-devel-linux-x86_64-fedora-gcc