CRAN Package Check Results for Package optimbase

Last updated on 2014-04-25 05:47:20.

Flavor Version Tinstall Tcheck Ttotal Status Flags
r-devel-linux-x86_64-debian-clang 1.0-9 3.72 42.82 46.54 OK
r-devel-linux-x86_64-debian-gcc 1.0-9 3.69 42.61 46.30 OK
r-devel-linux-x86_64-fedora-clang 1.0-9 114.21 OK
r-devel-linux-x86_64-fedora-gcc 1.0-9 110.70 OK
r-devel-osx-x86_64-clang 1.0-9 89.50 OK
r-devel-osx-x86_64-gcc 1.0-9 OK
r-devel-windows-ix86+x86_64 1.0-9 9.00 61.00 70.00 OK
r-patched-linux-x86_64 1.0-9 3.55 42.75 46.30 OK
r-patched-solaris-sparc 1.0-9 563.40 OK
r-patched-solaris-x86 1.0-9 139.40 OK
r-release-linux-ix86 1.0-9 6.00 71.00 77.00 OK
r-release-linux-x86_64 1.0-9 3.62 42.89 46.51 OK
r-release-osx-x86_64-mavericks 1.0-9 WARN
r-release-osx-x86_64-snowleopard 1.0-9 OK
r-release-windows-ix86+x86_64 1.0-9 9.00 60.00 69.00 OK
r-oldrel-windows-ix86+x86_64 1.0-9 9.00 58.00 67.00 OK

Check Details

Version: 1.0-9
Check: re-building of vignette outputs
Result: NOTE
    Error in re-building vignettes:
     ...
    Error in texi2dvi(file = file, pdf = TRUE, clean = clean, quiet = quiet, :
     Running 'texi2dvi' on 'optimbase_manual.tex' failed.
    LaTeX errors:
    ! LaTeX Error: File `ucs.sty' not found.
    
    Type X to quit or <RETURN> to proceed,
    or enter new name. (Default extension: sty)
    
    gn_test/optimbase/vignettes/optimbase_manual.tex:10: ==> Fatal error occurred,
     no output PDF file produced!
    Calls: buildVignettes -> texi2pdf -> texi2dvi
    Execution halted
Flavor: r-release-osx-x86_64-mavericks

Version: 1.0-9
Check: PDF version of manual
Result: WARNING
    LaTeX errors when creating PDF version.
    This typically indicates Rd problems.
    LaTeX errors found:
    ! LaTeX Error: File `upquote.sty' not found.
    
    Type X to quit or <RETURN> to proceed,
    or enter new name. (Default extension: sty)
    
    d35e7a4/Rd2.tex:8: ==> Fatal error occurred, no output PDF file produced!
Flavor: r-release-osx-x86_64-mavericks