CRAN Package Check Results for Package optimbase

Last updated on 2017-02-22 06:48:28.

Flavor Version Tinstall Tcheck Ttotal Status Flags
r-devel-linux-x86_64-debian-clang 1.0-9 2.55 35.71 38.26 NOTE
r-devel-linux-x86_64-debian-gcc 1.0-9 2.70 35.67 38.36 NOTE
r-devel-linux-x86_64-fedora-clang 1.0-9 85.08 NOTE --no-stop-on-test-error
r-devel-linux-x86_64-fedora-gcc 1.0-9 82.43 NOTE --no-stop-on-test-error
r-devel-macos-x86_64-clang 1.0-9 66.84 NOTE --no-stop-on-test-error
r-devel-windows-ix86+x86_64 1.0-9 11.00 132.00 143.00 NOTE
r-patched-linux-x86_64 1.0-9 2.53 32.28 34.80 NOTE
r-patched-solaris-sparc 1.0-9 430.50 NOTE
r-patched-solaris-x86 1.0-9 99.00 NOTE
r-release-linux-x86_64 1.0-9 2.40 32.93 35.33 NOTE
r-release-osx-x86_64-mavericks 1.0-9 NOTE
r-release-windows-ix86+x86_64 1.0-9 18.00 86.00 104.00 NOTE
r-oldrel-windows-ix86+x86_64 1.0-9 11.00 87.00 98.00 OK

Check Details

Version: 1.0-9
Check: R code for possible problems
Result: NOTE
    print.optimbase: no visible global function definition for ‘str’
    Undefined global functions or variables:
     str
    Consider adding
     importFrom("utils", "str")
    to your NAMESPACE file.
Flavors: r-devel-linux-x86_64-debian-clang, r-devel-linux-x86_64-debian-gcc, r-devel-windows-ix86+x86_64, r-patched-linux-x86_64, r-patched-solaris-sparc, r-patched-solaris-x86, r-release-linux-x86_64, r-release-osx-x86_64-mavericks, r-release-windows-ix86+x86_64

Version: 1.0-9
Flags: --no-stop-on-test-error
Check: R code for possible problems
Result: NOTE
    print.optimbase: no visible global function definition for ‘str’
    Undefined global functions or variables:
     str
    Consider adding
     importFrom("utils", "str")
    to your NAMESPACE file.
Flavors: r-devel-linux-x86_64-fedora-clang, r-devel-linux-x86_64-fedora-gcc, r-devel-macos-x86_64-clang