CRAN Package Check Results for Package optimbase

Last updated on 2014-11-24 05:47:37.

Flavor Version Tinstall Tcheck Ttotal Status Flags
r-devel-linux-x86_64-debian-clang 1.0-9 3.46 41.78 45.23 OK
r-devel-linux-x86_64-debian-gcc 1.0-9 3.32 41.26 44.57 OK
r-devel-linux-x86_64-fedora-clang 1.0-9 108.71 OK
r-devel-linux-x86_64-fedora-gcc 1.0-9 102.94 OK
r-devel-osx-x86_64-clang 1.0-9 89.13 OK
r-devel-windows-ix86+x86_64 1.0-9 9.00 58.00 67.00 OK
r-patched-linux-x86_64 1.0-9 3.46 43.86 47.32 OK
r-patched-solaris-sparc 1.0-9 596.70 OK
r-patched-solaris-x86 1.0-9 136.10 OK
r-release-linux-ix86 1.0-9 4.12 50.86 54.98 OK
r-release-linux-x86_64 1.0-9 3.51 43.34 46.85 OK
r-release-osx-x86_64-mavericks 1.0-9 NOTE
r-release-osx-x86_64-snowleopard 1.0-9 OK
r-release-windows-ix86+x86_64 1.0-9 10.00 60.00 70.00 OK
r-oldrel-windows-ix86+x86_64 1.0-9 8.00 56.00 64.00 OK

Check Details

Version: 1.0-9
Check: re-building of vignette outputs
Result: NOTE
    Error in re-building vignettes:
     ...
    Error in texi2dvi(file = file, pdf = TRUE, clean = clean, quiet = quiet, :
     Running 'texi2dvi' on 'optimbase_manual.tex' failed.
    LaTeX errors:
    ! LaTeX Error: File `ucs.sty' not found.
    
    Type X to quit or <RETURN> to proceed,
    or enter new name. (Default extension: sty)
    
    gn_test/optimbase/vignettes/optimbase_manual.tex:10: ==> Fatal error occurred,
     no output PDF file produced!
    Calls: buildVignettes -> texi2pdf -> texi2dvi
    Execution halted
Flavor: r-release-osx-x86_64-mavericks