CRAN Package Check Results for Package optimbase

Last updated on 2017-04-28 23:52:32.

Flavor Version Tinstall Tcheck Ttotal Status Flags
r-devel-linux-x86_64-debian-clang 1.0-9 2.68 36.38 39.07 NOTE
r-devel-linux-x86_64-debian-gcc 1.0-9 2.72 36.01 38.73 NOTE
r-devel-linux-x86_64-fedora-clang 1.0-9 88.99 NOTE --no-stop-on-test-error
r-devel-linux-x86_64-fedora-gcc 1.0-9 83.92 NOTE --no-stop-on-test-error
r-devel-windows-ix86+x86_64 1.0-9 8.00 95.00 103.00 NOTE
r-patched-linux-x86_64 1.0-9 2.90 35.98 38.89 NOTE
r-patched-solaris-sparc 1.0-9 479.00 NOTE
r-patched-solaris-x86 1.0-9 115.20 NOTE
r-release-linux-x86_64 1.0-9 2.95 36.01 38.97 NOTE
r-release-windows-ix86+x86_64 1.0-9 12.00 92.00 104.00 NOTE
r-release-osx-x86_64 1.0-9 NOTE
r-oldrel-windows-ix86+x86_64 1.0-9 12.00 64.00 76.00 NOTE
r-oldrel-osx-x86_64 1.0-9 NOTE

Check Details

Version: 1.0-9
Check: R code for possible problems
Result: NOTE
    print.optimbase: no visible global function definition for ‘str’
    Undefined global functions or variables:
     str
    Consider adding
     importFrom("utils", "str")
    to your NAMESPACE file.
Flavors: r-devel-linux-x86_64-debian-clang, r-devel-linux-x86_64-debian-gcc, r-devel-windows-ix86+x86_64, r-patched-linux-x86_64, r-patched-solaris-sparc, r-patched-solaris-x86, r-release-linux-x86_64, r-release-windows-ix86+x86_64, r-release-osx-x86_64, r-oldrel-windows-ix86+x86_64, r-oldrel-osx-x86_64

Version: 1.0-9
Flags: --no-stop-on-test-error
Check: R code for possible problems
Result: NOTE
    print.optimbase: no visible global function definition for ‘str’
    Undefined global functions or variables:
     str
    Consider adding
     importFrom("utils", "str")
    to your NAMESPACE file.
Flavors: r-devel-linux-x86_64-fedora-clang, r-devel-linux-x86_64-fedora-gcc

Version: 1.0-9
Check: re-building of vignette outputs
Result: NOTE
    Error in re-building vignettes:
     ...
    Error in texi2dvi(file = file, pdf = TRUE, clean = clean, quiet = quiet, :
     Running 'texi2dvi' on 'optimbase_manual.tex' failed.
    LaTeX errors:
    ! LaTeX Error: File `ucs.sty' not found.
    
    Type X to quit or <RETURN> to proceed,
    or enter new name. (Default extension: sty)
    
    ! Emergency stop.
    <read *>
    
    l.10 \usepackage
     [latin1]{inputenc}^^M
    ! ==> Fatal error occurred, no output PDF file produced!
    Calls: buildVignettes -> texi2pdf -> texi2dvi
    Execution halted
Flavor: r-release-osx-x86_64