CRAN Package Check Results for Package optimbase

Last updated on 2014-07-23 19:49:19.

Flavor Version Tinstall Tcheck Ttotal Status Flags
r-devel-linux-x86_64-debian-clang 1.0-9 3.72 41.18 44.90 OK
r-devel-linux-x86_64-debian-gcc 1.0-9 3.56 40.63 44.18 OK
r-devel-linux-x86_64-fedora-clang 1.0-9 113.17 OK
r-devel-linux-x86_64-fedora-gcc 1.0-9 108.07 OK
r-devel-osx-x86_64-clang 1.0-9 87.85 OK
r-devel-windows-ix86+x86_64 1.0-9 10.00 60.00 70.00 OK
r-patched-linux-x86_64 1.0-9 3.66 40.79 44.45 OK
r-patched-solaris-sparc 1.0-9 563.40 OK
r-patched-solaris-x86 1.0-9 141.00 OK
r-release-linux-ix86 1.0-9 4.33 56.82 61.15 OK
r-release-linux-x86_64 1.0-9 4.45 40.80 45.25 OK
r-release-osx-x86_64-mavericks 1.0-9 NOTE
r-release-osx-x86_64-snowleopard 1.0-9 OK
r-release-windows-ix86+x86_64 1.0-9 9.00 60.00 69.00 OK
r-oldrel-windows-ix86+x86_64 1.0-9 10.00 60.00 70.00 OK

Check Details

Version: 1.0-9
Check: re-building of vignette outputs
Result: NOTE
    Error in re-building vignettes:
     ...
    Error in texi2dvi(file = file, pdf = TRUE, clean = clean, quiet = quiet, :
     Running 'texi2dvi' on 'optimbase_manual.tex' failed.
    LaTeX errors:
    ! LaTeX Error: File `ucs.sty' not found.
    
    Type X to quit or <RETURN> to proceed,
    or enter new name. (Default extension: sty)
    
    gn_test/optimbase/vignettes/optimbase_manual.tex:10: ==> Fatal error occurred,
     no output PDF file produced!
    Calls: buildVignettes -> texi2pdf -> texi2dvi
    Execution halted
Flavor: r-release-osx-x86_64-mavericks