CRAN Package Check Results for Package optimbase

Last updated on 2017-12-11 20:47:02 CET.

Flavor Version Tinstall Tcheck Ttotal Status Flags
r-devel-linux-x86_64-debian-clang 1.0-9 3.37 45.50 48.87 NOTE
r-devel-linux-x86_64-debian-gcc 1.0-9 2.59 41.80 44.39 NOTE
r-devel-linux-x86_64-fedora-clang 1.0-9 73.57 NOTE
r-devel-linux-x86_64-fedora-gcc 1.0-9 72.57 NOTE
r-devel-windows-ix86+x86_64 1.0-9 11.00 66.00 77.00 NOTE
r-patched-linux-x86_64 1.0-9 3.39 56.40 59.79 NOTE
r-patched-solaris-x86 1.0-9 111.60 NOTE
r-release-linux-x86_64 1.0-9 3.41 56.67 60.08 NOTE
r-release-windows-ix86+x86_64 1.0-9 8.00 90.00 98.00 NOTE
r-release-osx-x86_64 1.0-9 NOTE
r-oldrel-windows-ix86+x86_64 1.0-9 9.00 82.00 91.00 NOTE
r-oldrel-osx-x86_64 1.0-9 NOTE

Check Details

Version: 1.0-9
Check: R code for possible problems
Result: NOTE
    print.optimbase: no visible global function definition for ‘str’
    Undefined global functions or variables:
     str
    Consider adding
     importFrom("utils", "str")
    to your NAMESPACE file.
Flavors: r-devel-linux-x86_64-debian-clang, r-devel-linux-x86_64-debian-gcc, r-devel-linux-x86_64-fedora-clang, r-devel-linux-x86_64-fedora-gcc, r-devel-windows-ix86+x86_64, r-patched-linux-x86_64, r-patched-solaris-x86, r-release-linux-x86_64, r-release-windows-ix86+x86_64, r-release-osx-x86_64, r-oldrel-windows-ix86+x86_64, r-oldrel-osx-x86_64

Version: 1.0-9
Check: re-building of vignette outputs
Result: NOTE
    Error in re-building vignettes:
     ...
    Error in texi2dvi(file = file, pdf = TRUE, clean = clean, quiet = quiet, :
     Running 'texi2dvi' on 'optimbase_manual.tex' failed.
    LaTeX errors:
    ! LaTeX Error: File `ucs.sty' not found.
    
    Type X to quit or <RETURN> to proceed,
    or enter new name. (Default extension: sty)
    
    ! Emergency stop.
    <read *>
    
    l.10 \usepackage
     [latin1]{inputenc}^^M
    ! ==> Fatal error occurred, no output PDF file produced!
    Calls: buildVignettes -> texi2pdf -> texi2dvi
    Execution halted
Flavor: r-release-osx-x86_64