CRAN Package Check Results for Package optimbase

Last updated on 2014-09-30 10:46:48.

Flavor Version Tinstall Tcheck Ttotal Status Flags
r-devel-linux-x86_64-debian-clang 1.0-9 3.53 41.02 44.55 OK
r-devel-linux-x86_64-debian-gcc 1.0-9 3.35 41.11 44.46 OK
r-devel-linux-x86_64-fedora-clang 1.0-9 111.11 OK
r-devel-linux-x86_64-fedora-gcc 1.0-9 105.63 OK
r-devel-osx-x86_64-clang 1.0-9 82.85 OK
r-devel-windows-ix86+x86_64 1.0-9 10.00 66.00 76.00 OK
r-patched-linux-x86_64 1.0-9 3.68 43.19 46.86 OK
r-patched-solaris-sparc 1.0-9 596.70 OK
r-patched-solaris-x86 1.0-9 141.50 OK
r-release-linux-ix86 1.0-9 4.38 52.97 57.35 OK
r-release-linux-x86_64 1.0-9 3.69 43.01 46.70 OK
r-release-osx-x86_64-mavericks 1.0-9 NOTE
r-release-osx-x86_64-snowleopard 1.0-9 OK
r-release-windows-ix86+x86_64 1.0-9 9.00 62.00 71.00 OK
r-oldrel-windows-ix86+x86_64 1.0-9 9.00 59.00 68.00 OK

Check Details

Version: 1.0-9
Check: re-building of vignette outputs
Result: NOTE
    Error in re-building vignettes:
     ...
    Error in texi2dvi(file = file, pdf = TRUE, clean = clean, quiet = quiet, :
     Running 'texi2dvi' on 'optimbase_manual.tex' failed.
    LaTeX errors:
    ! LaTeX Error: File `ucs.sty' not found.
    
    Type X to quit or <RETURN> to proceed,
    or enter new name. (Default extension: sty)
    
    gn_test/optimbase/vignettes/optimbase_manual.tex:10: ==> Fatal error occurred,
     no output PDF file produced!
    Calls: buildVignettes -> texi2pdf -> texi2dvi
    Execution halted
Flavor: r-release-osx-x86_64-mavericks