CRAN Package Check Results for Package optimbase

Last updated on 2015-06-30 15:47:16.

Flavor Version Tinstall Tcheck Ttotal Status Flags
r-devel-linux-x86_64-debian-clang 1.0-9 2.77 36.87 39.64 NOTE
r-devel-linux-x86_64-debian-gcc 1.0-9 2.86 35.38 38.24 NOTE
r-devel-linux-x86_64-fedora-clang 1.0-9 81.23 NOTE
r-devel-linux-x86_64-fedora-gcc 1.0-9 76.40 OK
r-devel-osx-x86_64-clang 1.0-9 72.43 OK
r-devel-windows-ix86+x86_64 1.0-9 13.00 83.00 96.00 NOTE
r-patched-linux-x86_64 1.0-9 2.82 36.30 39.12 OK
r-patched-solaris-sparc 1.0-9 497.60 OK
r-patched-solaris-x86 1.0-9 110.30 OK
r-release-linux-x86_64 1.0-9 2.78 36.42 39.20 OK
r-release-osx-x86_64-mavericks 1.0-9 OK
r-release-windows-ix86+x86_64 1.0-9 11.00 82.00 93.00 OK
r-oldrel-windows-ix86+x86_64 1.0-9 10.00 91.00 101.00 OK

Check Details

Version: 1.0-9
Check: R code for possible problems
Result: NOTE
    print.optimbase: no visible global function definition for ‘str’
Flavors: r-devel-linux-x86_64-debian-clang, r-devel-linux-x86_64-debian-gcc, r-devel-linux-x86_64-fedora-clang, r-devel-windows-ix86+x86_64