CRAN Package Check Results for Package optimsimplex

Last updated on 2018-01-18 10:48:32 CET.

Flavor Version Tinstall Tcheck Ttotal Status Flags
r-devel-linux-x86_64-debian-clang 1.0-6 3.10 48.85 51.95 WARN
r-devel-linux-x86_64-debian-gcc 1.0-6 2.65 42.75 45.40 WARN
r-devel-linux-x86_64-fedora-clang 1.0-6 77.39 WARN
r-devel-linux-x86_64-fedora-gcc 1.0-6 73.96 WARN
r-devel-windows-ix86+x86_64 1.0-6 10.00 93.00 103.00 WARN
r-patched-linux-x86_64 1.0-6 3.58 57.49 61.07 OK
r-patched-solaris-x86 1.0-6 127.00 OK
r-release-linux-x86_64 1.0-6 3.24 57.49 60.73 OK
r-release-windows-ix86+x86_64 1.0-6 7.00 96.00 103.00 OK
r-release-osx-x86_64 1.0-6 OK
r-oldrel-windows-ix86+x86_64 1.0-6 8.00 86.00 94.00 OK
r-oldrel-osx-x86_64 1.0-6 OK

Check Details

Version: 1.0-6
Check: use of S3 registration
Result: WARN
    Registered S3 method from a standard package overwritten by 'optimsimplex':
     method from
     print.simplex boot
Flavors: r-devel-linux-x86_64-debian-clang, r-devel-linux-x86_64-debian-gcc, r-devel-linux-x86_64-fedora-clang, r-devel-linux-x86_64-fedora-gcc, r-devel-windows-ix86+x86_64