CRAN Package Check Results for Package optimus

Last updated on 2020-01-26 19:49:32 CET.

Flavor Version Tinstall Tcheck Ttotal Status Flags
r-devel-linux-x86_64-debian-clang 0.2.0 2.28 206.11 208.39 OK
r-devel-linux-x86_64-debian-gcc 0.2.0 1.99 149.65 151.64 OK
r-devel-linux-x86_64-fedora-clang 0.2.0 249.36 NOTE
r-devel-linux-x86_64-fedora-gcc 0.2.0 248.62 NOTE
r-devel-windows-ix86+x86_64 0.2.0 8.00 284.00 292.00 OK
r-devel-windows-ix86+x86_64-gcc8 0.2.0 9.00 234.00 243.00 OK
r-patched-linux-x86_64 0.2.0 2.22 190.78 193.00 OK
r-patched-solaris-x86 0.2.0 374.00 NOTE
r-release-linux-x86_64 0.2.0 2.42 185.97 188.39 OK
r-release-windows-ix86+x86_64 0.2.0 4.00 192.00 196.00 OK
r-release-osx-x86_64 0.2.0 NOTE
r-oldrel-windows-ix86+x86_64 0.2.0 3.00 196.00 199.00 OK
r-oldrel-osx-x86_64 0.2.0 NOTE

Check Details

Version: 0.2.0
Check: dependencies in R code
Result: NOTE
    Namespace in Imports field not imported from: ‘methods’
     All declared Imports should be used.
Flavors: r-devel-linux-x86_64-fedora-clang, r-devel-linux-x86_64-fedora-gcc, r-patched-solaris-x86, r-release-osx-x86_64, r-oldrel-osx-x86_64