CRAN Package Check Results for Package optimx

Last updated on 2014-07-25 12:47:36.

Flavor Version Tinstall Tcheck Ttotal Status Flags
r-devel-linux-x86_64-debian-clang 2013.8.6 0.66 13.63 14.29 NOTE
r-devel-linux-x86_64-debian-gcc 2013.8.6 0.61 13.47 14.08 NOTE
r-devel-linux-x86_64-fedora-clang 2013.8.6 31.98 NOTE
r-devel-linux-x86_64-fedora-gcc 2013.8.6 28.35 NOTE
r-devel-osx-x86_64-clang 2013.8.6 28.87 NOTE
r-devel-windows-ix86+x86_64 2013.8.6 2.00 23.00 25.00 NOTE
r-patched-linux-x86_64 2013.8.6 0.61 13.54 14.15 NOTE
r-patched-solaris-sparc 2013.8.6 156.80 NOTE
r-patched-solaris-x86 2013.8.6 38.80 NOTE
r-release-linux-ix86 2013.8.6 0.95 21.43 22.38 NOTE
r-release-linux-x86_64 2013.8.6 0.73 13.92 14.64 NOTE
r-release-osx-x86_64-mavericks 2013.8.6 NOTE
r-release-osx-x86_64-snowleopard 2013.8.6 NOTE
r-release-windows-ix86+x86_64 2013.8.6 3.00 22.00 25.00 NOTE
r-oldrel-windows-ix86+x86_64 2013.8.6 2.00 25.00 27.00 NOTE

Check Details

Version: 2013.8.6
Check: dependencies in R code
Result: NOTE
    'library' or 'require' call to ‘numDeriv’ which was already attached by Depends.
     Please remove these calls from your code.
    Package in Depends field not imported from: ‘numDeriv’
     These packages need to be imported from (in the NAMESPACE file)
     for when this namespace is loaded but not attached.
    See the information on DESCRIPTION files in the chapter ‘Creating R
    packages’ of the ‘Writing R Extensions’ manual.
Flavors: r-devel-linux-x86_64-debian-clang, r-devel-linux-x86_64-debian-gcc, r-devel-linux-x86_64-fedora-clang, r-devel-linux-x86_64-fedora-gcc, r-devel-osx-x86_64-clang, r-devel-windows-ix86+x86_64, r-patched-linux-x86_64, r-patched-solaris-sparc, r-patched-solaris-x86, r-release-linux-ix86, r-release-linux-x86_64, r-release-osx-x86_64-mavericks, r-release-osx-x86_64-snowleopard, r-release-windows-ix86+x86_64, r-oldrel-windows-ix86+x86_64