CRAN Package Check Results for Package optimx

Last updated on 2017-02-24 23:52:41.

Flavor Version Tinstall Tcheck Ttotal Status Flags
r-devel-linux-x86_64-debian-clang 2013.8.7 0.98 19.29 20.26 NOTE
r-devel-linux-x86_64-debian-gcc 2013.8.7 0.96 19.13 20.09 NOTE
r-devel-linux-x86_64-fedora-clang 2013.8.7 38.21 NOTE --no-stop-on-test-error
r-devel-linux-x86_64-fedora-gcc 2013.8.7 33.45 NOTE --no-stop-on-test-error
r-devel-macos-x86_64-clang 2013.8.7 30.52 NOTE --no-stop-on-test-error
r-devel-windows-ix86+x86_64 2013.8.7 11.00 42.00 53.00 NOTE
r-patched-linux-x86_64 2013.8.7 0.90 16.15 17.05 NOTE
r-patched-solaris-sparc 2013.8.7 182.40 NOTE
r-patched-solaris-x86 2013.8.7 40.80 NOTE
r-release-linux-x86_64 2013.8.7 0.96 16.45 17.41 NOTE
r-release-osx-x86_64-mavericks 2013.8.7 NOTE
r-release-windows-ix86+x86_64 2013.8.7 5.00 47.00 52.00 NOTE
r-oldrel-windows-ix86+x86_64 2013.8.7 9.00 48.00 57.00 OK

Check Details

Version: 2013.8.7
Check: R code for possible problems
Result: NOTE
    optimx.run: no visible global function definition for ‘optim’
    optimx.run: no visible global function definition for ‘nlminb’
    optimx.run: no visible global function definition for ‘nlm’
    Undefined global functions or variables:
     nlm nlminb optim
    Consider adding
     importFrom("stats", "nlm", "nlminb", "optim")
    to your NAMESPACE file.
Flavors: r-devel-linux-x86_64-debian-clang, r-devel-linux-x86_64-debian-gcc, r-devel-windows-ix86+x86_64, r-patched-linux-x86_64, r-patched-solaris-sparc, r-patched-solaris-x86, r-release-linux-x86_64, r-release-osx-x86_64-mavericks, r-release-windows-ix86+x86_64

Version: 2013.8.7
Flags: --no-stop-on-test-error
Check: R code for possible problems
Result: NOTE
    optimx.run: no visible global function definition for ‘optim’
    optimx.run: no visible global function definition for ‘nlminb’
    optimx.run: no visible global function definition for ‘nlm’
    Undefined global functions or variables:
     nlm nlminb optim
    Consider adding
     importFrom("stats", "nlm", "nlminb", "optim")
    to your NAMESPACE file.
Flavors: r-devel-linux-x86_64-fedora-clang, r-devel-linux-x86_64-fedora-gcc, r-devel-macos-x86_64-clang