CRAN Package Check Results for Package optimx

Last updated on 2017-05-24 07:49:57.

Flavor Version Tinstall Tcheck Ttotal Status Flags
r-devel-linux-x86_64-debian-clang 2013.8.7 1.06 19.50 20.56 NOTE
r-devel-linux-x86_64-debian-gcc 2013.8.7 1.20 19.00 20.20 NOTE
r-devel-linux-x86_64-fedora-clang 2013.8.7 35.52 NOTE --no-stop-on-test-error
r-devel-linux-x86_64-fedora-gcc 2013.8.7 33.46 NOTE --no-stop-on-test-error
r-devel-windows-ix86+x86_64 2013.8.7 4.00 40.00 44.00 NOTE
r-patched-linux-x86_64 2013.8.7 1.01 19.38 20.39 NOTE
r-patched-solaris-sparc 2013.8.7 211.40 NOTE
r-patched-solaris-x86 2013.8.7 48.30 NOTE
r-release-linux-x86_64 2013.8.7 0.95 19.33 20.28 NOTE
r-release-windows-ix86+x86_64 2013.8.7 4.00 53.00 57.00 NOTE
r-release-osx-x86_64 2013.8.7 NOTE
r-oldrel-windows-ix86+x86_64 2013.8.7 6.00 63.00 69.00 NOTE
r-oldrel-osx-x86_64 2013.8.7 NOTE

Check Details

Version: 2013.8.7
Check: R code for possible problems
Result: NOTE
    optimx.run: no visible global function definition for ‘optim’
    optimx.run: no visible global function definition for ‘nlminb’
    optimx.run: no visible global function definition for ‘nlm’
    Undefined global functions or variables:
     nlm nlminb optim
    Consider adding
     importFrom("stats", "nlm", "nlminb", "optim")
    to your NAMESPACE file.
Flavors: r-devel-linux-x86_64-debian-clang, r-devel-linux-x86_64-debian-gcc, r-devel-windows-ix86+x86_64, r-patched-linux-x86_64, r-patched-solaris-sparc, r-patched-solaris-x86, r-release-linux-x86_64, r-release-windows-ix86+x86_64, r-release-osx-x86_64, r-oldrel-windows-ix86+x86_64, r-oldrel-osx-x86_64

Version: 2013.8.7
Flags: --no-stop-on-test-error
Check: R code for possible problems
Result: NOTE
    optimx.run: no visible global function definition for ‘optim’
    optimx.run: no visible global function definition for ‘nlminb’
    optimx.run: no visible global function definition for ‘nlm’
    Undefined global functions or variables:
     nlm nlminb optim
    Consider adding
     importFrom("stats", "nlm", "nlminb", "optim")
    to your NAMESPACE file.
Flavors: r-devel-linux-x86_64-fedora-clang, r-devel-linux-x86_64-fedora-gcc