CRAN Package Check Results for Package optimx

Last updated on 2017-06-29 17:50:16.

Flavor Version Tinstall Tcheck Ttotal Status Flags
r-devel-linux-x86_64-debian-clang 2013.8.7 1.00 19.55 20.55 NOTE
r-devel-linux-x86_64-debian-gcc 2013.8.7 1.03 22.25 23.28 NOTE
r-devel-linux-x86_64-fedora-clang 2013.8.7 35.02 NOTE
r-devel-linux-x86_64-fedora-gcc 2013.8.7 33.17 NOTE
r-devel-windows-ix86+x86_64 2013.8.7 6.00 43.00 49.00 NOTE
r-patched-linux-x86_64 2013.8.7 1.10 19.40 20.50 NOTE
r-patched-solaris-sparc 2013.8.7 211.40 NOTE
r-patched-solaris-x86 2013.8.7 48.90 NOTE
r-release-linux-x86_64 2013.8.7 1.04 19.09 20.13 NOTE
r-release-windows-ix86+x86_64 2013.8.7 5.00 52.00 57.00 NOTE
r-release-osx-x86_64 2013.8.7 NOTE
r-oldrel-windows-ix86+x86_64 2013.8.7 5.00 45.00 50.00 NOTE
r-oldrel-osx-x86_64 2013.8.7 NOTE

Check Details

Version: 2013.8.7
Check: R code for possible problems
Result: NOTE
    optimx.run: no visible global function definition for ‘optim’
    optimx.run: no visible global function definition for ‘nlminb’
    optimx.run: no visible global function definition for ‘nlm’
    Undefined global functions or variables:
     nlm nlminb optim
    Consider adding
     importFrom("stats", "nlm", "nlminb", "optim")
    to your NAMESPACE file.
Flavors: r-devel-linux-x86_64-debian-clang, r-devel-linux-x86_64-debian-gcc, r-devel-linux-x86_64-fedora-clang, r-devel-linux-x86_64-fedora-gcc, r-devel-windows-ix86+x86_64, r-patched-linux-x86_64, r-patched-solaris-sparc, r-patched-solaris-x86, r-release-linux-x86_64, r-release-windows-ix86+x86_64, r-release-osx-x86_64, r-oldrel-windows-ix86+x86_64, r-oldrel-osx-x86_64