CRAN Package Check Results for Package optimx

Last updated on 2015-08-29 20:48:09.

Flavor Version Tinstall Tcheck Ttotal Status Flags
r-devel-linux-x86_64-debian-clang 2013.8.7 0.79 15.46 16.25 NOTE
r-devel-linux-x86_64-debian-gcc 2013.8.7 0.79 15.80 16.59 NOTE
r-devel-linux-x86_64-fedora-clang 2013.8.7 32.26 NOTE
r-devel-linux-x86_64-fedora-gcc 2013.8.7 30.28 NOTE
r-devel-osx-x86_64-clang 2013.8.7 28.75 OK
r-devel-windows-ix86+x86_64 2013.8.7 6.00 29.00 35.00 NOTE
r-patched-linux-x86_64 2013.8.7 0.91 16.11 17.02 OK
r-patched-solaris-sparc 2013.8.7 212.60 OK
r-patched-solaris-x86 2013.8.7 49.70 OK
r-release-linux-x86_64 2013.8.7 1.17 16.08 17.24 OK
r-release-osx-x86_64-mavericks 2013.8.7 OK
r-release-windows-ix86+x86_64 2013.8.7 5.00 28.00 33.00 OK
r-oldrel-windows-ix86+x86_64 2013.8.7 9.00 52.00 61.00 OK

Check Details

Version: 2013.8.7
Check: R code for possible problems
Result: NOTE
    optimx.run: no visible global function definition for ‘optim’
    optimx.run: no visible global function definition for ‘nlminb’
    optimx.run: no visible global function definition for ‘nlm’
    Undefined global functions or variables:
     nlm nlminb optim
    Consider adding
     importFrom("stats", "nlm", "nlminb", "optim")
    to your NAMESPACE.
Flavors: r-devel-linux-x86_64-debian-clang, r-devel-linux-x86_64-debian-gcc, r-devel-linux-x86_64-fedora-clang, r-devel-linux-x86_64-fedora-gcc, r-devel-windows-ix86+x86_64