CRAN Package Check Results for Package optimx

Last updated on 2014-10-23 05:46:47.

Flavor Version Tinstall Tcheck Ttotal Status Flags
r-devel-linux-x86_64-debian-clang 2013.8.6 0.64 14.17 14.81 NOTE
r-devel-linux-x86_64-debian-gcc 2013.8.6 0.62 13.57 14.18 NOTE
r-devel-linux-x86_64-fedora-clang 2013.8.6 29.09 NOTE
r-devel-linux-x86_64-fedora-gcc 2013.8.6 27.36 NOTE
r-devel-osx-x86_64-clang 2013.8.6 30.83 NOTE
r-devel-windows-ix86+x86_64 2013.8.6 3.00 20.00 23.00 NOTE
r-patched-linux-x86_64 2013.8.6 0.65 14.12 14.77 NOTE
r-patched-solaris-sparc 2013.8.6 158.40 NOTE
r-patched-solaris-x86 2013.8.6 40.00 NOTE
r-release-linux-ix86 2013.8.6 0.95 20.76 21.70 NOTE
r-release-linux-x86_64 2013.8.6 0.64 14.53 15.17 NOTE
r-release-osx-x86_64-mavericks 2013.8.6 NOTE
r-release-osx-x86_64-snowleopard 2013.8.6 NOTE
r-release-windows-ix86+x86_64 2013.8.6 3.00 22.00 25.00 NOTE
r-oldrel-windows-ix86+x86_64 2013.8.6 3.00 23.00 26.00 NOTE

Check Details

Version: 2013.8.6
Check: dependencies in R code
Result: NOTE
    'library' or 'require' call to ‘numDeriv’ which was already attached by Depends.
     Please remove these calls from your code.
    Package in Depends field not imported from: ‘numDeriv’
     These packages need to be imported from (in the NAMESPACE file)
     for when this namespace is loaded but not attached.
    See the information on DESCRIPTION files in the chapter ‘Creating R
    packages’ of the ‘Writing R Extensions’ manual.
Flavors: r-devel-linux-x86_64-debian-clang, r-devel-linux-x86_64-debian-gcc, r-devel-linux-x86_64-fedora-clang, r-devel-linux-x86_64-fedora-gcc, r-devel-osx-x86_64-clang, r-devel-windows-ix86+x86_64, r-patched-linux-x86_64, r-patched-solaris-sparc, r-patched-solaris-x86, r-release-linux-ix86, r-release-linux-x86_64, r-release-osx-x86_64-mavericks, r-release-osx-x86_64-snowleopard, r-release-windows-ix86+x86_64, r-oldrel-windows-ix86+x86_64

Version: 2013.8.6
Check: R code for possible problems
Result: NOTE
    optimx.check: no visible global function definition for ‘grad’
    optimx.run: no visible global function definition for ‘spg’
    optimx.run: no visible global function definition for ‘ucminf’
    optimx.run: no visible global function definition for ‘Rcgminb’
    optimx.run: no visible global function definition for ‘Rcgminu’
    optimx.run: no visible global function definition for ‘Rvmminb’
    optimx.run: no visible global function definition for ‘Rvmminu’
    optimx.run: no visible global function definition for ‘bobyqa’
    optimx.run: no visible global function definition for ‘uobyqa’
    optimx.run: no visible global function definition for ‘newuoa’
    optimx.run: no visible global function definition for ‘nmkb’
    optimx.run: no visible global function definition for ‘nmk’
    optimx.run: no visible global function definition for ‘hjkb’
    optimx.run: no visible global function definition for ‘hjk’
    optimx.run: no visible global function definition for ‘jacobian’
    optimx.run: no visible global function definition for ‘grad’
    optimx.setup : ugr: no visible global function definition for ‘grad’
Flavors: r-devel-linux-x86_64-debian-clang, r-devel-linux-x86_64-debian-gcc, r-devel-linux-x86_64-fedora-clang, r-devel-linux-x86_64-fedora-gcc, r-devel-osx-x86_64-clang, r-devel-windows-ix86+x86_64, r-patched-linux-x86_64, r-patched-solaris-sparc, r-patched-solaris-x86, r-release-osx-x86_64-snowleopard