CRAN Package Check Results for Package optimx

Last updated on 2016-08-26 07:47:32.

Flavor Version Tinstall Tcheck Ttotal Status Flags
r-devel-linux-x86_64-debian-clang 2013.8.7 0.94 16.84 17.78 NOTE
r-devel-linux-x86_64-debian-gcc 2013.8.7 1.14 20.86 22.00 NOTE
r-devel-linux-x86_64-fedora-clang 2013.8.7 30.03 NOTE
r-devel-linux-x86_64-fedora-gcc 2013.8.7 28.63 NOTE
r-devel-osx-x86_64-clang 2013.8.7 26.37 NOTE
r-devel-windows-ix86+x86_64 2013.8.7 5.00 37.00 42.00 NOTE
r-patched-linux-x86_64 2013.8.7 0.86 16.11 16.96 NOTE
r-patched-solaris-sparc 2013.8.7 182.00 NOTE
r-patched-solaris-x86 2013.8.7 39.30 NOTE
r-release-linux-x86_64 2013.8.7 0.93 16.33 17.26 NOTE
r-release-osx-x86_64-mavericks 2013.8.7 NOTE
r-release-windows-ix86+x86_64 2013.8.7 3.00 33.00 36.00 NOTE
r-oldrel-windows-ix86+x86_64 2013.8.7 3.00 51.00 54.00 OK

Check Details

Version: 2013.8.7
Check: R code for possible problems
Result: NOTE
    optimx.run: no visible global function definition for ‘optim’
    optimx.run: no visible global function definition for ‘nlminb’
    optimx.run: no visible global function definition for ‘nlm’
    Undefined global functions or variables:
     nlm nlminb optim
    Consider adding
     importFrom("stats", "nlm", "nlminb", "optim")
    to your NAMESPACE file.
Flavors: r-devel-linux-x86_64-debian-clang, r-devel-linux-x86_64-debian-gcc, r-devel-linux-x86_64-fedora-clang, r-devel-linux-x86_64-fedora-gcc, r-devel-osx-x86_64-clang, r-devel-windows-ix86+x86_64, r-patched-linux-x86_64, r-patched-solaris-sparc, r-patched-solaris-x86, r-release-linux-x86_64, r-release-osx-x86_64-mavericks, r-release-windows-ix86+x86_64