CRAN Package Check Results for Package optimx

Last updated on 2016-09-29 10:48:15.

Flavor Version Tinstall Tcheck Ttotal Status Flags
r-devel-linux-x86_64-debian-clang 2013.8.7 0.93 16.82 17.75 NOTE
r-devel-linux-x86_64-debian-gcc 2013.8.7 0.92 16.47 17.40 NOTE
r-devel-linux-x86_64-fedora-clang 2013.8.7 30.30 NOTE
r-devel-linux-x86_64-fedora-gcc 2013.8.7 28.44 NOTE
r-devel-macos-x86_64-clang 2013.8.7 25.77 NOTE
r-devel-windows-ix86+x86_64 2013.8.7 4.00 47.00 51.00 NOTE
r-patched-linux-x86_64 2013.8.7 0.86 16.82 17.68 NOTE
r-patched-solaris-sparc 2013.8.7 182.00 NOTE
r-patched-solaris-x86 2013.8.7 38.20 NOTE
r-release-linux-x86_64 2013.8.7 0.98 16.60 17.58 NOTE
r-release-osx-x86_64-mavericks 2013.8.7 NOTE
r-release-windows-ix86+x86_64 2013.8.7 6.00 32.00 38.00 NOTE
r-oldrel-windows-ix86+x86_64 2013.8.7 8.00 45.00 53.00 OK

Check Details

Version: 2013.8.7
Check: R code for possible problems
Result: NOTE
    optimx.run: no visible global function definition for ‘optim’
    optimx.run: no visible global function definition for ‘nlminb’
    optimx.run: no visible global function definition for ‘nlm’
    Undefined global functions or variables:
     nlm nlminb optim
    Consider adding
     importFrom("stats", "nlm", "nlminb", "optim")
    to your NAMESPACE file.
Flavors: r-devel-linux-x86_64-debian-clang, r-devel-linux-x86_64-debian-gcc, r-devel-linux-x86_64-fedora-clang, r-devel-linux-x86_64-fedora-gcc, r-devel-macos-x86_64-clang, r-devel-windows-ix86+x86_64, r-patched-linux-x86_64, r-patched-solaris-sparc, r-patched-solaris-x86, r-release-linux-x86_64, r-release-osx-x86_64-mavericks, r-release-windows-ix86+x86_64