CRAN Package Check Results for Package optimx

Last updated on 2016-05-28 03:50:14.

Flavor Version Tinstall Tcheck Ttotal Status Flags
r-devel-linux-x86_64-debian-gcc 2013.8.7 0.90 16.50 17.40 NOTE
r-devel-linux-x86_64-fedora-clang 2013.8.7 29.66 NOTE
r-devel-linux-x86_64-fedora-gcc 2013.8.7 28.40 NOTE
r-devel-osx-x86_64-clang 2013.8.7 34.40 NOTE
r-devel-windows-ix86+x86_64 2013.8.7 3.00 38.00 41.00 NOTE
r-patched-linux-x86_64 2013.8.7 0.84 16.26 17.10 NOTE
r-patched-solaris-sparc 2013.8.7 181.20 NOTE
r-patched-solaris-x86 2013.8.7 39.10 NOTE
r-release-linux-x86_64 2013.8.7 0.86 16.28 17.13 NOTE
r-release-osx-x86_64-mavericks 2013.8.7 NOTE
r-release-windows-ix86+x86_64 2013.8.7 6.00 63.00 69.00 NOTE

Check Details

Version: 2013.8.7
Check: R code for possible problems
Result: NOTE
    optimx.run: no visible global function definition for ‘optim’
    optimx.run: no visible global function definition for ‘nlminb’
    optimx.run: no visible global function definition for ‘nlm’
    Undefined global functions or variables:
     nlm nlminb optim
    Consider adding
     importFrom("stats", "nlm", "nlminb", "optim")
    to your NAMESPACE file.
Flavors: r-devel-linux-x86_64-debian-gcc, r-devel-linux-x86_64-fedora-clang, r-devel-linux-x86_64-fedora-gcc, r-devel-osx-x86_64-clang, r-devel-windows-ix86+x86_64, r-patched-linux-x86_64, r-patched-solaris-sparc, r-patched-solaris-x86, r-release-linux-x86_64, r-release-osx-x86_64-mavericks, r-release-windows-ix86+x86_64