CRAN Package Check Results for Package optimx

Last updated on 2018-05-21 14:51:59 CEST.

Flavor Version Tinstall Tcheck Ttotal Status Flags
r-devel-linux-x86_64-debian-clang 2013.8.7 3.13 25.94 29.07 NOTE
r-devel-linux-x86_64-debian-gcc 2013.8.7 2.33 24.05 26.38 NOTE
r-devel-linux-x86_64-fedora-clang 2013.8.7 40.07 NOTE
r-devel-linux-x86_64-fedora-gcc 2013.8.7 37.89 NOTE
r-devel-windows-ix86+x86_64 2013.8.7 6.00 49.00 55.00 NOTE
r-patched-linux-x86_64 2013.8.7 2.85 28.45 31.30 NOTE
r-patched-solaris-x86 2013.8.7 56.70 NOTE
r-release-linux-x86_64 2013.8.7 2.19 28.45 30.64 NOTE
r-release-windows-ix86+x86_64 2013.8.7 8.00 56.00 64.00 NOTE
r-release-osx-x86_64 2013.8.7 NOTE
r-oldrel-windows-ix86+x86_64 2013.8.7 5.00 43.00 48.00 NOTE
r-oldrel-osx-x86_64 2013.8.7 NOTE

Check Details

Version: 2013.8.7
Check: R code for possible problems
Result: NOTE
    optimx.run: no visible global function definition for ‘optim’
    optimx.run: no visible global function definition for ‘nlminb’
    optimx.run: no visible global function definition for ‘nlm’
    Undefined global functions or variables:
     nlm nlminb optim
    Consider adding
     importFrom("stats", "nlm", "nlminb", "optim")
    to your NAMESPACE file.
Flavors: r-devel-linux-x86_64-debian-clang, r-devel-linux-x86_64-debian-gcc, r-devel-linux-x86_64-fedora-clang, r-devel-linux-x86_64-fedora-gcc, r-devel-windows-ix86+x86_64, r-patched-linux-x86_64, r-patched-solaris-x86, r-release-linux-x86_64, r-release-windows-ix86+x86_64, r-release-osx-x86_64, r-oldrel-windows-ix86+x86_64, r-oldrel-osx-x86_64