CRAN Package Check Results for Package optimx

Last updated on 2017-12-18 21:11:15 CET.

Flavor Version Tinstall Tcheck Ttotal Status Flags
r-devel-linux-x86_64-debian-clang 2013.8.7 1.16 26.17 27.33 NOTE
r-devel-linux-x86_64-debian-gcc 2013.8.7 1.02 24.11 25.13 NOTE
r-devel-linux-x86_64-fedora-clang 2013.8.7 36.19 NOTE
r-devel-linux-x86_64-fedora-gcc 2013.8.7 34.58 NOTE
r-devel-windows-ix86+x86_64 2013.8.7 3.00 41.00 44.00 NOTE
r-patched-linux-x86_64 2013.8.7 1.35 28.96 30.31 NOTE
r-patched-solaris-x86 2013.8.7 47.90 NOTE
r-release-linux-x86_64 2013.8.7 1.27 28.38 29.65 NOTE
r-release-windows-ix86+x86_64 2013.8.7 4.00 61.00 65.00 NOTE
r-release-osx-x86_64 2013.8.7 NOTE
r-oldrel-windows-ix86+x86_64 2013.8.7 4.00 47.00 51.00 NOTE
r-oldrel-osx-x86_64 2013.8.7 NOTE

Check Details

Version: 2013.8.7
Check: R code for possible problems
Result: NOTE
    optimx.run: no visible global function definition for ‘optim’
    optimx.run: no visible global function definition for ‘nlminb’
    optimx.run: no visible global function definition for ‘nlm’
    Undefined global functions or variables:
     nlm nlminb optim
    Consider adding
     importFrom("stats", "nlm", "nlminb", "optim")
    to your NAMESPACE file.
Flavors: r-devel-linux-x86_64-debian-clang, r-devel-linux-x86_64-debian-gcc, r-devel-linux-x86_64-fedora-clang, r-devel-linux-x86_64-fedora-gcc, r-devel-windows-ix86+x86_64, r-patched-linux-x86_64, r-patched-solaris-x86, r-release-linux-x86_64, r-release-windows-ix86+x86_64, r-release-osx-x86_64, r-oldrel-windows-ix86+x86_64, r-oldrel-osx-x86_64