CRAN Package Check Results for Package optimx

Last updated on 2016-07-24 11:47:32.

Flavor Version Tinstall Tcheck Ttotal Status Flags
r-devel-linux-x86_64-debian-clang 2013.8.7 1.19 20.34 21.52 NOTE
r-devel-linux-x86_64-debian-gcc 2013.8.7 1.13 19.83 20.96 NOTE
r-devel-linux-x86_64-fedora-clang 2013.8.7 30.34 NOTE
r-devel-linux-x86_64-fedora-gcc 2013.8.7 28.24 NOTE
r-devel-osx-x86_64-clang 2013.8.7 26.48 NOTE
r-devel-windows-ix86+x86_64 2013.8.7 3.00 37.00 40.00 NOTE
r-patched-linux-x86_64 2013.8.7 1.16 19.11 20.27 NOTE
r-patched-solaris-sparc 2013.8.7 182.00 NOTE
r-patched-solaris-x86 2013.8.7 39.10 NOTE
r-release-linux-x86_64 2013.8.7 1.20 19.33 20.53 NOTE
r-release-osx-x86_64-mavericks 2013.8.7 NOTE
r-release-windows-ix86+x86_64 2013.8.7 4.00 57.00 61.00 NOTE
r-oldrel-windows-ix86+x86_64 2013.8.7 5.00 35.00 40.00 OK

Check Details

Version: 2013.8.7
Check: R code for possible problems
Result: NOTE
    optimx.run: no visible global function definition for ‘optim’
    optimx.run: no visible global function definition for ‘nlminb’
    optimx.run: no visible global function definition for ‘nlm’
    Undefined global functions or variables:
     nlm nlminb optim
    Consider adding
     importFrom("stats", "nlm", "nlminb", "optim")
    to your NAMESPACE file.
Flavors: r-devel-linux-x86_64-debian-clang, r-devel-linux-x86_64-debian-gcc, r-devel-linux-x86_64-fedora-clang, r-devel-linux-x86_64-fedora-gcc, r-devel-osx-x86_64-clang, r-devel-windows-ix86+x86_64, r-patched-linux-x86_64, r-patched-solaris-sparc, r-patched-solaris-x86, r-release-linux-x86_64, r-release-osx-x86_64-mavericks, r-release-windows-ix86+x86_64