CRAN Package Check Results for Package optimx

Last updated on 2017-08-24 00:53:27.

Flavor Version Tinstall Tcheck Ttotal Status Flags
r-devel-linux-x86_64-debian-clang 2013.8.7 1.12 19.66 20.78 NOTE
r-devel-linux-x86_64-debian-gcc 2013.8.7 1.09 19.37 20.45 NOTE
r-devel-linux-x86_64-fedora-clang 2013.8.7 34.77 NOTE
r-devel-linux-x86_64-fedora-gcc 2013.8.7 33.78 NOTE
r-devel-windows-ix86+x86_64 2013.8.7 6.00 40.00 46.00 NOTE
r-patched-linux-x86_64 2013.8.7 1.14 19.27 20.41 NOTE
r-patched-solaris-x86 2013.8.7 48.00 NOTE
r-release-linux-x86_64 2013.8.7 0.94 19.52 20.47 NOTE
r-release-windows-ix86+x86_64 2013.8.7 4.00 57.00 61.00 NOTE
r-release-osx-x86_64 2013.8.7 NOTE
r-oldrel-windows-ix86+x86_64 2013.8.7 5.00 60.00 65.00 NOTE
r-oldrel-osx-x86_64 2013.8.7 NOTE

Check Details

Version: 2013.8.7
Check: R code for possible problems
Result: NOTE
    optimx.run: no visible global function definition for ‘optim’
    optimx.run: no visible global function definition for ‘nlminb’
    optimx.run: no visible global function definition for ‘nlm’
    Undefined global functions or variables:
     nlm nlminb optim
    Consider adding
     importFrom("stats", "nlm", "nlminb", "optim")
    to your NAMESPACE file.
Flavors: r-devel-linux-x86_64-debian-clang, r-devel-linux-x86_64-debian-gcc, r-devel-linux-x86_64-fedora-clang, r-devel-linux-x86_64-fedora-gcc, r-devel-windows-ix86+x86_64, r-patched-linux-x86_64, r-patched-solaris-x86, r-release-linux-x86_64, r-release-windows-ix86+x86_64, r-release-osx-x86_64, r-oldrel-windows-ix86+x86_64, r-oldrel-osx-x86_64