CRAN Package Check Results for Package optionstrat

Last updated on 2022-01-27 08:49:20 CET.

Flavor Version Tinstall Tcheck Ttotal Status Flags
r-devel-linux-x86_64-debian-clang 1.4.1 3.65 37.97 41.62 NOTE
r-devel-linux-x86_64-debian-gcc 1.4.1 2.56 29.76 32.32 NOTE
r-devel-linux-x86_64-fedora-clang 1.4.1 51.39 NOTE
r-devel-linux-x86_64-fedora-gcc 1.4.1 40.26 NOTE
r-devel-windows-x86_64-new-UL 1.4.1 75.00 64.00 139.00 NOTE
r-devel-windows-x86_64-new-TK 1.4.1 NOTE
r-patched-linux-x86_64 1.4.1 3.48 36.29 39.77 NOTE
r-release-linux-x86_64 1.4.1 2.93 36.25 39.18 NOTE
r-release-macos-arm64 1.4.1 NOTE
r-release-macos-x86_64 1.4.1 NOTE
r-release-windows-ix86+x86_64 1.4.1 7.00 48.00 55.00 NOTE
r-oldrel-macos-x86_64 1.4.1 OK
r-oldrel-windows-ix86+x86_64 1.4.1 8.00 46.00 54.00 OK

Check Details

Version: 1.4.1
Check: LazyData
Result: NOTE
     'LazyData' is specified without a 'data' directory
Flavors: r-devel-linux-x86_64-debian-clang, r-devel-linux-x86_64-debian-gcc, r-devel-linux-x86_64-fedora-clang, r-devel-linux-x86_64-fedora-gcc, r-devel-windows-x86_64-new-UL, r-devel-windows-x86_64-new-TK, r-patched-linux-x86_64, r-release-linux-x86_64, r-release-macos-arm64, r-release-macos-x86_64, r-release-windows-ix86+x86_64