CRAN Package Check Results for Package optmatch

Last updated on 2016-10-01 12:47:56.

Flavor Version Tinstall Tcheck Ttotal Status Flags
r-devel-linux-x86_64-debian-clang 0.9-6 22.60 75.38 97.99 ERROR
r-devel-linux-x86_64-debian-gcc 0.9-6 21.93 72.31 94.23 ERROR
r-devel-linux-x86_64-fedora-clang 0.9-6 201.72 ERROR
r-devel-linux-x86_64-fedora-gcc 0.9-6 177.72 ERROR
r-devel-macos-x86_64-clang 0.9-6 142.37 ERROR
r-devel-windows-ix86+x86_64 0.9-6 105.00 232.00 337.00 ERROR
r-patched-linux-x86_64 0.9-6 20.21 73.21 93.43 OK
r-patched-solaris-sparc 0.9-6 1052.90 OK
r-patched-solaris-x86 0.9-6 207.70 OK
r-release-linux-x86_64 0.9-6 19.63 74.19 93.82 OK
r-release-osx-x86_64-mavericks 0.9-6 OK
r-release-windows-ix86+x86_64 0.9-6 63.00 163.00 226.00 OK
r-oldrel-windows-ix86+x86_64 0.9-6 99.00 250.00 349.00 OK

Check Details

Version: 0.9-6
Check: whether package can be installed
Result: WARN
    Found the following significant warnings:
     Warning: GNU Extension: Nonstandard type declaration LOGICAL*1 at (1)
Flavors: r-devel-linux-x86_64-debian-clang, r-devel-linux-x86_64-debian-gcc, r-devel-linux-x86_64-fedora-clang, r-devel-linux-x86_64-fedora-gcc, r-devel-macos-x86_64-clang, r-devel-windows-ix86+x86_64

Version: 0.9-6
Check: tests
Result: ERROR
    Running the tests in ‘tests/testthat.R’ failed.
    Last 13 lines of output:
    
     The following object is masked from 'package:base':
    
     backsolve
    
     1. Failure: New matching.failed (@test.summary.optmatch.R#83) ------------------
     is.null(summary(f)$matching.failed) isn't true.
    
    
     testthat results ================================================================
     OK: 1152 SKIPPED: 0 FAILED: 1
     1. Failure: New matching.failed (@test.summary.optmatch.R#83)
    
     Error: testthat unit tests failed
     Execution halted
Flavors: r-devel-linux-x86_64-debian-clang, r-devel-linux-x86_64-debian-gcc, r-devel-linux-x86_64-fedora-clang, r-devel-linux-x86_64-fedora-gcc, r-devel-macos-x86_64-clang

Version: 0.9-6
Check: running tests for arch ‘i386’
Result: ERROR
    Running the tests in 'tests/testthat.R' failed.
    Last 13 lines of output:
    
     The following object is masked from 'package:base':
    
     backsolve
    
     1. Failure: New matching.failed (@test.summary.optmatch.R#83) ------------------
     is.null(summary(f)$matching.failed) isn't true.
    
    
     testthat results ================================================================
     OK: 1152 SKIPPED: 0 FAILED: 1
     1. Failure: New matching.failed (@test.summary.optmatch.R#83)
    
     Error: testthat unit tests failed
     Execution halted
Flavor: r-devel-windows-ix86+x86_64

Version: 0.9-6
Check: running tests for arch ‘x64’
Result: ERROR
    Running the tests in 'tests/testthat.R' failed.
    Last 13 lines of output:
    
     The following object is masked from 'package:base':
    
     backsolve
    
     1. Failure: New matching.failed (@test.summary.optmatch.R#83) ------------------
     is.null(summary(f)$matching.failed) isn't true.
    
    
     testthat results ================================================================
     OK: 1152 SKIPPED: 0 FAILED: 1
     1. Failure: New matching.failed (@test.summary.optmatch.R#83)
    
     Error: testthat unit tests failed
     Execution halted
Flavor: r-devel-windows-ix86+x86_64