CRAN Package Check Results for Package optmatch

Last updated on 2015-07-30 11:48:45.

Flavor Version Tinstall Tcheck Ttotal Status Flags
r-devel-linux-x86_64-debian-clang 0.9-3 6.61 42.33 48.94 NOTE
r-devel-linux-x86_64-debian-gcc 0.9-3 6.66 40.14 46.81 NOTE
r-devel-linux-x86_64-fedora-clang 0.9-3 93.01 NOTE
r-devel-linux-x86_64-fedora-gcc 0.9-3 86.88 NOTE
r-devel-osx-x86_64-clang 0.9-3 72.59 NOTE
r-devel-windows-ix86+x86_64 0.9-3 32.00 95.00 127.00 NOTE
r-patched-linux-x86_64 0.9-3 6.35 41.18 47.53 NOTE
r-patched-solaris-sparc 0.9-3 567.80 NOTE
r-patched-solaris-x86 0.9-3 121.50 NOTE
r-release-linux-x86_64 0.9-3 6.42 41.06 47.48 NOTE
r-release-osx-x86_64-mavericks 0.9-3 NOTE
r-release-windows-ix86+x86_64 0.9-3 31.00 91.00 122.00 NOTE
r-oldrel-windows-ix86+x86_64 0.9-3 33.00 118.00 151.00 OK

Check Details

Version: 0.9-3
Check: DESCRIPTION meta-information
Result: NOTE
    Malformed Description field: should contain one or more complete sentences.
Flavors: r-devel-linux-x86_64-debian-clang, r-devel-linux-x86_64-debian-gcc, r-devel-linux-x86_64-fedora-clang, r-devel-linux-x86_64-fedora-gcc, r-devel-osx-x86_64-clang, r-devel-windows-ix86+x86_64, r-patched-linux-x86_64, r-patched-solaris-sparc, r-patched-solaris-x86, r-release-linux-x86_64, r-release-osx-x86_64-mavericks, r-release-windows-ix86+x86_64

Version: 0.9-3
Check: R code for possible problems
Result: NOTE
    boxplot.bigglm: no visible global function definition for ‘predict’
    boxplot.bigglm: no visible global function definition for ‘model.frame’
    boxplot.bigglm: no visible global function definition for
     ‘model.response’
    boxplot.glm: no visible global function definition for ‘model.response’
    boxplot.glm: no visible global function definition for ‘model.frame’
    boxplot.glm: no visible global function definition for ‘predict’
    boxplot.glm: no visible global function definition for ‘terms’
    caliperUpperBound: no visible global function definition for ‘hist’
    compute_mahalanobis: no visible global function definition for ‘cov’
    fill.NAs: no visible global function definition for ‘as.formula’
    fill.NAs: no visible global function definition for ‘terms’
    fill.NAs: no visible global function definition for ‘model.matrix’
    fill.NAs: no visible global function definition for ‘model.frame’
    fill.NAs: no visible binding for global variable ‘na.pass’
    fmla2treatedblocking: no visible global function definition for
     ‘model.frame’
    fullmatch.default: no visible global function definition for ‘methods’
    fullmatch.default: no visible global function definition for
     ‘model.frame’
    fullmatch.default: no visible binding for global variable ‘na.pass’
    makeJoinedFmla: no visible global function definition for
     ‘update.formula’
    makedistOptmatchDlist: no visible global function definition for
     ‘terms’
    makedistold: no visible global function definition for ‘terms’
    match_on.bigglm: no visible binding for global variable ‘mad’
    match_on.bigglm: no visible global function definition for
     ‘model.frame’
    match_on.formula: no visible global function definition for
     ‘model.matrix’
    match_on.glm: no visible binding for global variable ‘mad’
    match_on.glm: no visible global function definition for ‘model.frame’
    match_on.glm: no visible binding for global variable ‘na.pass’
    match_on.glm: no visible global function definition for ‘as.formula’
    match_on.glm: no visible global function definition for
     ‘model.response’
    match_on_szn_scale: no visible binding for global variable ‘mad’
    maxControlsCap : .maxControlsCap: no visible global function definition
     for ‘optimize’
    mdist.bigglm: no visible binding for global variable ‘mad’
    mdist.bigglm: no visible global function definition for ‘predict’
    mdist.bigglm: no visible global function definition for ‘model.frame’
    mdist.formula: no visible global function definition for
     ‘update.formula’
    mdist.formula: no visible global function definition for ‘as.formula’
    mdist.glm: no visible binding for global variable ‘mad’
    minExactMatch: no visible global function definition for ‘terms’
    minExactMatch: no visible global function definition for ‘as.formula’
    old.mahal.dist: no visible global function definition for ‘terms’
    old.mahal.dist: no visible global function definition for
     ‘update.formula’
    old.mahal.dist: no visible global function definition for
     ‘terms.formula’
    old.mahal.dist: no visible global function definition for
     ‘model.matrix’
    old.mahal.dist: no visible global function definition for ‘cov’
    old.pscore.dist: no visible binding for global variable ‘sd’
    old.pscore.dist: no visible global function definition for ‘as.formula’
    old.pscore.dist: no visible global function definition for
     ‘update.formula’
    old.pscore.dist: no visible global function definition for
     ‘model.frame’
    pairmatch.default: no visible global function definition for
     ‘getS3method’
    pairmatch.default: no visible global function definition for
     ‘model.frame’
    pairmatch.default: no visible binding for global variable ‘na.pass’
    print.optmatch: no visible global function definition for ‘aggregate’
    scores: no visible global function definition for ‘get_all_vars’
    scores: no visible global function definition for ‘complete.cases’
    scores: no visible global function definition for ‘formula’
    scores: no visible global function definition for ‘update’
    scores: no visible global function definition for ‘predict’
    summary.optmatch: no visible global function definition for ‘quantile’
    summary.optmatch: no visible global function definition for
     ‘get_all_vars’
    summary.optmatch: no visible global function definition for ‘formula’
    szn.scale: no visible binding for global variable ‘mad’
    Undefined global functions or variables:
     aggregate as.formula complete.cases cov formula getS3method
     get_all_vars hist mad methods model.frame model.matrix model.response
     na.pass optimize predict quantile sd terms terms.formula update
     update.formula
    Consider adding
     importFrom("graphics", "hist")
     importFrom("stats", "aggregate", "as.formula", "complete.cases", "cov",
     "formula", "get_all_vars", "mad", "model.frame",
     "model.matrix", "model.response", "na.pass", "optimize",
     "predict", "quantile", "sd", "terms", "terms.formula",
     "update", "update.formula")
     importFrom("utils", "getS3method", "methods")
    to your NAMESPACE.
Flavors: r-devel-linux-x86_64-debian-clang, r-devel-linux-x86_64-debian-gcc, r-devel-linux-x86_64-fedora-clang, r-devel-linux-x86_64-fedora-gcc, r-devel-windows-ix86+x86_64