CRAN Package Check Results for Package optmatch

Last updated on 2014-08-01 08:49:47.

Flavor Version Tinstall Tcheck Ttotal Status Flags
r-devel-linux-x86_64-debian-clang 0.9-1 6.56 54.73 61.29 OK
r-devel-linux-x86_64-debian-gcc 0.9-1 6.79 52.90 59.69 OK
r-devel-linux-x86_64-fedora-clang 0.9-1 138.37 NOTE
r-devel-linux-x86_64-fedora-gcc 0.9-1 119.22 OK
r-devel-osx-x86_64-clang 0.9-1 101.51 OK
r-devel-windows-ix86+x86_64 0.9-1 26.00 112.00 138.00 OK
r-patched-linux-x86_64 0.9-1 6.32 53.72 60.04 OK
r-patched-solaris-sparc 0.9-1 715.90 OK
r-patched-solaris-x86 0.9-1 149.80 OK
r-release-linux-ix86 0.9-1 8.67 65.39 74.06 OK
r-release-linux-x86_64 0.9-1 6.46 54.44 60.90 OK
r-release-osx-x86_64-mavericks 0.9-1 OK
r-release-osx-x86_64-snowleopard 0.9-1 OK
r-release-windows-ix86+x86_64 0.9-1 60.00 160.00 220.00 OK
r-oldrel-windows-ix86+x86_64 0.9-1 48.00 159.00 207.00 OK

Memtest notes: valgrind valgrind

Check Details

Version: 0.9-1
Check: foreign function calls
Result: NOTE
    Registration problem:
     symbol fortran_subroutine in the local frame:
     .Fortran(fortran_subroutine, as.integer(nc + nt + 2), as.integer(length(startn)),
     as.integer(startn), as.integer(endn), as.integer(dists),
     as.integer(ucap), as.integer(b), x1 = integer(length(startn)),
     crash1 = as.integer(0), large1 = as.integer(.Machine$integer.max/4),
     feasible1 = integer(1), NAOK = FALSE, DUP = TRUE, PACKAGE = "optmatch")
    See the chapter System and foreign language interfaces of the
     Writing R Extensions manual.
Flavor: r-devel-linux-x86_64-fedora-clang