CRAN Package Check Results for Package optmatch

Last updated on 2018-04-24 13:47:00 CEST.

Flavor Version Tinstall Tcheck Ttotal Status Flags
r-devel-linux-x86_64-debian-clang 0.9-8 40.72 126.38 167.10 OK
r-devel-linux-x86_64-debian-gcc 0.9-8 32.51 99.95 132.46 OK
r-devel-linux-x86_64-fedora-clang 0.9-8 211.88 OK
r-devel-linux-x86_64-fedora-gcc 0.9-8 198.77 OK
r-devel-windows-ix86+x86_64 0.9-8 110.00 189.00 299.00 OK
r-patched-linux-x86_64 0.9-8 40.72 124.89 165.61 ERROR
r-patched-solaris-x86 0.9-8 251.80 OK
r-release-linux-x86_64 0.9-8 41.33 124.45 165.78 ERROR
r-release-windows-ix86+x86_64 0.9-8 110.00 189.00 299.00 OK
r-release-osx-x86_64 0.9-8 NOTE
r-oldrel-windows-ix86+x86_64 0.9-8 72.00 216.00 288.00 OK
r-oldrel-osx-x86_64 0.9-8 OK

Check Details

Version: 0.9-8
Check: tests
Result: ERROR
     Running ‘exporting-methods.R’ [3s/3s]
     Running ‘mahal-dist.R’ [3s/4s]
     Running ‘testthat.R’ [21s/26s]
    Running the tests in ‘tests/testthat.R’ failed.
    Complete output:
     > library(testthat)
     > library(optmatch)
     Loading required package: survival
     The optmatch package has an academic license. Enter relaxinfo() for more information.
     >
     > test_check("optmatch")
     ── 1. Error: Bigglm distances (@test.match_on.R#293) ──────────────────────────
     no applicable method for 'bigglm' applied to an object of class "data.frame"
     1: bigglm(Z ~ X1 + X2, data = test.data, family = binomial()) at testthat/test.match_on.R:293
     2: bigglm(Z ~ X1 + X2, data = test.data, family = binomial())
    
     ── 2. Error: Bigglm distances (@test.mdist.R#100) ─────────────────────────────
     no applicable method for 'bigglm' applied to an object of class "data.frame"
     1: bigglm(Z ~ X1 + X2, data = test.data, family = binomial()) at testthat/test.mdist.R:100
     2: bigglm(Z ~ X1 + X2, data = test.data, family = binomial())
    
     ── 3. Error: bigglm method (@test.mdist.old.R#148) ────────────────────────────
     no applicable method for 'bigglm' applied to an object of class "data.frame"
     1: bigglm(fmla, data = nuclearplants, family = binomial()) at testthat/test.mdist.old.R:148
     2: bigglm(fmla, data = nuclearplants, family = binomial())
    
     ── 4. Error: scores with bigglm (@test.scores.R#222) ──────────────────────────
     no applicable method for 'bigglm' applied to an object of class "data.frame"
     1: bigglm(Z ~ X1 + X2, data = test.data, family = binomial()) at testthat/test.scores.R:222
     2: bigglm(Z ~ X1 + X2, data = test.data, family = binomial())
    
     ══ testthat results ═══════════════════════════════════════════════════════════
     OK: 1351 SKIPPED: 0 FAILED: 4
     1. Error: Bigglm distances (@test.match_on.R#293)
     2. Error: Bigglm distances (@test.mdist.R#100)
     3. Error: bigglm method (@test.mdist.old.R#148)
     4. Error: scores with bigglm (@test.scores.R#222)
    
     Error: testthat unit tests failed
     Execution halted
Flavor: r-patched-linux-x86_64

Version: 0.9-8
Check: tests
Result: ERROR
     Running ‘exporting-methods.R’ [2s/4s]
     Running ‘mahal-dist.R’ [3s/3s]
     Running ‘testthat.R’ [21s/25s]
    Running the tests in ‘tests/testthat.R’ failed.
    Complete output:
     > library(testthat)
     > library(optmatch)
     Loading required package: survival
     The optmatch package has an academic license. Enter relaxinfo() for more information.
     >
     > test_check("optmatch")
     ── 1. Error: Bigglm distances (@test.match_on.R#293) ──────────────────────────
     no applicable method for 'bigglm' applied to an object of class "data.frame"
     1: bigglm(Z ~ X1 + X2, data = test.data, family = binomial()) at testthat/test.match_on.R:293
     2: bigglm(Z ~ X1 + X2, data = test.data, family = binomial())
    
     ── 2. Error: Bigglm distances (@test.mdist.R#100) ─────────────────────────────
     no applicable method for 'bigglm' applied to an object of class "data.frame"
     1: bigglm(Z ~ X1 + X2, data = test.data, family = binomial()) at testthat/test.mdist.R:100
     2: bigglm(Z ~ X1 + X2, data = test.data, family = binomial())
    
     ── 3. Error: bigglm method (@test.mdist.old.R#148) ────────────────────────────
     no applicable method for 'bigglm' applied to an object of class "data.frame"
     1: bigglm(fmla, data = nuclearplants, family = binomial()) at testthat/test.mdist.old.R:148
     2: bigglm(fmla, data = nuclearplants, family = binomial())
    
     ── 4. Error: scores with bigglm (@test.scores.R#222) ──────────────────────────
     no applicable method for 'bigglm' applied to an object of class "data.frame"
     1: bigglm(Z ~ X1 + X2, data = test.data, family = binomial()) at testthat/test.scores.R:222
     2: bigglm(Z ~ X1 + X2, data = test.data, family = binomial())
    
     ══ testthat results ═══════════════════════════════════════════════════════════
     OK: 1351 SKIPPED: 0 FAILED: 4
     1. Error: Bigglm distances (@test.match_on.R#293)
     2. Error: Bigglm distances (@test.mdist.R#100)
     3. Error: bigglm method (@test.mdist.old.R#148)
     4. Error: scores with bigglm (@test.scores.R#222)
    
     Error: testthat unit tests failed
     Execution halted
Flavor: r-release-linux-x86_64

Version: 0.9-8
Check: package dependencies
Result: NOTE
    Package which this enhances but not available for checking: ‘CBPS’
Flavor: r-release-osx-x86_64