CRAN Package Check Results for Package optmatch

Last updated on 2014-04-24 03:47:49.

Flavor Version Tinstall Tcheck Ttotal Status Flags
r-devel-linux-x86_64-debian-clang 0.9-1 6.77 57.31 64.08 OK
r-devel-linux-x86_64-debian-gcc 0.9-1 6.79 56.58 63.38 OK
r-devel-linux-x86_64-fedora-clang 0.9-1 128.80 NOTE
r-devel-linux-x86_64-fedora-gcc 0.9-1 123.93 OK
r-devel-osx-x86_64-clang 0.9-1 101.53 OK
r-devel-osx-x86_64-gcc 0.9-1 NOTE
r-devel-windows-ix86+x86_64 0.9-1 27.00 108.00 135.00 OK
r-patched-linux-x86_64 0.9-1 6.95 56.40 63.35 OK
r-patched-solaris-sparc 0.9-1 703.60 OK
r-patched-solaris-x86 0.9-1 153.70 OK
r-release-linux-ix86 0.9-1 11.00 87.00 98.00 OK
r-release-linux-x86_64 0.9-1 6.70 57.29 63.99 OK
r-release-osx-x86_64-mavericks 0.9-1 WARN
r-release-osx-x86_64-snowleopard 0.9-1 OK
r-release-windows-ix86+x86_64 0.9-1 29.00 125.00 154.00 OK
r-oldrel-windows-ix86+x86_64 0.9-1 25.00 114.00 139.00 OK

Memtest notes: valgrind valgrind

Check Details

Version: 0.9-1
Check: foreign function calls
Result: NOTE
    Registration problem:
     symbol ‘fortran_subroutine’ in the local frame:
     .Fortran(fortran_subroutine, as.integer(nc + nt + 2), as.integer(length(startn)),
     as.integer(startn), as.integer(endn), as.integer(dists),
     as.integer(ucap), as.integer(b), x1 = integer(length(startn)),
     crash1 = as.integer(0), large1 = as.integer(.Machine$integer.max/4),
     feasible1 = integer(1), NAOK = FALSE, DUP = TRUE, PACKAGE = "optmatch")
    See the chapter ‘System and foreign language interfaces’ of the
    ‘Writing R Extensions’ manual.
Flavor: r-devel-linux-x86_64-fedora-clang

Version: 0.9-1
Check: package dependencies
Result: NOTE
    Packages suggested but not available for checking: ‘testthat’ ‘arm’
Flavor: r-devel-osx-x86_64-gcc

Version: 0.9-1
Check: package dependencies
Result: NOTE
    Package suggested but not available for checking: ‘arm’
Flavor: r-release-osx-x86_64-mavericks

Version: 0.9-1
Check: PDF version of manual
Result: WARNING
    LaTeX errors when creating PDF version.
    This typically indicates Rd problems.
    LaTeX errors found:
    ! LaTeX Error: File `upquote.sty' not found.
    
    Type X to quit or <RETURN> to proceed,
    or enter new name. (Default extension: sty)
    
    32eea04/Rd2.tex:8: ==> Fatal error occurred, no output PDF file produced!
Flavor: r-release-osx-x86_64-mavericks