CRAN Package Check Results for Package optmatch

Last updated on 2017-12-11 17:49:07 CET.

Flavor Version Tinstall Tcheck Ttotal Status Flags
r-devel-linux-x86_64-debian-clang 0.9-7 28.75 114.81 143.56 NOTE
r-devel-linux-x86_64-debian-gcc 0.9-7 23.02 100.72 123.74 NOTE
r-devel-linux-x86_64-fedora-clang 0.9-7 207.96 NOTE
r-devel-linux-x86_64-fedora-gcc 0.9-7 198.80 NOTE
r-devel-windows-ix86+x86_64 0.9-7 101.00 197.00 298.00 NOTE
r-patched-linux-x86_64 0.9-7 29.54 139.52 169.06 NOTE
r-patched-solaris-x86 0.9-7 256.50 NOTE
r-release-linux-x86_64 0.9-7 30.15 139.58 169.73 NOTE
r-release-windows-ix86+x86_64 0.9-7 78.00 228.00 306.00 NOTE
r-release-osx-x86_64 0.9-7 OK
r-oldrel-windows-ix86+x86_64 0.9-7 102.00 248.00 350.00 OK
r-oldrel-osx-x86_64 0.9-7 OK

Check Details

Version: 0.9-7
Check: S3 generic/method consistency
Result: NOTE
    Found the following apparent S3 methods exported but not registered:
     cbind.BlockedInfinitySparseMatrix cbind.InfinitySparseMatrix
     rbind.BlockedInfinitySparseMatrix rbind.InfinitySparseMatrix
    See section ‘Registering S3 methods’ in the ‘Writing R Extensions’
    manual.
Flavors: r-devel-linux-x86_64-debian-clang, r-devel-linux-x86_64-debian-gcc, r-devel-linux-x86_64-fedora-clang, r-devel-linux-x86_64-fedora-gcc, r-patched-linux-x86_64, r-patched-solaris-x86, r-release-linux-x86_64

Version: 0.9-7
Check: Rd \usage sections
Result: NOTE
    S3 methods shown with full name in documentation object 'cbind.InfinitySparseMatrix':
     ‘cbind.InfinitySparseMatrix’ ‘rbind.InfinitySparseMatrix’
     ‘cbind.BlockedInfinitySparseMatrix’
     ‘rbind.BlockedInfinitySparseMatrix’
    
    The \usage entries for S3 methods should use the \method markup and not
    their full name.
    See chapter ‘Writing R documentation files’ in the ‘Writing R
    Extensions’ manual.
Flavors: r-devel-linux-x86_64-debian-clang, r-devel-linux-x86_64-debian-gcc, r-devel-linux-x86_64-fedora-clang, r-devel-linux-x86_64-fedora-gcc, r-devel-windows-ix86+x86_64, r-patched-linux-x86_64, r-patched-solaris-x86, r-release-linux-x86_64, r-release-windows-ix86+x86_64

Version: 0.9-7
Check: compiled code
Result: NOTE
    File ‘optmatch/libs/optmatch.so’:
     Found no calls to: ‘R_registerRoutines’, ‘R_useDynamicSymbols’
    
    It is good practice to register native routines and to disable symbol
    search.
    
    See ‘Writing portable packages’ in the ‘Writing R Extensions’ manual.
Flavors: r-devel-linux-x86_64-debian-clang, r-devel-linux-x86_64-debian-gcc, r-devel-linux-x86_64-fedora-clang, r-devel-linux-x86_64-fedora-gcc, r-patched-linux-x86_64, r-release-linux-x86_64