CRAN Package Check Results for Package optmatch

Last updated on 2017-10-19 17:48:34.

Flavor Version Tinstall Tcheck Ttotal Status Flags
r-devel-linux-x86_64-debian-clang 0.9-7 22.44 85.35 107.80 NOTE
r-devel-linux-x86_64-debian-gcc 0.9-7 21.33 89.75 111.09 NOTE
r-devel-linux-x86_64-fedora-clang 0.9-7 236.56 NOTE
r-devel-linux-x86_64-fedora-gcc 0.9-7 226.33 NOTE
r-devel-windows-ix86+x86_64 0.9-7 75.00 205.00 280.00 NOTE
r-patched-linux-x86_64 0.9-7 22.17 84.85 107.02 NOTE
r-patched-solaris-x86 0.9-7 263.30 NOTE
r-release-linux-x86_64 0.9-7 21.88 85.41 107.29 NOTE
r-release-windows-ix86+x86_64 0.9-7 110.00 270.00 380.00 NOTE
r-release-osx-x86_64 0.9-7 OK
r-oldrel-windows-ix86+x86_64 0.9-7 95.00 192.00 287.00 OK
r-oldrel-osx-x86_64 0.9-7 OK

Check Details

Version: 0.9-7
Check: S3 generic/method consistency
Result: NOTE
    Found the following apparent S3 methods exported but not registered:
     cbind.BlockedInfinitySparseMatrix cbind.InfinitySparseMatrix
     rbind.BlockedInfinitySparseMatrix rbind.InfinitySparseMatrix
    See section ‘Registering S3 methods’ in the ‘Writing R Extensions’
    manual.
Flavors: r-devel-linux-x86_64-debian-clang, r-devel-linux-x86_64-debian-gcc, r-devel-linux-x86_64-fedora-clang, r-devel-linux-x86_64-fedora-gcc, r-patched-linux-x86_64, r-patched-solaris-x86, r-release-linux-x86_64

Version: 0.9-7
Check: Rd \usage sections
Result: NOTE
    S3 methods shown with full name in documentation object 'cbind.InfinitySparseMatrix':
     ‘cbind.InfinitySparseMatrix’ ‘rbind.InfinitySparseMatrix’
     ‘cbind.BlockedInfinitySparseMatrix’
     ‘rbind.BlockedInfinitySparseMatrix’
    
    The \usage entries for S3 methods should use the \method markup and not
    their full name.
    See chapter ‘Writing R documentation files’ in the ‘Writing R
    Extensions’ manual.
Flavors: r-devel-linux-x86_64-debian-clang, r-devel-linux-x86_64-debian-gcc, r-devel-linux-x86_64-fedora-clang, r-devel-linux-x86_64-fedora-gcc, r-devel-windows-ix86+x86_64, r-patched-linux-x86_64, r-patched-solaris-x86, r-release-linux-x86_64, r-release-windows-ix86+x86_64

Version: 0.9-7
Check: compiled code
Result: NOTE
    File ‘optmatch/libs/optmatch.so’:
     Found no calls to: ‘R_registerRoutines’, ‘R_useDynamicSymbols’
    
    It is good practice to register native routines and to disable symbol
    search.
    
    See ‘Writing portable packages’ in the ‘Writing R Extensions’ manual.
Flavors: r-devel-linux-x86_64-debian-clang, r-devel-linux-x86_64-debian-gcc, r-devel-linux-x86_64-fedora-clang, r-devel-linux-x86_64-fedora-gcc, r-patched-linux-x86_64, r-release-linux-x86_64