CRAN Package Check Results for Package optmatch

Last updated on 2017-06-26 02:47:39.

Flavor Version Tinstall Tcheck Ttotal Status Flags
r-devel-linux-x86_64-debian-clang 0.9-7 24.03 84.72 108.75 NOTE
r-devel-linux-x86_64-debian-gcc 0.9-7 23.92 82.25 106.18 NOTE
r-devel-linux-x86_64-fedora-clang 0.9-7 230.27 NOTE
r-devel-linux-x86_64-fedora-gcc 0.9-7 217.37 NOTE
r-devel-windows-ix86+x86_64 0.9-7 99.00 194.00 293.00 NOTE
r-patched-linux-x86_64 0.9-7 21.14 83.02 104.17 NOTE
r-patched-solaris-sparc 0.9-7 1199.90 NOTE
r-patched-solaris-x86 0.9-7 256.60 NOTE
r-release-linux-x86_64 0.9-7 23.58 83.72 107.30 NOTE
r-release-windows-ix86+x86_64 0.9-7 106.00 275.00 381.00 OK
r-release-osx-x86_64 0.9-7 OK
r-oldrel-windows-ix86+x86_64 0.9-7 75.00 261.00 336.00 OK
r-oldrel-osx-x86_64 0.9-7 OK

Check Details

Version: 0.9-7
Check: S3 generic/method consistency
Result: NOTE
    Found the following apparent S3 methods exported but not registered:
     cbind.BlockedInfinitySparseMatrix cbind.InfinitySparseMatrix
     rbind.BlockedInfinitySparseMatrix rbind.InfinitySparseMatrix
    See section ‘Registering S3 methods’ in the ‘Writing R Extensions’
    manual.
Flavors: r-devel-linux-x86_64-debian-clang, r-devel-linux-x86_64-debian-gcc, r-devel-linux-x86_64-fedora-clang, r-devel-linux-x86_64-fedora-gcc, r-patched-linux-x86_64, r-patched-solaris-sparc, r-patched-solaris-x86

Version: 0.9-7
Check: Rd \usage sections
Result: NOTE
    S3 methods shown with full name in documentation object 'cbind.InfinitySparseMatrix':
     ‘cbind.InfinitySparseMatrix’ ‘rbind.InfinitySparseMatrix’
     ‘cbind.BlockedInfinitySparseMatrix’
     ‘rbind.BlockedInfinitySparseMatrix’
    
    The \usage entries for S3 methods should use the \method markup and not
    their full name.
    See chapter ‘Writing R documentation files’ in the ‘Writing R
    Extensions’ manual.
Flavors: r-devel-linux-x86_64-debian-clang, r-devel-linux-x86_64-debian-gcc, r-devel-linux-x86_64-fedora-clang, r-devel-linux-x86_64-fedora-gcc, r-devel-windows-ix86+x86_64, r-patched-linux-x86_64, r-patched-solaris-sparc, r-patched-solaris-x86

Version: 0.9-7
Check: compiled code
Result: NOTE
    File ‘optmatch/libs/optmatch.so’:
     Found no calls to: ‘R_registerRoutines’, ‘R_useDynamicSymbols’
    
    It is good practice to register native routines and to disable symbol
    search.
    
    See ‘Writing portable packages’ in the ‘Writing R Extensions’ manual.
Flavors: r-devel-linux-x86_64-debian-clang, r-devel-linux-x86_64-debian-gcc, r-devel-linux-x86_64-fedora-clang, r-devel-linux-x86_64-fedora-gcc, r-patched-linux-x86_64, r-release-linux-x86_64