CRAN Package Check Results for Package optmatch

Last updated on 2015-05-28 03:47:32.

Flavor Version Tinstall Tcheck Ttotal Status Flags
r-devel-linux-x86_64-debian-clang 0.9-3 6.73 41.90 48.63 NOTE
r-devel-linux-x86_64-debian-gcc 0.9-3 6.65 41.10 47.75 NOTE
r-devel-linux-x86_64-fedora-clang 0.9-3 94.05 NOTE
r-devel-linux-x86_64-fedora-gcc 0.9-3 89.50 NOTE
r-devel-osx-x86_64-clang 0.9-3 80.63 NOTE
r-devel-windows-ix86+x86_64 0.9-3 23.00 103.00 126.00 NOTE
r-patched-linux-x86_64 0.9-3 6.18 39.99 46.17 NOTE
r-patched-solaris-sparc 0.9-3 572.10 NOTE
r-patched-solaris-x86 0.9-3 121.50 NOTE
r-release-linux-x86_64 0.9-3 6.25 40.59 46.84 NOTE
r-release-osx-x86_64-mavericks 0.9-3 NOTE
r-release-osx-x86_64-snowleopard 0.9-3 NOTE
r-release-windows-ix86+x86_64 0.9-3 23.00 87.00 110.00 NOTE
r-oldrel-windows-ix86+x86_64 0.9-3 23.00 106.00 129.00 OK

Check Details

Version: 0.9-3
Check: DESCRIPTION meta-information
Result: NOTE
    Malformed Description field: should contain one or more complete sentences.
Flavors: r-devel-linux-x86_64-debian-clang, r-devel-linux-x86_64-debian-gcc, r-devel-linux-x86_64-fedora-clang, r-devel-linux-x86_64-fedora-gcc, r-devel-osx-x86_64-clang, r-devel-windows-ix86+x86_64, r-patched-linux-x86_64, r-patched-solaris-sparc, r-patched-solaris-x86, r-release-linux-x86_64, r-release-osx-x86_64-mavericks, r-release-osx-x86_64-snowleopard, r-release-windows-ix86+x86_64