CRAN Package Check Results for Package optmatch

Last updated on 2016-12-11 14:47:42.

Flavor Version Tinstall Tcheck Ttotal Status Flags
r-devel-linux-x86_64-debian-clang 0.9-6 22.93 83.54 106.48 ERROR
r-devel-linux-x86_64-debian-gcc 0.9-6 21.59 82.40 103.99 ERROR
r-devel-linux-x86_64-fedora-clang 0.9-6 227.79 ERROR --no-stop-on-test-error
r-devel-linux-x86_64-fedora-gcc 0.9-6 213.58 ERROR --no-stop-on-test-error
r-devel-macos-x86_64-clang 0.9-6 170.07 ERROR --no-stop-on-test-error
r-devel-windows-ix86+x86_64 0.9-6 67.00 258.00 325.00 ERROR
r-patched-linux-x86_64 0.9-6 19.55 72.52 92.07 OK
r-patched-solaris-sparc 0.9-6 1052.90 OK
r-patched-solaris-x86 0.9-6 212.20 OK
r-release-linux-x86_64 0.9-6 19.29 72.71 91.99 OK
r-release-osx-x86_64-mavericks 0.9-6 OK
r-release-windows-ix86+x86_64 0.9-6 87.00 173.00 260.00 OK
r-oldrel-windows-ix86+x86_64 0.9-6 81.00 254.00 335.00 OK

Check Details

Version: 0.9-6
Check: whether package can be installed
Result: WARN
    Found the following significant warnings:
     Warning: GNU Extension: Nonstandard type declaration LOGICAL*1 at (1)
Flavors: r-devel-linux-x86_64-debian-clang, r-devel-linux-x86_64-debian-gcc, r-devel-windows-ix86+x86_64

Version: 0.9-6
Check: tests
Result: ERROR
     Running ‘exporting-methods.R’ [2s/2s]
     Running ‘mahal-dist.R’ [2s/2s]
     Comparing ‘mahal-dist.Rout’ to ‘mahal-dist.Rout.save’ ... OK
     Running ‘testthat.R’ [15s/15s]
    Running the tests in ‘tests/testthat.R’ failed.
    Last 13 lines of output:
    
     The following object is masked from 'package:base':
    
     backsolve
    
     1. Failure: New matching.failed (@test.summary.optmatch.R#83) ------------------
     is.null(summary(f)$matching.failed) isn't true.
    
    
     testthat results ================================================================
     OK: 1152 SKIPPED: 0 FAILED: 1
     1. Failure: New matching.failed (@test.summary.optmatch.R#83)
    
     Error: testthat unit tests failed
     Execution halted
Flavor: r-devel-linux-x86_64-debian-clang

Version: 0.9-6
Check: tests
Result: ERROR
     Running ‘exporting-methods.R’ [2s/2s]
     Running ‘mahal-dist.R’ [2s/2s]
     Comparing ‘mahal-dist.Rout’ to ‘mahal-dist.Rout.save’ ... OK
     Running ‘testthat.R’ [14s/14s]
    Running the tests in ‘tests/testthat.R’ failed.
    Last 13 lines of output:
    
     The following object is masked from 'package:base':
    
     backsolve
    
     1. Failure: New matching.failed (@test.summary.optmatch.R#83) ------------------
     is.null(summary(f)$matching.failed) isn't true.
    
    
     testthat results ================================================================
     OK: 1152 SKIPPED: 0 FAILED: 1
     1. Failure: New matching.failed (@test.summary.optmatch.R#83)
    
     Error: testthat unit tests failed
     Execution halted
Flavor: r-devel-linux-x86_64-debian-gcc

Version: 0.9-6
Flags: --no-stop-on-test-error
Check: whether package can be installed
Result: WARN
    Found the following significant warnings:
     Warning: GNU Extension: Nonstandard type declaration LOGICAL*1 at (1)
Flavors: r-devel-linux-x86_64-fedora-clang, r-devel-linux-x86_64-fedora-gcc, r-devel-macos-x86_64-clang

Version: 0.9-6
Flags: --no-stop-on-test-error
Check: tests
Result: ERROR
     Running ‘exporting-methods.R’
     Running ‘mahal-dist.R’
     Comparing ‘mahal-dist.Rout’ to ‘mahal-dist.Rout.save’ ... OK
     Running ‘testthat.R’ [30s/36s]
    Running the tests in ‘tests/testthat.R’ failed.
    Last 13 lines of output:
    
     The following object is masked from 'package:base':
    
     backsolve
    
     1. Failure: New matching.failed (@test.summary.optmatch.R#83) ------------------
     is.null(summary(f)$matching.failed) isn't true.
    
    
     testthat results ================================================================
     OK: 1152 SKIPPED: 0 FAILED: 1
     1. Failure: New matching.failed (@test.summary.optmatch.R#83)
    
     Error: testthat unit tests failed
     Execution halted
Flavor: r-devel-linux-x86_64-fedora-clang

Version: 0.9-6
Flags: --no-stop-on-test-error
Check: tests
Result: ERROR
     Running ‘exporting-methods.R’
     Running ‘mahal-dist.R’
     Comparing ‘mahal-dist.Rout’ to ‘mahal-dist.Rout.save’ ... OK
     Running ‘testthat.R’ [29s/35s]
    Running the tests in ‘tests/testthat.R’ failed.
    Last 13 lines of output:
    
     The following object is masked from 'package:base':
    
     backsolve
    
     1. Failure: New matching.failed (@test.summary.optmatch.R#83) ------------------
     is.null(summary(f)$matching.failed) isn't true.
    
    
     testthat results ================================================================
     OK: 1152 SKIPPED: 0 FAILED: 1
     1. Failure: New matching.failed (@test.summary.optmatch.R#83)
    
     Error: testthat unit tests failed
     Execution halted
Flavor: r-devel-linux-x86_64-fedora-gcc

Version: 0.9-6
Flags: --no-stop-on-test-error
Check: tests
Result: ERROR
     Running ‘exporting-methods.R’
     Running ‘mahal-dist.R’
     Comparing ‘mahal-dist.Rout’ to ‘mahal-dist.Rout.save’ ... OK
     Running ‘testthat.R’ [23s/30s]
    Running the tests in ‘tests/testthat.R’ failed.
    Last 13 lines of output:
    
     The following object is masked from 'package:base':
    
     backsolve
    
     1. Failure: New matching.failed (@test.summary.optmatch.R#83) ------------------
     is.null(summary(f)$matching.failed) isn't true.
    
    
     testthat results ================================================================
     OK: 1152 SKIPPED: 0 FAILED: 1
     1. Failure: New matching.failed (@test.summary.optmatch.R#83)
    
     Error: testthat unit tests failed
     Execution halted
Flavor: r-devel-macos-x86_64-clang

Version: 0.9-6
Check: running tests for arch ‘i386’
Result: ERROR
     Running 'exporting-methods.R' [3s]
     Running 'mahal-dist.R' [3s]
     Comparing 'mahal-dist.Rout' to 'mahal-dist.Rout.save' ... OK
     Running 'testthat.R' [25s]
    Running the tests in 'tests/testthat.R' failed.
    Last 13 lines of output:
    
     The following object is masked from 'package:base':
    
     backsolve
    
     1. Failure: New matching.failed (@test.summary.optmatch.R#83) ------------------
     is.null(summary(f)$matching.failed) isn't true.
    
    
     testthat results ================================================================
     OK: 1152 SKIPPED: 0 FAILED: 1
     1. Failure: New matching.failed (@test.summary.optmatch.R#83)
    
     Error: testthat unit tests failed
     Execution halted
Flavor: r-devel-windows-ix86+x86_64

Version: 0.9-6
Check: running tests for arch ‘x64’
Result: ERROR
     Running 'exporting-methods.R' [4s]
     Running 'mahal-dist.R' [4s]
     Comparing 'mahal-dist.Rout' to 'mahal-dist.Rout.save' ... OK
     Running 'testthat.R' [30s]
    Running the tests in 'tests/testthat.R' failed.
    Last 13 lines of output:
    
     The following object is masked from 'package:base':
    
     backsolve
    
     1. Failure: New matching.failed (@test.summary.optmatch.R#83) ------------------
     is.null(summary(f)$matching.failed) isn't true.
    
    
     testthat results ================================================================
     OK: 1152 SKIPPED: 0 FAILED: 1
     1. Failure: New matching.failed (@test.summary.optmatch.R#83)
    
     Error: testthat unit tests failed
     Execution halted
Flavor: r-devel-windows-ix86+x86_64