CRAN Package Check Results for Package optmatch

Last updated on 2016-06-30 21:46:50.

Flavor Version Tinstall Tcheck Ttotal Status Flags
r-devel-linux-x86_64-debian-gcc 0.9-6 27.81 80.80 108.61 OK
r-devel-linux-x86_64-fedora-clang 0.9-6 192.40 OK
r-devel-linux-x86_64-fedora-gcc 0.9-6 176.05 OK
r-devel-osx-x86_64-clang 0.9-6 148.04 OK
r-devel-windows-ix86+x86_64 0.9-6 61.00 184.00 245.00 OK
r-patched-linux-x86_64 0.9-6 21.90 83.84 105.74 OK
r-patched-solaris-sparc 0.9-6 1040.60 NOTE
r-patched-solaris-x86 0.9-6 208.80 NOTE
r-release-linux-x86_64 0.9-6 20.78 77.93 98.71 OK
r-release-osx-x86_64-mavericks 0.9-6 OK
r-release-windows-ix86+x86_64 0.9-6 82.00 233.00 315.00 OK
r-oldrel-windows-ix86+x86_64 0.9-6 81.00 204.00 285.00 OK

Check Details

Version: 0.9-6
Check: installed package size
Result: NOTE
     installed size is 6.6Mb
     sub-directories of 1Mb or more:
     libs 5.0Mb
Flavors: r-patched-solaris-sparc, r-patched-solaris-x86