CRAN Package Check Results for Package optmatch

Last updated on 2016-04-28 21:47:37.

Flavor Version Tinstall Tcheck Ttotal Status Flags
r-devel-linux-x86_64-debian-gcc 0.9-5 15.33 80.91 96.24 ERROR
r-devel-linux-x86_64-fedora-clang 0.9-5 189.44 ERROR
r-devel-linux-x86_64-fedora-gcc 0.9-5 177.16 ERROR
r-devel-osx-x86_64-clang 0.9-5 196.03 ERROR
r-devel-windows-ix86+x86_64 0.9-5 70.00 246.00 316.00 ERROR
r-patched-linux-x86_64 0.9-5 14.47 79.30 93.77 ERROR
r-patched-solaris-sparc 0.9-5 1036.10 ERROR
r-patched-solaris-x86 0.9-5 220.10 ERROR
r-release-linux-x86_64 0.9-5 15.37 85.42 100.79 ERROR
r-release-osx-x86_64-mavericks 0.9-5 OK
r-release-windows-ix86+x86_64 0.9-5 47.00 206.00 253.00 ERROR
r-oldrel-windows-ix86+x86_64 0.9-5 66.00 322.00 388.00 ERROR

Check Details

Version: 0.9-5
Check: for missing documentation entries
Result: WARN
    Undocumented S4 methods:
     generic 'dimnames<-' and siglist 'InfinitySparseMatrix,ANY'
    All user-level objects in a package (including S4 classes and methods)
    should have documentation entries.
    See chapter ‘Writing R documentation files’ in the ‘Writing R
    Extensions’ manual.
Flavors: r-devel-linux-x86_64-debian-gcc, r-devel-linux-x86_64-fedora-clang, r-devel-linux-x86_64-fedora-gcc, r-devel-osx-x86_64-clang, r-devel-windows-ix86+x86_64, r-patched-linux-x86_64, r-patched-solaris-sparc, r-patched-solaris-x86, r-release-linux-x86_64, r-release-windows-ix86+x86_64, r-oldrel-windows-ix86+x86_64

Version: 0.9-5
Check: tests
Result: ERROR
    Running the tests in ‘tests/testthat-tests.R’ failed.
    Last 13 lines of output:
     to be the same as your original data.
    
     Failed -------------------------------------------------------------------------
     1. Failure: Invalid mean.controls input (@test.fullmatch.infeasible.recovery.R#15)
     error$message does not match "omit.fraction and mean.controls cannot both be specified.".
     Actual value: "omit.fraction and mean.controls cannot both be specified"
    
    
     DONE ===========================================================================
     Error: Test failures
     In addition: Warning message:
     Placing tests in `inst/tests/` is deprecated. Please use `tests/testthat/` instead
     Execution halted
Flavors: r-devel-linux-x86_64-debian-gcc, r-devel-linux-x86_64-fedora-clang, r-devel-linux-x86_64-fedora-gcc, r-devel-osx-x86_64-clang, r-patched-linux-x86_64, r-patched-solaris-sparc, r-patched-solaris-x86, r-release-linux-x86_64

Version: 0.9-5
Check: running tests for arch ‘i386’
Result: ERROR
    Running the tests in 'tests/testthat-tests.R' failed.
    Last 13 lines of output:
     to be the same as your original data.
    
     Failed -------------------------------------------------------------------------
     1. Failure: Invalid mean.controls input (@test.fullmatch.infeasible.recovery.R#15)
     error$message does not match "omit.fraction and mean.controls cannot both be specified.".
     Actual value: "omit.fraction and mean.controls cannot both be specified"
    
    
     DONE ===========================================================================
     Error: Test failures
     In addition: Warning message:
     Placing tests in `inst/tests/` is deprecated. Please use `tests/testthat/` instead
     Execution halted
Flavors: r-devel-windows-ix86+x86_64, r-release-windows-ix86+x86_64, r-oldrel-windows-ix86+x86_64

Version: 0.9-5
Check: running tests for arch ‘x64’
Result: ERROR
    Running the tests in 'tests/testthat-tests.R' failed.
    Last 13 lines of output:
     to be the same as your original data.
    
     Failed -------------------------------------------------------------------------
     1. Failure: Invalid mean.controls input (@test.fullmatch.infeasible.recovery.R#15)
     error$message does not match "omit.fraction and mean.controls cannot both be specified.".
     Actual value: "omit.fraction and mean.controls cannot both be specified"
    
    
     DONE ===========================================================================
     Error: Test failures
     In addition: Warning message:
     Placing tests in `inst/tests/` is deprecated. Please use `tests/testthat/` instead
     Execution halted
Flavors: r-devel-windows-ix86+x86_64, r-release-windows-ix86+x86_64, r-oldrel-windows-ix86+x86_64