CRAN Package Check Results for Package optmatch

Last updated on 2017-04-28 17:47:48.

Flavor Version Tinstall Tcheck Ttotal Status Flags
r-devel-linux-x86_64-debian-clang 0.9-7 23.40 86.50 109.90 NOTE
r-devel-linux-x86_64-debian-gcc 0.9-7 22.17 84.01 106.18 NOTE
r-devel-linux-x86_64-fedora-clang 0.9-7 238.12 NOTE --no-stop-on-test-error
r-devel-linux-x86_64-fedora-gcc 0.9-7 212.11 NOTE --no-stop-on-test-error
r-devel-windows-ix86+x86_64 0.9-7 86.00 276.00 362.00 OK
r-patched-linux-x86_64 0.9-7 19.99 84.90 104.89 NOTE
r-patched-solaris-sparc 0.9-7 1172.60 OK
r-patched-solaris-x86 0.9-7 254.90 OK
r-release-linux-x86_64 0.9-7 19.97 84.30 104.26 NOTE
r-release-windows-ix86+x86_64 0.9-7 84.00 273.00 357.00 OK
r-release-osx-x86_64 0.9-7 OK
r-oldrel-windows-ix86+x86_64 0.9-7 90.00 234.00 324.00 OK
r-oldrel-osx-x86_64 0.9-7 OK

Check Details

Version: 0.9-7
Check: compiled code
Result: NOTE
    File ‘optmatch/libs/optmatch.so’:
     Found no calls to: ‘R_registerRoutines’, ‘R_useDynamicSymbols’
    
    It is good practice to register native routines and to disable symbol
    search.
    
    See ‘Writing portable packages’ in the ‘Writing R Extensions’ manual.
Flavors: r-devel-linux-x86_64-debian-clang, r-devel-linux-x86_64-debian-gcc, r-patched-linux-x86_64, r-release-linux-x86_64

Version: 0.9-7
Flags: --no-stop-on-test-error
Check: compiled code
Result: NOTE
    File ‘optmatch/libs/optmatch.so’:
     Found no calls to: ‘R_registerRoutines’, ‘R_useDynamicSymbols’
    
    It is good practice to register native routines and to disable symbol
    search.
    
    See ‘Writing portable packages’ in the ‘Writing R Extensions’ manual.
Flavors: r-devel-linux-x86_64-fedora-clang, r-devel-linux-x86_64-fedora-gcc