CRAN Package Check Results for Package optmatch

Last updated on 2015-04-27 10:48:52.

Flavor Version Tinstall Tcheck Ttotal Status Flags
r-devel-linux-x86_64-debian-clang 0.9-3 6.59 44.12 50.71 NOTE
r-devel-linux-x86_64-debian-gcc 0.9-3 6.49 42.33 48.82 NOTE
r-devel-linux-x86_64-fedora-clang 0.9-3 96.18 NOTE
r-devel-linux-x86_64-fedora-gcc 0.9-3 88.16 NOTE
r-devel-osx-x86_64-clang 0.9-3 81.16 NOTE
r-devel-windows-ix86+x86_64 0.9-3 22.00 97.00 119.00 NOTE
r-patched-linux-x86_64 0.9-3 7.03 41.94 48.98 NOTE
r-patched-solaris-sparc 0.9-3 576.60 NOTE
r-patched-solaris-x86 0.9-3 120.00 NOTE
r-release-linux-x86_64 0.9-3 6.50 43.56 50.06 NOTE
r-release-osx-x86_64-mavericks 0.9-3 NOTE
r-release-osx-x86_64-snowleopard 0.9-3 NOTE
r-release-windows-ix86+x86_64 0.9-3 32.00 128.00 160.00 NOTE
r-oldrel-windows-ix86+x86_64 0.9-3 17.00 107.00 124.00 OK

Check Details

Version: 0.9-3
Check: DESCRIPTION meta-information
Result: NOTE
    Malformed Description field: should contain one or more complete sentences.
Flavors: r-devel-linux-x86_64-debian-clang, r-devel-linux-x86_64-debian-gcc, r-devel-linux-x86_64-fedora-clang, r-devel-linux-x86_64-fedora-gcc, r-devel-osx-x86_64-clang, r-devel-windows-ix86+x86_64, r-patched-solaris-sparc, r-patched-solaris-x86, r-release-osx-x86_64-mavericks, r-release-osx-x86_64-snowleopard, r-release-windows-ix86+x86_64