CRAN Package Check Results for Package optparse

Last updated on 2017-03-22 23:53:27.

Flavor Version Tinstall Tcheck Ttotal Status Flags
r-devel-linux-x86_64-debian-clang 1.3.2 0.65 20.39 21.03 OK
r-devel-linux-x86_64-debian-gcc 1.3.2 0.64 20.46 21.10 OK
r-devel-linux-x86_64-fedora-clang 1.3.2 35.32 OK --no-stop-on-test-error
r-devel-linux-x86_64-fedora-gcc 1.3.2 34.43 OK --no-stop-on-test-error
r-devel-windows-ix86+x86_64 1.3.2 3.00 32.00 35.00 OK --no-vignettes
r-patched-linux-x86_64 1.3.2 0.61 16.08 16.69 OK
r-patched-solaris-sparc 1.3.2 155.80 OK --no-vignettes
r-patched-solaris-x86 1.3.2 38.20 OK --no-vignettes
r-release-linux-x86_64 1.3.2 0.61 14.87 15.49 OK
r-release-osx-x86_64-mavericks 1.3.2 WARN
r-release-windows-ix86+x86_64 1.3.2 7.00 29.00 36.00 OK --no-vignettes
r-oldrel-windows-ix86+x86_64 1.3.2 5.00 33.00 38.00 OK --no-vignettes

Check Details

Version: 1.3.2
Check: re-building of vignette outputs
Result: WARN
    Error in re-building vignettes:
     ...
    sh: rst2pdf: command not found
    Error: processing vignette 'optparse.Rrst' failed with diagnostics:
    conversion by rst2pdf failed!
    Execution halted
Flavor: r-release-osx-x86_64-mavericks