CRAN Package Check Results for Package optparse

Last updated on 2017-01-20 16:47:26.

Flavor Version Tinstall Tcheck Ttotal Status Flags
r-devel-linux-x86_64-debian-clang 1.3.2 0.64 19.07 19.71 OK
r-devel-linux-x86_64-debian-gcc 1.3.2 0.71 18.72 19.43 OK
r-devel-linux-x86_64-fedora-clang 1.3.2 35.63 OK --no-stop-on-test-error
r-devel-linux-x86_64-fedora-gcc 1.3.2 34.33 OK --no-stop-on-test-error
r-devel-windows-ix86+x86_64 1.3.2 4.00 68.00 72.00 OK --no-vignettes
r-patched-linux-x86_64 1.3.2 0.64 14.35 14.99 OK
r-patched-solaris-sparc 1.3.2 123.10 OK --no-vignettes
r-patched-solaris-x86 1.3.2 29.20 OK --no-vignettes
r-release-linux-x86_64 1.3.2 0.70 14.19 14.89 OK
r-release-osx-x86_64-mavericks 1.3.2 WARN
r-release-windows-ix86+x86_64 1.3.2 3.00 38.00 41.00 OK --no-vignettes
r-oldrel-windows-ix86+x86_64 1.3.2 4.00 61.00 65.00 OK --no-vignettes

Check Details

Version: 1.3.2
Check: re-building of vignette outputs
Result: WARN
    Error in re-building vignettes:
     ...
    sh: rst2pdf: command not found
    Error: processing vignette 'optparse.Rrst' failed with diagnostics:
    conversion by rst2pdf failed!
    Execution halted
Flavor: r-release-osx-x86_64-mavericks