CRAN Package Check Results for Package optparse

Last updated on 2016-09-29 12:47:59.

Flavor Version Tinstall Tcheck Ttotal Status Flags
r-devel-linux-x86_64-debian-clang 1.3.2 0.60 14.77 15.37 OK
r-devel-linux-x86_64-debian-gcc 1.3.2 0.61 14.65 15.26 OK
r-devel-linux-x86_64-fedora-clang 1.3.2 26.44 OK
r-devel-linux-x86_64-fedora-gcc 1.3.2 25.29 OK
r-devel-macos-x86_64-clang 1.3.2 22.38 WARN
r-devel-windows-ix86+x86_64 1.3.2 2.00 44.00 46.00 WARN
r-patched-linux-x86_64 1.3.2 0.67 14.21 14.89 OK
r-patched-solaris-sparc 1.3.2 148.50 WARN
r-patched-solaris-x86 1.3.2 33.20 WARN
r-release-linux-x86_64 1.3.2 0.62 14.36 14.98 OK
r-release-osx-x86_64-mavericks 1.3.2 WARN
r-release-windows-ix86+x86_64 1.3.2 4.00 31.00 35.00 WARN
r-oldrel-windows-ix86+x86_64 1.3.2 4.00 35.00 39.00 NOTE

Check Details

Version: 1.3.2
Check: re-building of vignette outputs
Result: WARN
    Error in re-building vignettes:
     ...
    Traceback (most recent call last):
     File "/usr/local/bin/rst2pdf", line 5, in <module>
     from pkg_resources import load_entry_point
     File "/System/Library/Frameworks/Python.framework/Versions/2.7/Extras/lib/python/pkg_resources/__init__.py", line 3095, in <module>
     @_call_aside
     File "/System/Library/Frameworks/Python.framework/Versions/2.7/Extras/lib/python/pkg_resources/__init__.py", line 3081, in _call_aside
     f(*args, **kwargs)
     File "/System/Library/Frameworks/Python.framework/Versions/2.7/Extras/lib/python/pkg_resources/__init__.py", line 3108, in _initialize_master_working_set
     working_set = WorkingSet._build_master()
     File "/System/Library/Frameworks/Python.framework/Versions/2.7/Extras/lib/python/pkg_resources/__init__.py", line 658, in _build_master
     ws.require(__requires__)
     File "/System/Library/Frameworks/Python.framework/Versions/2.7/Extras/lib/python/pkg_resources/__init__.py", line 959, in require
     needed = self.resolve(parse_requirements(requirements))
     File "/System/Library/Frameworks/Python.framework/Versions/2.7/Extras/lib/python/pkg_resources/__init__.py", line 846, in resolve
     raise DistributionNotFound(req, requirers)
    pkg_resources.DistributionNotFound: The 'pip>=1.4.1' distribution was not found and is required by reportlab
    Error: processing vignette 'optparse.Rrst' failed with diagnostics:
    conversion by rst2pdf failed!
    Execution halted
Flavor: r-devel-macos-x86_64-clang

Version: 1.3.2
Check: re-building of vignette outputs
Result: WARN
    Error in re-building vignettes:
     ...
    Warning: running command '"rst2pdf" "optparse.rst" -o "optparse.pdf" ' had status 127
    Error: processing vignette 'optparse.Rrst' failed with diagnostics:
    conversion by rst2pdf failed!
    Execution halted
Flavors: r-devel-windows-ix86+x86_64, r-release-windows-ix86+x86_64

Version: 1.3.2
Check: re-building of vignette outputs
Result: WARN
    Error in re-building vignettes:
     ...
    sh: rst2pdf: not found
    Error: processing vignette 'optparse.Rrst' failed with diagnostics:
    conversion by rst2pdf failed!
    Execution halted
Flavors: r-patched-solaris-sparc, r-patched-solaris-x86

Version: 1.3.2
Check: re-building of vignette outputs
Result: WARN
    Error in re-building vignettes:
     ...
    sh: rst2pdf: command not found
    Error: processing vignette 'optparse.Rrst' failed with diagnostics:
    conversion by rst2pdf failed!
    Execution halted
Flavor: r-release-osx-x86_64-mavericks

Version: 1.3.2
Check: re-building of vignette outputs
Result: NOTE
    Error in re-building vignettes:
     ...
    Warning: running command '"rst2pdf" "optparse.rst" -o "optparse.pdf" ' had status 127
    Error: processing vignette 'optparse.Rrst' failed with diagnostics:
    conversion by rst2pdf failed!
    Execution halted
Flavor: r-oldrel-windows-ix86+x86_64