CRAN Package Check Results for Package optparse

Last updated on 2015-03-27 21:47:55.

Flavor Version Tinstall Tcheck Ttotal Status Flags
r-devel-linux-x86_64-debian-clang 1.3.0 0.62 14.70 15.32 NOTE
r-devel-linux-x86_64-debian-gcc 1.3.0 0.59 14.49 15.08 NOTE
r-devel-linux-x86_64-fedora-clang 1.3.0 31.25 NOTE
r-devel-linux-x86_64-fedora-gcc 1.3.0 29.62 NOTE
r-devel-osx-x86_64-clang 1.3.0 35.09 NOTE
r-prerel-windows-ix86+x86_64 1.3.0 4.00 27.00 31.00 NOTE
r-prerel-linux-x86_64 1.3.0 0.66 14.96 15.62 NOTE
r-prerel-solaris-sparc 1.3.0 217.80 NOTE
r-prerel-solaris-x86 1.3.0 42.40 NOTE
r-release-linux-x86_64 1.3.0 0.67 16.23 16.90 OK
r-release-osx-x86_64-mavericks 1.3.0 NOTE
r-release-osx-x86_64-snowleopard 1.3.0 NOTE
r-release-windows-ix86+x86_64 1.3.0 3.00 32.00 35.00 NOTE
r-oldrel-windows-ix86+x86_64 1.3.0 3.00 32.00 35.00 NOTE

Check Details

Version: 1.3.0
Check: DESCRIPTION meta-information
Result: NOTE
    Malformed Title field: should not end in a period.
Flavors: r-devel-linux-x86_64-debian-clang, r-devel-linux-x86_64-debian-gcc, r-devel-linux-x86_64-fedora-clang, r-devel-linux-x86_64-fedora-gcc, r-devel-osx-x86_64-clang, r-prerel-windows-ix86+x86_64, r-prerel-linux-x86_64, r-prerel-solaris-sparc, r-prerel-solaris-x86

Version: 1.3.0
Check: re-building of vignette outputs
Result: NOTE
    Error in re-building vignettes:
     ...
    sh: rst2pdf: command not found
    Error: processing vignette 'optparse.Rrst' failed with diagnostics:
    conversion by rst2pdf failed!
    Execution halted
Flavors: r-devel-osx-x86_64-clang, r-release-osx-x86_64-mavericks, r-release-osx-x86_64-snowleopard

Version: 1.3.0
Check: re-building of vignette outputs
Result: NOTE
    Error in re-building vignettes:
     ...
    Warning: running command '"rst2pdf" "optparse.rst" -o "optparse.pdf" ' had status 127
    Error: processing vignette 'optparse.Rrst' failed with diagnostics:
    conversion by rst2pdf failed!
    Execution halted
Flavors: r-prerel-windows-ix86+x86_64, r-release-windows-ix86+x86_64, r-oldrel-windows-ix86+x86_64

Version: 1.3.0
Check: re-building of vignette outputs
Result: NOTE
    Error in re-building vignettes:
     ...
    sh: rst2pdf: not found
    Error: processing vignette 'optparse.Rrst' failed with diagnostics:
    conversion by rst2pdf failed!
    Execution halted
Flavors: r-prerel-solaris-sparc, r-prerel-solaris-x86