CRAN Package Check Results for Package optparse

Last updated on 2014-12-19 08:48:36.

Flavor Version Tinstall Tcheck Ttotal Status Flags
r-devel-linux-x86_64-debian-clang 1.3.0 0.72 16.53 17.25 OK
r-devel-linux-x86_64-debian-gcc 1.3.0 0.70 16.42 17.12 OK
r-devel-linux-x86_64-fedora-clang 1.3.0 38.19 OK
r-devel-linux-x86_64-fedora-gcc 1.3.0 35.01 OK
r-devel-osx-x86_64-clang 1.3.0 35.34 NOTE
r-devel-windows-ix86+x86_64 1.3.0 3.00 29.00 32.00 NOTE
r-patched-linux-x86_64 1.3.0 0.74 16.09 16.83 OK
r-patched-solaris-sparc 1.3.0 183.50 NOTE
r-patched-solaris-x86 1.3.0 49.40 NOTE
r-release-linux-ix86 1.3.0 0.99 24.59 25.58 OK
r-release-linux-x86_64 1.3.0 0.67 15.74 16.41 OK
r-release-osx-x86_64-mavericks 1.3.0 NOTE
r-release-osx-x86_64-snowleopard 1.3.0 NOTE
r-release-windows-ix86+x86_64 1.3.0 3.00 31.00 34.00 NOTE
r-oldrel-windows-ix86+x86_64 1.3.0 3.00 33.00 36.00 NOTE

Check Details

Version: 1.3.0
Check: re-building of vignette outputs
Result: NOTE
    Error in re-building vignettes:
     ...
    sh: rst2pdf: command not found
    Error: processing vignette 'optparse.Rrst' failed with diagnostics:
    conversion by rst2pdf failed!
    Execution halted
Flavors: r-devel-osx-x86_64-clang, r-release-osx-x86_64-mavericks, r-release-osx-x86_64-snowleopard

Version: 1.3.0
Check: re-building of vignette outputs
Result: NOTE
    Error in re-building vignettes:
     ...
    Warning: running command '"rst2pdf" "optparse.rst" -o "optparse.pdf" ' had status 127
    Error: processing vignette 'optparse.Rrst' failed with diagnostics:
    conversion by rst2pdf failed!
    Execution halted
Flavors: r-devel-windows-ix86+x86_64, r-release-windows-ix86+x86_64, r-oldrel-windows-ix86+x86_64

Version: 1.3.0
Check: re-building of vignette outputs
Result: NOTE
    Error in re-building vignettes:
     ...
    sh: rst2pdf: not found
    Error: processing vignette 'optparse.Rrst' failed with diagnostics:
    conversion by rst2pdf failed!
    Execution halted
Flavors: r-patched-solaris-sparc, r-patched-solaris-x86