CRAN Package Check Results for Package optparse

Last updated on 2015-07-28 23:47:42.

Flavor Version Tinstall Tcheck Ttotal Status Flags
r-devel-linux-x86_64-debian-clang 1.3.0 0.59 14.36 14.94 NOTE
r-devel-linux-x86_64-debian-gcc 1.3.0 0.64 14.26 14.91 NOTE
r-devel-linux-x86_64-fedora-clang 1.3.0 29.41 NOTE
r-devel-linux-x86_64-fedora-gcc 1.3.0 27.65 NOTE
r-devel-osx-x86_64-clang 1.3.0 25.29 NOTE
r-devel-windows-ix86+x86_64 1.3.0 2.00 25.00 27.00 NOTE
r-patched-linux-x86_64 1.3.0 0.62 15.05 15.67 NOTE
r-patched-solaris-sparc 1.3.0 191.20 NOTE
r-patched-solaris-x86 1.3.0 43.10 NOTE
r-release-linux-x86_64 1.3.0 0.60 14.26 14.85 NOTE
r-release-osx-x86_64-mavericks 1.3.0 NOTE
r-release-windows-ix86+x86_64 1.3.0 6.00 26.00 32.00 NOTE
r-oldrel-windows-ix86+x86_64 1.3.0 4.00 29.00 33.00 NOTE

Check Details

Version: 1.3.0
Check: DESCRIPTION meta-information
Result: NOTE
    Malformed Title field: should not end in a period.
Flavors: r-devel-linux-x86_64-debian-clang, r-devel-linux-x86_64-debian-gcc, r-devel-linux-x86_64-fedora-clang, r-devel-linux-x86_64-fedora-gcc, r-devel-osx-x86_64-clang, r-devel-windows-ix86+x86_64, r-patched-linux-x86_64, r-patched-solaris-sparc, r-patched-solaris-x86, r-release-linux-x86_64, r-release-osx-x86_64-mavericks, r-release-windows-ix86+x86_64

Version: 1.3.0
Check: R code for possible problems
Result: NOTE
    .requires_argument: no visible global function definition for ‘tail’
    Undefined global functions or variables:
     tail
    Consider adding
     importFrom("utils", "tail")
    to your NAMESPACE.
Flavors: r-devel-linux-x86_64-debian-clang, r-devel-linux-x86_64-debian-gcc, r-devel-linux-x86_64-fedora-clang, r-devel-linux-x86_64-fedora-gcc, r-devel-windows-ix86+x86_64

Version: 1.3.0
Check: re-building of vignette outputs
Result: NOTE
    Error in re-building vignettes:
     ...
    sh: rst2pdf: command not found
    Error: processing vignette 'optparse.Rrst' failed with diagnostics:
    conversion by rst2pdf failed!
    Execution halted
Flavors: r-devel-osx-x86_64-clang, r-release-osx-x86_64-mavericks

Version: 1.3.0
Check: re-building of vignette outputs
Result: NOTE
    Error in re-building vignettes:
     ...
    Warning: running command '"rst2pdf" "optparse.rst" -o "optparse.pdf" ' had status 127
    Error: processing vignette 'optparse.Rrst' failed with diagnostics:
    conversion by rst2pdf failed!
    Execution halted
Flavors: r-devel-windows-ix86+x86_64, r-release-windows-ix86+x86_64, r-oldrel-windows-ix86+x86_64

Version: 1.3.0
Check: re-building of vignette outputs
Result: NOTE
    Error in re-building vignettes:
     ...
    sh: rst2pdf: not found
    Error: processing vignette 'optparse.Rrst' failed with diagnostics:
    conversion by rst2pdf failed!
    Execution halted
Flavors: r-patched-solaris-sparc, r-patched-solaris-x86