CRAN Package Check Results for Package optparse

Last updated on 2017-11-20 23:49:51 CET.

Flavor Version Tinstall Tcheck Ttotal Status Flags
r-devel-linux-x86_64-debian-clang 1.4.4 0.58 18.01 18.59 OK
r-devel-linux-x86_64-debian-gcc 1.4.4 0.75 52.16 52.91 OK
r-devel-linux-x86_64-fedora-clang 1.4.4 32.08 OK
r-devel-linux-x86_64-fedora-gcc 1.4.4 49.70 OK
r-devel-windows-ix86+x86_64 1.4.4 3.00 31.00 34.00 OK --no-vignettes
r-patched-linux-x86_64 1.4.4 0.66 19.23 19.90 OK
r-patched-solaris-x86 1.4.4 36.70 OK --no-vignettes
r-release-linux-x86_64 1.4.4 0.74 18.88 19.62 OK
r-release-windows-ix86+x86_64 1.4.4 2.00 48.00 50.00 OK --no-vignettes
r-release-osx-x86_64 1.4.4 WARN
r-oldrel-windows-ix86+x86_64 1.4.4 2.00 38.00 40.00 OK --no-vignettes
r-oldrel-osx-x86_64 1.4.4 WARN

Check Details

Version: 1.4.4
Check: re-building of vignette outputs
Result: WARN
    Error in re-building vignettes:
     ...
    sh: +RTS: command not found
    Error: processing vignette 'optparse.Rrst' failed with diagnostics:
    pandoc document conversion failed with error 127
    Execution halted
Flavors: r-release-osx-x86_64, r-oldrel-osx-x86_64