CRAN Package Check Results for Package optparse

Last updated on 2017-05-25 23:52:59.

Flavor Version Tinstall Tcheck Ttotal Status Flags
r-devel-linux-x86_64-debian-clang 1.3.2 0.68 19.99 20.67 OK
r-devel-linux-x86_64-debian-gcc 1.3.2 0.69 19.71 20.39 OK
r-devel-linux-x86_64-fedora-clang 1.3.2 34.85 OK --no-stop-on-test-error
r-devel-linux-x86_64-fedora-gcc 1.3.2 33.81 OK --no-stop-on-test-error
r-devel-windows-ix86+x86_64 1.3.2 3.00 45.00 48.00 OK --no-vignettes
r-patched-linux-x86_64 1.3.2 0.69 18.98 19.67 OK
r-patched-solaris-sparc 1.3.2 155.80 OK --no-vignettes
r-patched-solaris-x86 1.3.2 36.40 OK --no-vignettes
r-release-linux-x86_64 1.3.2 0.67 19.11 19.78 OK
r-release-windows-ix86+x86_64 1.3.2 4.00 61.00 65.00 OK --no-vignettes
r-release-osx-x86_64 1.3.2 WARN
r-oldrel-windows-ix86+x86_64 1.3.2 5.00 28.00 33.00 OK --no-vignettes
r-oldrel-osx-x86_64 1.3.2 WARN

Check Details

Version: 1.3.2
Check: re-building of vignette outputs
Result: WARN
    Error in re-building vignettes:
     ...
    sh: rst2pdf: command not found
    Error: processing vignette 'optparse.Rrst' failed with diagnostics:
    conversion by rst2pdf failed!
    Execution halted
Flavors: r-release-osx-x86_64, r-oldrel-osx-x86_64