CRAN Package Check Results for Package optparse

Last updated on 2018-06-24 09:49:12 CEST.

Flavor Version Tinstall Tcheck Ttotal Status Flags
r-devel-linux-x86_64-debian-clang 1.6.0 1.25 28.05 29.30 OK
r-devel-linux-x86_64-debian-gcc 1.6.0 0.68 22.10 22.78 OK
r-devel-linux-x86_64-fedora-clang 1.6.0 22.89 OK
r-devel-linux-x86_64-fedora-gcc 1.6.0 22.35 OK
r-devel-windows-ix86+x86_64 1.6.0 5.00 40.00 45.00 OK --no-vignettes
r-patched-linux-x86_64 1.6.0 1.29 26.52 27.81 OK
r-patched-solaris-x86 1.6.0 40.60 OK --no-vignettes
r-release-linux-x86_64 1.6.0 1.09 26.24 27.33 OK
r-release-windows-ix86+x86_64 1.6.0 3.00 68.00 71.00 OK --no-vignettes
r-release-osx-x86_64 1.6.0 WARN
r-oldrel-windows-ix86+x86_64 1.6.0 4.00 58.00 62.00 OK --no-vignettes
r-oldrel-osx-x86_64 1.4.4 WARN

Check Details

Version: 1.6.0
Check: re-building of vignette outputs
Result: WARN
    Error in re-building vignettes:
     ...
    sh: +RTS: command not found
    Warning in system(command) : error in running command
    Error: processing vignette 'optparse.Rrst' failed with diagnostics:
    pandoc document conversion failed with error 127
    Execution halted
Flavor: r-release-osx-x86_64

Version: 1.4.4
Check: re-building of vignette outputs
Result: WARN
    Error in re-building vignettes:
     ...
    sh: +RTS: command not found
    Error: processing vignette 'optparse.Rrst' failed with diagnostics:
    pandoc document conversion failed with error 127
    Execution halted
Flavor: r-oldrel-osx-x86_64