CRAN Package Check Results for Package optparse

Last updated on 2017-07-25 07:46:53.

Flavor Version Tinstall Tcheck Ttotal Status Flags
r-devel-linux-x86_64-debian-clang 1.4.4 0.67 25.27 25.94 OK
r-devel-linux-x86_64-debian-gcc 1.4.4 0.69 25.32 26.02 OK
r-devel-linux-x86_64-fedora-clang 1.4.4 35.63 OK
r-devel-linux-x86_64-fedora-gcc 1.4.4 33.50 OK
r-devel-windows-ix86+x86_64 1.4.4 3.00 34.00 37.00 OK --no-vignettes
r-patched-linux-x86_64 1.4.4 0.72 25.36 26.08 OK
r-patched-solaris-x86 1.4.4 37.00 OK --no-vignettes
r-release-linux-x86_64 1.4.4 0.76 25.78 26.53 OK
r-release-windows-ix86+x86_64 1.4.4 3.00 37.00 40.00 OK --no-vignettes
r-release-osx-x86_64 1.4.4 WARN
r-oldrel-windows-ix86+x86_64 1.4.4 3.00 56.00 59.00 OK --no-vignettes
r-oldrel-osx-x86_64 1.4.4 WARN

Check Details

Version: 1.4.4
Check: re-building of vignette outputs
Result: WARN
    Error in re-building vignettes:
     ...
    sh: +RTS: command not found
    Error: processing vignette 'optparse.Rrst' failed with diagnostics:
    pandoc document conversion failed with error 127
    Execution halted
Flavors: r-release-osx-x86_64, r-oldrel-osx-x86_64