CRAN Package Check Results for Package optparse

Last updated on 2018-01-21 22:48:10 CET.

Flavor Version Tinstall Tcheck Ttotal Status Flags
r-devel-linux-x86_64-debian-clang 1.4.4 0.72 30.01 30.73 OK
r-devel-linux-x86_64-debian-gcc 1.4.4 0.70 23.83 24.53 OK
r-devel-linux-x86_64-fedora-clang 1.4.4 36.98 OK
r-devel-linux-x86_64-fedora-gcc 1.4.4 34.61 OK
r-devel-windows-ix86+x86_64 1.4.4 4.00 37.00 41.00 OK --no-vignettes
r-patched-linux-x86_64 1.4.4 0.79 29.37 30.16 OK
r-patched-solaris-x86 1.4.4 42.90 OK --no-vignettes
r-release-linux-x86_64 1.4.4 0.86 29.63 30.49 OK
r-release-windows-ix86+x86_64 1.4.4 6.00 44.00 50.00 OK --no-vignettes
r-release-osx-x86_64 1.4.4 WARN
r-oldrel-windows-ix86+x86_64 1.4.4 3.00 37.00 40.00 OK --no-vignettes
r-oldrel-osx-x86_64 1.4.4 WARN

Check Details

Version: 1.4.4
Check: re-building of vignette outputs
Result: WARN
    Error in re-building vignettes:
     ...
    sh: +RTS: command not found
    Error: processing vignette 'optparse.Rrst' failed with diagnostics:
    pandoc document conversion failed with error 127
    Execution halted
Flavors: r-release-osx-x86_64, r-oldrel-osx-x86_64