CRAN Package Check Results for Package optparse

Last updated on 2014-07-24 05:48:29.

Flavor Version Tinstall Tcheck Ttotal Status Flags
r-devel-linux-x86_64-debian-clang 1.2.0 0.66 15.24 15.90 OK
r-devel-linux-x86_64-debian-gcc 1.2.0 0.67 15.22 15.89 OK
r-devel-linux-x86_64-fedora-clang 1.2.0 35.01 OK
r-devel-linux-x86_64-fedora-gcc 1.2.0 32.98 OK
r-devel-osx-x86_64-clang 1.2.0 33.97 NOTE
r-devel-windows-ix86+x86_64 1.2.0 3.00 32.00 35.00 NOTE
r-patched-linux-x86_64 1.2.0 0.66 15.88 16.55 OK
r-patched-solaris-sparc 1.2.0 177.00 NOTE
r-patched-solaris-x86 1.2.0 49.80 NOTE
r-release-linux-ix86 1.2.0 1.00 38.12 39.11 OK
r-release-linux-x86_64 1.2.0 0.68 15.98 16.66 OK
r-release-osx-x86_64-mavericks 1.2.0 NOTE
r-release-osx-x86_64-snowleopard 1.2.0 NOTE
r-release-windows-ix86+x86_64 1.2.0 2.00 31.00 33.00 NOTE
r-oldrel-windows-ix86+x86_64 1.2.0 2.00 32.00 34.00 NOTE

Check Details

Version: 1.2.0
Check: re-building of vignette outputs
Result: NOTE
    Error in re-building vignettes:
     ...
    sh: rst2pdf: command not found
    Error: processing vignette 'optparse.Rrst' failed with diagnostics:
    conversion by rst2pdf failed!
    Execution halted
Flavors: r-devel-osx-x86_64-clang, r-release-osx-x86_64-mavericks, r-release-osx-x86_64-snowleopard

Version: 1.2.0
Check: re-building of vignette outputs
Result: NOTE
    Error in re-building vignettes:
     ...
    Warning: running command '"rst2pdf" "optparse.rst" -o "optparse.pdf" ' had status 127
    Error: processing vignette 'optparse.Rrst' failed with diagnostics:
    conversion by rst2pdf failed!
    Execution halted
Flavors: r-devel-windows-ix86+x86_64, r-release-windows-ix86+x86_64, r-oldrel-windows-ix86+x86_64

Version: 1.2.0
Check: re-building of vignette outputs
Result: NOTE
    Error in re-building vignettes:
     ...
    sh: rst2pdf: not found
    Error: processing vignette 'optparse.Rrst' failed with diagnostics:
    conversion by rst2pdf failed!
    Execution halted
Flavors: r-patched-solaris-sparc, r-patched-solaris-x86