CRAN Package Check Results for Package optparse

Last updated on 2017-04-23 23:51:15.

Flavor Version Tinstall Tcheck Ttotal Status Flags
r-devel-linux-x86_64-debian-clang 1.3.2 0.63 20.42 21.05 OK
r-devel-linux-x86_64-debian-gcc 1.3.2 0.66 20.37 21.03 OK
r-devel-linux-x86_64-fedora-clang 1.3.2 37.17 OK --no-stop-on-test-error
r-devel-linux-x86_64-fedora-gcc 1.3.2 34.43 OK --no-stop-on-test-error
r-devel-windows-ix86+x86_64 1.3.2 4.00 29.00 33.00 OK --no-vignettes
r-patched-linux-x86_64 1.3.2 0.71 21.87 22.58 OK
r-patched-solaris-sparc 1.3.2 155.80 OK --no-vignettes
r-patched-solaris-x86 1.3.2 37.90 OK --no-vignettes
r-release-linux-x86_64 1.3.2 0.70 20.57 21.27 OK
r-release-windows-ix86+x86_64 1.3.2 3.00 31.00 34.00 OK --no-vignettes
r-release-osx-x86_64 1.3.2 WARN
r-oldrel-windows-ix86+x86_64 1.3.2 3.00 24.00 27.00 OK --no-vignettes
r-oldrel-osx-x86_64 1.3.2 WARN

Check Details

Version: 1.3.2
Check: re-building of vignette outputs
Result: WARN
    Error in re-building vignettes:
     ...
    sh: rst2pdf: command not found
    Error: processing vignette 'optparse.Rrst' failed with diagnostics:
    conversion by rst2pdf failed!
    Execution halted
Flavors: r-release-osx-x86_64, r-oldrel-osx-x86_64