CRAN Package Check Results for Package optparse

Last updated on 2014-04-23 20:47:17.

Flavor Version Tinstall Tcheck Ttotal Status Flags
r-devel-linux-x86_64-debian-clang 1.2.0 0.74 16.33 17.08 OK
r-devel-linux-x86_64-debian-gcc 1.2.0 0.76 16.12 16.88 OK
r-devel-linux-x86_64-fedora-clang 1.2.0 34.11 OK
r-devel-linux-x86_64-fedora-gcc 1.2.0 32.65 OK
r-devel-osx-x86_64-clang 1.2.0 34.88 NOTE
r-devel-osx-x86_64-gcc 1.2.0 NOTE
r-devel-windows-ix86+x86_64 1.2.0 3.00 30.00 33.00 NOTE
r-patched-linux-x86_64 1.2.0 0.70 16.13 16.83 OK
r-patched-solaris-sparc 1.2.0 177.00 NOTE
r-patched-solaris-x86 1.2.0 49.40 NOTE
r-release-linux-ix86 1.2.0 1.00 39.00 40.00 OK
r-release-linux-x86_64 1.2.0 0.76 16.10 16.86 OK
r-release-osx-x86_64-mavericks 1.2.0 WARN
r-release-osx-x86_64-snowleopard 1.2.0 NOTE
r-release-windows-ix86+x86_64 1.2.0 2.00 29.00 31.00 NOTE
r-oldrel-windows-ix86+x86_64 1.2.0 3.00 31.00 34.00 NOTE

Check Details

Version: 1.2.0
Check: re-building of vignette outputs
Result: NOTE
    Error in re-building vignettes:
     ...
    sh: rst2pdf: command not found
    Error: processing vignette 'optparse.Rrst' failed with diagnostics:
    conversion by rst2pdf failed!
    Execution halted
Flavors: r-devel-osx-x86_64-clang, r-release-osx-x86_64-mavericks, r-release-osx-x86_64-snowleopard

Version: 1.2.0
Check: package dependencies
Result: NOTE
    Package suggested but not available for checking: ‘knitr’
Flavor: r-devel-osx-x86_64-gcc

Version: 1.2.0
Check: re-building of vignette outputs
Result: NOTE
    Error in re-building vignettes:
     ...
    Warning: running command '"rst2pdf" "optparse.rst" -o "optparse.pdf" ' had status 127
    Error: processing vignette 'optparse.Rrst' failed with diagnostics:
    conversion by rst2pdf failed!
    Execution halted
Flavors: r-devel-windows-ix86+x86_64, r-release-windows-ix86+x86_64, r-oldrel-windows-ix86+x86_64

Version: 1.2.0
Check: re-building of vignette outputs
Result: NOTE
    Error in re-building vignettes:
     ...
    sh: rst2pdf: not found
    Error: processing vignette 'optparse.Rrst' failed with diagnostics:
    conversion by rst2pdf failed!
    Execution halted
Flavors: r-patched-solaris-sparc, r-patched-solaris-x86

Version: 1.2.0
Check: PDF version of manual
Result: WARNING
    LaTeX errors when creating PDF version.
    This typically indicates Rd problems.
    LaTeX errors found:
    ! LaTeX Error: File `upquote.sty' not found.
    
    Type X to quit or <RETURN> to proceed,
    or enter new name. (Default extension: sty)
    
    /private/tmp/Rtmppia7Fx/Rd2pdf1cc928b30ecc/Rd2.tex:8: ==> Fatal error occurred
    , no output PDF file produced!
Flavor: r-release-osx-x86_64-mavericks