CRAN Package Check Results for Package optparse

Last updated on 2018-04-24 17:49:20 CEST.

Flavor Version Tinstall Tcheck Ttotal Status Flags
r-devel-linux-x86_64-debian-clang 1.4.4 1.24 25.77 27.01 OK
r-devel-linux-x86_64-debian-gcc 1.4.4 0.96 20.70 21.66 OK
r-devel-linux-x86_64-fedora-clang 1.4.4 31.92 OK
r-devel-linux-x86_64-fedora-gcc 1.4.4 30.83 OK
r-devel-windows-ix86+x86_64 1.4.4 4.00 33.00 37.00 OK --no-vignettes
r-patched-linux-x86_64 1.4.4 1.08 25.28 26.36 OK
r-patched-solaris-x86 1.4.4 42.60 OK --no-vignettes
r-release-linux-x86_64 1.4.4 0.98 25.37 26.35 OK
r-release-windows-ix86+x86_64 1.4.4 4.00 33.00 37.00 OK --no-vignettes
r-release-osx-x86_64 1.4.4 WARN
r-oldrel-windows-ix86+x86_64 1.4.4 3.00 61.00 64.00 OK --no-vignettes
r-oldrel-osx-x86_64 1.4.4 WARN

Check Details

Version: 1.4.4
Check: re-building of vignette outputs
Result: WARN
    Error in re-building vignettes:
     ...
    sh: +RTS: command not found
    Warning in system(command) : error in running command
    Error: processing vignette 'optparse.Rrst' failed with diagnostics:
    pandoc document conversion failed with error 127
    Execution halted
Flavor: r-release-osx-x86_64

Version: 1.4.4
Check: re-building of vignette outputs
Result: WARN
    Error in re-building vignettes:
     ...
    sh: +RTS: command not found
    Error: processing vignette 'optparse.Rrst' failed with diagnostics:
    pandoc document conversion failed with error 127
    Execution halted
Flavor: r-oldrel-osx-x86_64