CRAN Package Check Results for Package optparse

Last updated on 2015-01-29 23:48:22.

Flavor Version Tinstall Tcheck Ttotal Status Flags
r-devel-linux-x86_64-debian-clang 1.3.0 0.64 14.96 15.60 OK
r-devel-linux-x86_64-debian-gcc 1.3.0 0.64 14.64 15.28 OK
r-devel-linux-x86_64-fedora-clang 1.3.0 34.14 OK
r-devel-linux-x86_64-fedora-gcc 1.3.0 33.79 OK
r-devel-osx-x86_64-clang 1.3.0 37.01 NOTE
r-devel-windows-ix86+x86_64 1.3.0 3.00 28.00 31.00 NOTE
r-patched-linux-x86_64 1.3.0 0.68 16.16 16.84 OK
r-patched-solaris-sparc 1.3.0 218.60 NOTE
r-patched-solaris-x86 1.3.0 51.10 NOTE
r-release-linux-ix86 1.3.0 1.05 25.28 26.33 OK
r-release-linux-x86_64 1.3.0 0.68 16.66 17.33 OK
r-release-osx-x86_64-mavericks 1.3.0 NOTE
r-release-osx-x86_64-snowleopard 1.3.0 NOTE
r-release-windows-ix86+x86_64 1.3.0 3.00 31.00 34.00 NOTE
r-oldrel-windows-ix86+x86_64 1.3.0 3.00 32.00 35.00 NOTE

Check Details

Version: 1.3.0
Check: re-building of vignette outputs
Result: NOTE
    Error in re-building vignettes:
     ...
    sh: rst2pdf: command not found
    Error: processing vignette 'optparse.Rrst' failed with diagnostics:
    conversion by rst2pdf failed!
    Execution halted
Flavors: r-devel-osx-x86_64-clang, r-release-osx-x86_64-mavericks, r-release-osx-x86_64-snowleopard

Version: 1.3.0
Check: re-building of vignette outputs
Result: NOTE
    Error in re-building vignettes:
     ...
    Warning: running command '"rst2pdf" "optparse.rst" -o "optparse.pdf" ' had status 127
    Error: processing vignette 'optparse.Rrst' failed with diagnostics:
    conversion by rst2pdf failed!
    Execution halted
Flavors: r-devel-windows-ix86+x86_64, r-release-windows-ix86+x86_64, r-oldrel-windows-ix86+x86_64

Version: 1.3.0
Check: re-building of vignette outputs
Result: NOTE
    Error in re-building vignettes:
     ...
    sh: rst2pdf: not found
    Error: processing vignette 'optparse.Rrst' failed with diagnostics:
    conversion by rst2pdf failed!
    Execution halted
Flavors: r-patched-solaris-sparc, r-patched-solaris-x86