CRAN Package Check Results for Package optparse

Last updated on 2017-09-22 05:48:09.

Flavor Version Tinstall Tcheck Ttotal Status Flags
r-devel-linux-x86_64-debian-clang 1.4.4 0.68 19.17 19.85 OK
r-devel-linux-x86_64-debian-gcc 1.4.4 0.70 18.80 19.49 OK
r-devel-linux-x86_64-fedora-clang 1.4.4 35.73 OK
r-devel-linux-x86_64-fedora-gcc 1.4.4 33.90 OK
r-devel-windows-ix86+x86_64 1.4.4 3.00 28.00 31.00 OK --no-vignettes
r-patched-linux-x86_64 1.4.4 0.75 19.31 20.06 OK
r-patched-solaris-x86 1.4.4 39.40 OK --no-vignettes
r-release-linux-x86_64 1.4.4 0.68 19.16 19.85 OK
r-release-windows-ix86+x86_64 1.4.4 3.00 31.00 34.00 OK --no-vignettes
r-release-osx-x86_64 1.4.4 WARN
r-oldrel-windows-ix86+x86_64 1.4.4 2.00 25.00 27.00 OK --no-vignettes
r-oldrel-osx-x86_64 1.4.4 WARN

Check Details

Version: 1.4.4
Check: re-building of vignette outputs
Result: WARN
    Error in re-building vignettes:
     ...
    sh: +RTS: command not found
    Error: processing vignette 'optparse.Rrst' failed with diagnostics:
    pandoc document conversion failed with error 127
    Execution halted
Flavors: r-release-osx-x86_64, r-oldrel-osx-x86_64