CRAN Package Check Results for Package optpart

Last updated on 2014-11-22 11:49:17.

Flavor Version Tinstall Tcheck Ttotal Status Flags
r-devel-linux-x86_64-debian-clang 2.1-1 6.18 54.97 61.14 OK
r-devel-linux-x86_64-debian-gcc 2.1-1 6.52 53.23 59.75 OK
r-devel-linux-x86_64-fedora-clang 2.1-1 137.36 OK
r-devel-linux-x86_64-fedora-gcc 2.1-1 129.36 OK
r-devel-osx-x86_64-clang 2.1-1 111.95 OK
r-devel-windows-ix86+x86_64 2.1-1 21.00 152.00 173.00 OK
r-patched-linux-x86_64 2.1-1 5.42 57.00 62.42 OK
r-patched-solaris-sparc 2.1-1 925.70 ERROR
r-patched-solaris-x86 2.1-1 165.60 ERROR
r-release-linux-ix86 2.1-1 6.80 67.46 74.26 OK
r-release-linux-x86_64 2.1-1 5.26 56.51 61.77 OK
r-release-osx-x86_64-mavericks 2.1-1 OK
r-release-osx-x86_64-snowleopard 2.1-1 ERROR
r-release-windows-ix86+x86_64 2.1-1 25.00 119.00 144.00 OK
r-oldrel-windows-ix86+x86_64 2.1-1 20.00 111.00 131.00 OK

Check Details

Version: 2.1-1
Check: examples
Result: ERROR
    Running examples in ‘optpart-Ex.R’ failed
    The error most likely occurred in:
    
    > ### Name: tabdev
    > ### Title: Classification Validity Assessment by Table Deviance
    > ### Aliases: tabdev summary.tabdev tabdev.stride tabdev.default
    > ### Keywords: cluster
    >
    > ### ** Examples
    >
    > data(shoshveg)
    > dis.bc <- dsvdis(shoshveg,'bray/curtis')
    > opt.5 <- optpart(5,dis.bc)
    > tabdev(shoshveg,opt.5)
    
     *** caught segfault ***
    address 3ff00000, cause 'memory not mapped'
    
    Traceback:
     1: .Fortran("tabdev", as.double(as.matrix(x)), as.integer(numplt), as.integer(numspc), as.integer(clustering), as.integer(ntypes), spcdev = as.double(spcdev), totdev = as.double(totdev), pval = as.double(pval), as.integer(nitr), as.double(relsum), as.double(colsum), as.double(spcsum), as.integer(pclass), as.integer(tclass), PACKAGE = "optpart")
     2: tabdev.default(shoshveg, opt.5)
     3: tabdev(shoshveg, opt.5)
    aborting ...
Flavor: r-patched-solaris-sparc

Version: 2.1-1
Check: examples
Result: ERROR
    Running examples in ‘optpart-Ex.R’ failed
    The error most likely occurred in:
    
    > ### Name: tabdev
    > ### Title: Classification Validity Assessment by Table Deviance
    > ### Aliases: tabdev summary.tabdev tabdev.stride tabdev.default
    > ### Keywords: cluster
    >
    > ### ** Examples
    >
    > data(shoshveg)
    > dis.bc <- dsvdis(shoshveg,'bray/curtis')
    > opt.5 <- optpart(5,dis.bc)
    > tabdev(shoshveg,opt.5)
    
     *** caught segfault ***
    address 1, cause 'memory not mapped'
    
    Traceback:
     1: .Fortran("tabdev", as.double(as.matrix(x)), as.integer(numplt), as.integer(numspc), as.integer(clustering), as.integer(ntypes), spcdev = as.double(spcdev), totdev = as.double(totdev), pval = as.double(pval), as.integer(nitr), as.double(relsum), as.double(colsum), as.double(spcsum), as.integer(pclass), as.integer(tclass), PACKAGE = "optpart")
     2: tabdev.default(shoshveg, opt.5)
     3: tabdev(shoshveg, opt.5)
    aborting ...
Flavor: r-patched-solaris-x86

Version: 2.1-1
Check: whether package can be installed
Result: ERROR
    Installation failed.
Flavor: r-release-osx-x86_64-snowleopard