CRAN Package Check Results for Package optpart

Last updated on 2018-01-17 03:49:22 CET.

Flavor Version Tinstall Tcheck Ttotal Status Flags
r-devel-linux-x86_64-debian-clang 2.3-0 5.91 67.30 73.21 NOTE
r-devel-linux-x86_64-debian-gcc 2.3-0 3.74 52.11 55.85 NOTE
r-devel-linux-x86_64-fedora-clang 2.3-0 82.49 NOTE
r-devel-linux-x86_64-fedora-gcc 2.3-0 89.73 NOTE
r-devel-windows-ix86+x86_64 2.3-0 31.00 112.00 143.00 OK
r-patched-linux-x86_64 2.3-0 5.40 70.41 75.81 NOTE
r-patched-solaris-x86 2.3-0 163.10 OK
r-release-linux-x86_64 2.3-0 6.32 70.15 76.47 NOTE
r-release-windows-ix86+x86_64 2.3-0 25.00 144.00 169.00 OK
r-release-osx-x86_64 2.3-0 OK
r-oldrel-windows-ix86+x86_64 2.3-0 25.00 140.00 165.00 OK
r-oldrel-osx-x86_64 2.3-0 OK

Check Details

Version: 2.3-0
Check: compiled code
Result: NOTE
    File ‘optpart/libs/optpart.so’:
     Found no calls to: ‘R_registerRoutines’, ‘R_useDynamicSymbols’
    
    It is good practice to register native routines and to disable symbol
    search.
    
    See ‘Writing portable packages’ in the ‘Writing R Extensions’ manual.
Flavors: r-devel-linux-x86_64-debian-clang, r-devel-linux-x86_64-debian-gcc, r-devel-linux-x86_64-fedora-clang, r-devel-linux-x86_64-fedora-gcc, r-patched-linux-x86_64, r-release-linux-x86_64