CRAN Package Check Results for Package optpart

Last updated on 2016-08-27 23:48:17.

Flavor Version Tinstall Tcheck Ttotal Status Flags
r-devel-linux-x86_64-debian-clang 2.2-0 4.91 45.71 50.62 WARN
r-devel-linux-x86_64-debian-gcc 2.2-0 4.42 45.52 49.94 WARN
r-devel-linux-x86_64-fedora-clang 2.2-0 95.40 WARN
r-devel-linux-x86_64-fedora-gcc 2.2-0 91.12 WARN
r-devel-osx-x86_64-clang 2.2-0 75.81 WARN
r-devel-windows-ix86+x86_64 2.2-0 23.00 102.00 125.00 OK
r-patched-linux-x86_64 2.2-0 4.53 45.79 50.32 OK
r-patched-solaris-sparc 2.2-0 675.40 OK
r-patched-solaris-x86 2.2-0 127.70 OK
r-release-linux-x86_64 2.2-0 4.65 46.03 50.68 OK
r-release-osx-x86_64-mavericks 2.2-0 OK
r-release-windows-ix86+x86_64 2.2-0 25.00 135.00 160.00 OK
r-oldrel-windows-ix86+x86_64 2.2-0 20.00 156.00 176.00 OK

Check Details

Version: 2.2-0
Check: whether package can be installed
Result: WARN
    Found the following significant warnings:
     Warning: GNU Extension: Different type kinds at (1)
Flavors: r-devel-linux-x86_64-debian-clang, r-devel-linux-x86_64-debian-gcc, r-devel-linux-x86_64-fedora-clang, r-devel-linux-x86_64-fedora-gcc, r-devel-osx-x86_64-clang