CRAN Package Check Results for Package optpart

Last updated on 2017-06-28 20:48:41.

Flavor Version Tinstall Tcheck Ttotal Status Flags
r-devel-linux-x86_64-debian-clang 2.3-0 4.33 45.82 50.15 NOTE
r-devel-linux-x86_64-debian-gcc 2.3-0 4.55 47.14 51.69 NOTE
r-devel-linux-x86_64-fedora-clang 2.3-0 103.45 NOTE
r-devel-linux-x86_64-fedora-gcc 2.3-0 102.85 NOTE
r-devel-windows-ix86+x86_64 2.3-0 23.00 168.00 191.00 OK
r-patched-linux-x86_64 2.3-0 4.42 45.71 50.12 NOTE
r-patched-solaris-sparc 2.3-0 728.70 OK
r-patched-solaris-x86 2.3-0 150.10 OK
r-release-linux-x86_64 2.3-0 4.31 45.49 49.80 NOTE
r-release-windows-ix86+x86_64 2.3-0 19.00 145.00 164.00 OK
r-release-osx-x86_64 2.3-0 OK
r-oldrel-windows-ix86+x86_64 2.3-0 29.00 148.00 177.00 OK
r-oldrel-osx-x86_64 2.3-0 OK

Check Details

Version: 2.3-0
Check: compiled code
Result: NOTE
    File ‘optpart/libs/optpart.so’:
     Found no calls to: ‘R_registerRoutines’, ‘R_useDynamicSymbols’
    
    It is good practice to register native routines and to disable symbol
    search.
    
    See ‘Writing portable packages’ in the ‘Writing R Extensions’ manual.
Flavors: r-devel-linux-x86_64-debian-clang, r-devel-linux-x86_64-debian-gcc, r-devel-linux-x86_64-fedora-clang, r-devel-linux-x86_64-fedora-gcc, r-patched-linux-x86_64, r-release-linux-x86_64