CRAN Package Check Results for Package optpart

Last updated on 2014-04-25 05:47:20.

Flavor Version Tinstall Tcheck Ttotal Status Flags
r-devel-linux-x86_64-debian-clang 2.1-1 5.58 58.54 64.11 OK
r-devel-linux-x86_64-debian-gcc 2.1-1 5.54 57.48 63.02 OK
r-devel-linux-x86_64-fedora-clang 2.1-1 139.39 OK
r-devel-linux-x86_64-fedora-gcc 2.1-1 135.72 OK
r-devel-osx-x86_64-clang 2.1-1 115.47 OK
r-devel-osx-x86_64-gcc 2.1-1 NOTE
r-devel-windows-ix86+x86_64 2.1-1 20.00 108.00 128.00 OK
r-patched-linux-x86_64 2.1-1 5.78 56.62 62.40 OK
r-patched-solaris-sparc 2.1-1 811.70 OK
r-patched-solaris-x86 2.1-1 174.20 OK
r-release-linux-ix86 2.1-1 9.00 96.00 105.00 OK
r-release-linux-x86_64 2.1-1 5.40 57.67 63.07 OK
r-release-osx-x86_64-mavericks 2.1-1 WARN
r-release-osx-x86_64-snowleopard 2.1-1 ERROR
r-release-windows-ix86+x86_64 2.1-1 20.00 104.00 124.00 OK
r-oldrel-windows-ix86+x86_64 2.1-1 23.00 109.00 132.00 OK

Check Details

Version: 2.1-1
Check: Rd cross-references
Result: NOTE
    Package unavailable to check Rd xrefs: ‘vegan’
Flavor: r-devel-osx-x86_64-gcc

Version: 2.1-1
Check: PDF version of manual
Result: WARNING
    LaTeX errors when creating PDF version.
    This typically indicates Rd problems.
    LaTeX errors found:
    ! LaTeX Error: File `upquote.sty' not found.
    
    Type X to quit or <RETURN> to proceed,
    or enter new name. (Default extension: sty)
    
    433ce5b2/Rd2.tex:8: ==> Fatal error occurred, no output PDF file produced!
Flavor: r-release-osx-x86_64-mavericks

Version: 2.1-1
Check: whether package can be installed
Result: ERROR
    Installation failed.
    See ‘/Volumes/XT3/Builds/R-dev-web/QA/Simon/packages/snowleopard-x86_64/results/3.1/optpart.Rcheck/00install.out’ for details.
Flavor: r-release-osx-x86_64-snowleopard