CRAN Package Check Results for Package optpart

Last updated on 2017-02-26 23:48:30.

Flavor Version Tinstall Tcheck Ttotal Status Flags
r-devel-linux-x86_64-debian-clang 2.3-0 4.24 45.80 50.05 NOTE
r-devel-linux-x86_64-debian-gcc 2.3-0 4.34 46.25 50.60 NOTE
r-devel-linux-x86_64-fedora-clang 2.3-0 112.71 NOTE --no-stop-on-test-error
r-devel-linux-x86_64-fedora-gcc 2.3-0 104.42 NOTE --no-stop-on-test-error
r-devel-macos-x86_64-clang 2.3-0 82.26 NOTE --no-stop-on-test-error
r-devel-windows-ix86+x86_64 2.3-0 20.00 197.00 217.00 OK
r-patched-linux-x86_64 2.3-0 4.06 42.93 47.00 OK
r-patched-solaris-sparc 2.3-0 676.90 OK
r-patched-solaris-x86 2.3-0 114.80 OK
r-release-linux-x86_64 2.3-0 4.10 43.28 47.38 OK
r-release-osx-x86_64-mavericks 2.3-0 OK
r-release-windows-ix86+x86_64 2.3-0 24.00 127.00 151.00 OK
r-oldrel-windows-ix86+x86_64 2.3-0 25.00 200.00 225.00 OK

Check Details

Version: 2.3-0
Check: compiled code
Result: NOTE
    File ‘optpart/libs/optpart.so’:
     Found no calls to: ‘R_registerRoutines’, ‘R_useDynamicSymbols’
    
    It is good practice to register native routines and to disable symbol
    search.
    
    See ‘Writing portable packages’ in the ‘Writing R Extensions’ manual.
Flavors: r-devel-linux-x86_64-debian-clang, r-devel-linux-x86_64-debian-gcc

Version: 2.3-0
Flags: --no-stop-on-test-error
Check: compiled code
Result: NOTE
    File ‘optpart/libs/optpart.so’:
     Found no calls to: ‘R_registerRoutines’, ‘R_useDynamicSymbols’
    
    It is good practice to register native routines and to disable symbol
    search.
    
    See ‘Writing portable packages’ in the ‘Writing R Extensions’ manual.
Flavors: r-devel-linux-x86_64-fedora-clang, r-devel-linux-x86_64-fedora-gcc, r-devel-macos-x86_64-clang