CRAN Package Check Results for Package optpart

Last updated on 2017-10-23 01:46:51.

Flavor Version Tinstall Tcheck Ttotal Status Flags
r-devel-linux-x86_64-debian-clang 2.3-0 3.95 44.49 48.44 NOTE
r-devel-linux-x86_64-debian-gcc 2.3-0 5.19 48.12 53.31 NOTE
r-devel-linux-x86_64-fedora-clang 2.3-0 106.93 NOTE
r-devel-linux-x86_64-fedora-gcc 2.3-0 105.98 NOTE
r-devel-windows-ix86+x86_64 2.3-0 23.00 151.00 174.00 OK
r-patched-linux-x86_64 2.3-0 4.05 45.00 49.05 NOTE
r-patched-solaris-x86 2.3-0 154.50 OK
r-release-linux-x86_64 2.3-0 4.16 45.58 49.74 NOTE
r-release-windows-ix86+x86_64 2.3-0 24.00 149.00 173.00 OK
r-release-osx-x86_64 2.3-0 OK
r-oldrel-windows-ix86+x86_64 2.3-0 18.00 129.00 147.00 OK
r-oldrel-osx-x86_64 2.3-0 OK

Check Details

Version: 2.3-0
Check: compiled code
Result: NOTE
    File ‘optpart/libs/optpart.so’:
     Found no calls to: ‘R_registerRoutines’, ‘R_useDynamicSymbols’
    
    It is good practice to register native routines and to disable symbol
    search.
    
    See ‘Writing portable packages’ in the ‘Writing R Extensions’ manual.
Flavors: r-devel-linux-x86_64-debian-clang, r-devel-linux-x86_64-debian-gcc, r-devel-linux-x86_64-fedora-clang, r-devel-linux-x86_64-fedora-gcc, r-patched-linux-x86_64, r-release-linux-x86_64