CRAN Package Check Results for Package optpart

Last updated on 2017-05-24 07:49:57.

Flavor Version Tinstall Tcheck Ttotal Status Flags
r-devel-linux-x86_64-debian-clang 2.3-0 4.44 46.26 50.70 NOTE
r-devel-linux-x86_64-debian-gcc 2.3-0 4.48 45.66 50.14 NOTE
r-devel-linux-x86_64-fedora-clang 2.3-0 105.11 NOTE --no-stop-on-test-error
r-devel-linux-x86_64-fedora-gcc 2.3-0 101.63 NOTE --no-stop-on-test-error
r-devel-windows-ix86+x86_64 2.3-0 22.00 156.00 178.00 OK
r-patched-linux-x86_64 2.3-0 4.37 46.62 50.99 NOTE
r-patched-solaris-sparc 2.3-0 728.70 OK
r-patched-solaris-x86 2.3-0 148.80 OK
r-release-linux-x86_64 2.3-0 4.26 46.60 50.86 NOTE
r-release-windows-ix86+x86_64 2.3-0 19.00 144.00 163.00 OK
r-release-osx-x86_64 2.3-0 OK
r-oldrel-windows-ix86+x86_64 2.3-0 25.00 132.00 157.00 OK
r-oldrel-osx-x86_64 2.3-0 OK

Check Details

Version: 2.3-0
Check: compiled code
Result: NOTE
    File ‘optpart/libs/optpart.so’:
     Found no calls to: ‘R_registerRoutines’, ‘R_useDynamicSymbols’
    
    It is good practice to register native routines and to disable symbol
    search.
    
    See ‘Writing portable packages’ in the ‘Writing R Extensions’ manual.
Flavors: r-devel-linux-x86_64-debian-clang, r-devel-linux-x86_64-debian-gcc, r-patched-linux-x86_64, r-release-linux-x86_64

Version: 2.3-0
Flags: --no-stop-on-test-error
Check: compiled code
Result: NOTE
    File ‘optpart/libs/optpart.so’:
     Found no calls to: ‘R_registerRoutines’, ‘R_useDynamicSymbols’
    
    It is good practice to register native routines and to disable symbol
    search.
    
    See ‘Writing portable packages’ in the ‘Writing R Extensions’ manual.
Flavors: r-devel-linux-x86_64-fedora-clang, r-devel-linux-x86_64-fedora-gcc