CRAN Package Check Results for Package optpart

Last updated on 2017-08-17 01:46:59.

Flavor Version Tinstall Tcheck Ttotal Status Flags
r-devel-linux-x86_64-debian-clang 2.3-0 3.98 44.67 48.66 NOTE
r-devel-linux-x86_64-debian-gcc 2.3-0 4.08 44.20 48.28 NOTE
r-devel-linux-x86_64-fedora-clang 2.3-0 103.75 NOTE
r-devel-linux-x86_64-fedora-gcc 2.3-0 104.08 NOTE
r-devel-windows-ix86+x86_64 2.3-0 20.00 111.00 131.00 OK
r-patched-linux-x86_64 2.3-0 4.08 44.94 49.02 NOTE
r-patched-solaris-x86 2.3-0 151.20 OK
r-release-linux-x86_64 2.3-0 3.90 45.96 49.86 NOTE
r-release-windows-ix86+x86_64 2.3-0 20.00 104.00 124.00 OK
r-release-osx-x86_64 2.3-0 OK
r-oldrel-windows-ix86+x86_64 2.3-0 19.00 102.00 121.00 OK
r-oldrel-osx-x86_64 2.3-0 OK

Check Details

Version: 2.3-0
Check: compiled code
Result: NOTE
    File ‘optpart/libs/optpart.so’:
     Found no calls to: ‘R_registerRoutines’, ‘R_useDynamicSymbols’
    
    It is good practice to register native routines and to disable symbol
    search.
    
    See ‘Writing portable packages’ in the ‘Writing R Extensions’ manual.
Flavors: r-devel-linux-x86_64-debian-clang, r-devel-linux-x86_64-debian-gcc, r-devel-linux-x86_64-fedora-clang, r-devel-linux-x86_64-fedora-gcc, r-patched-linux-x86_64, r-release-linux-x86_64