CRAN Package Check Results for Package optpart

Last updated on 2017-03-29 22:47:16.

Flavor Version Tinstall Tcheck Ttotal Status Flags
r-devel-linux-x86_64-debian-clang 2.3-0 4.31 46.27 50.58 NOTE
r-devel-linux-x86_64-debian-gcc 2.3-0 4.30 45.44 49.74 NOTE
r-devel-linux-x86_64-fedora-clang 2.3-0 104.04 NOTE --no-stop-on-test-error
r-devel-linux-x86_64-fedora-gcc 2.3-0 101.38 NOTE --no-stop-on-test-error
r-devel-macos-x86_64-clang 2.3-0 81.91 NOTE --no-stop-on-test-error
r-devel-windows-ix86+x86_64 2.3-0 21.00 155.00 176.00 OK
r-patched-linux-x86_64 2.3-0 4.35 46.58 50.93 NOTE
r-patched-solaris-sparc 2.3-0 728.70 OK
r-patched-solaris-x86 2.3-0 151.90 OK
r-release-linux-x86_64 2.3-0 4.53 43.15 47.68 OK
r-release-osx-x86_64-mavericks 2.3-0 OK
r-release-windows-ix86+x86_64 2.3-0 24.00 134.00 158.00 OK
r-oldrel-windows-ix86+x86_64 2.3-0 42.00 143.00 185.00 OK

Check Details

Version: 2.3-0
Check: compiled code
Result: NOTE
    File ‘optpart/libs/optpart.so’:
     Found no calls to: ‘R_registerRoutines’, ‘R_useDynamicSymbols’
    
    It is good practice to register native routines and to disable symbol
    search.
    
    See ‘Writing portable packages’ in the ‘Writing R Extensions’ manual.
Flavors: r-devel-linux-x86_64-debian-clang, r-devel-linux-x86_64-debian-gcc, r-patched-linux-x86_64

Version: 2.3-0
Flags: --no-stop-on-test-error
Check: compiled code
Result: NOTE
    File ‘optpart/libs/optpart.so’:
     Found no calls to: ‘R_registerRoutines’, ‘R_useDynamicSymbols’
    
    It is good practice to register native routines and to disable symbol
    search.
    
    See ‘Writing portable packages’ in the ‘Writing R Extensions’ manual.
Flavors: r-devel-linux-x86_64-fedora-clang, r-devel-linux-x86_64-fedora-gcc, r-devel-macos-x86_64-clang