CRAN Package Check Results for Package optpart

Last updated on 2014-10-02 17:48:17.

Flavor Version Tinstall Tcheck Ttotal Status Flags
r-devel-linux-x86_64-debian-clang 2.1-1 5.10 54.15 59.25 OK
r-devel-linux-x86_64-debian-gcc 2.1-1 4.98 53.34 58.33 OK
r-devel-linux-x86_64-fedora-clang 2.1-1 137.71 OK
r-devel-linux-x86_64-fedora-gcc 2.1-1 130.08 OK
r-devel-osx-x86_64-clang 2.1-1 110.80 OK
r-devel-windows-ix86+x86_64 2.1-1 21.00 107.00 128.00 OK
r-patched-linux-x86_64 2.1-1 5.52 56.62 62.14 OK
r-patched-solaris-sparc 2.1-1 925.70 ERROR
r-patched-solaris-x86 2.1-1 168.40 ERROR
r-release-linux-ix86 2.1-1 7.61 72.24 79.85 OK
r-release-linux-x86_64 2.1-1 5.27 58.75 64.02 OK
r-release-osx-x86_64-mavericks 2.1-1 OK
r-release-osx-x86_64-snowleopard 2.1-1 ERROR
r-release-windows-ix86+x86_64 2.1-1 20.00 106.00 126.00 OK
r-oldrel-windows-ix86+x86_64 2.1-1 20.00 109.00 129.00 OK

Check Details

Version: 2.1-1
Check: examples
Result: ERROR
    Running examples in ‘optpart-Ex.R’ failed
    The error most likely occurred in:
    
    > ### Name: tabdev
    > ### Title: Classification Validity Assessment by Table Deviance
    > ### Aliases: tabdev summary.tabdev tabdev.stride tabdev.default
    > ### Keywords: cluster
    >
    > ### ** Examples
    >
    > data(shoshveg)
    > dis.bc <- dsvdis(shoshveg,'bray/curtis')
    > opt.5 <- optpart(5,dis.bc)
    > tabdev(shoshveg,opt.5)
    
     *** caught segfault ***
    address 3ff00000, cause 'memory not mapped'
    
    Traceback:
     1: .Fortran("tabdev", as.double(as.matrix(x)), as.integer(numplt), as.integer(numspc), as.integer(clustering), as.integer(ntypes), spcdev = as.double(spcdev), totdev = as.double(totdev), pval = as.double(pval), as.integer(nitr), as.double(relsum), as.double(colsum), as.double(spcsum), as.integer(pclass), as.integer(tclass), PACKAGE = "optpart")
     2: tabdev.default(shoshveg, opt.5)
     3: tabdev(shoshveg, opt.5)
    aborting ...
Flavor: r-patched-solaris-sparc

Version: 2.1-1
Check: examples
Result: ERROR
    Running examples in ‘optpart-Ex.R’ failed
    The error most likely occurred in:
    
    > ### Name: tabdev
    > ### Title: Classification Validity Assessment by Table Deviance
    > ### Aliases: tabdev summary.tabdev tabdev.stride tabdev.default
    > ### Keywords: cluster
    >
    > ### ** Examples
    >
    > data(shoshveg)
    > dis.bc <- dsvdis(shoshveg,'bray/curtis')
    > opt.5 <- optpart(5,dis.bc)
    > tabdev(shoshveg,opt.5)
    
     *** caught segfault ***
    address 1, cause 'memory not mapped'
    
    Traceback:
     1: .Fortran("tabdev", as.double(as.matrix(x)), as.integer(numplt), as.integer(numspc), as.integer(clustering), as.integer(ntypes), spcdev = as.double(spcdev), totdev = as.double(totdev), pval = as.double(pval), as.integer(nitr), as.double(relsum), as.double(colsum), as.double(spcsum), as.integer(pclass), as.integer(tclass), PACKAGE = "optpart")
     2: tabdev.default(shoshveg, opt.5)
     3: tabdev(shoshveg, opt.5)
    aborting ...
Flavor: r-patched-solaris-x86

Version: 2.1-1
Check: whether package can be installed
Result: ERROR
    Installation failed.
Flavor: r-release-osx-x86_64-snowleopard