CRAN Package Check Results for Package optrdd

Last updated on 2018-11-19 03:48:49 CET.

Flavor Version Tinstall Tcheck Ttotal Status Flags
r-devel-linux-x86_64-debian-clang NOTE
r-devel-linux-x86_64-debian-gcc 1.0.2 1.42 39.04 40.46 NOTE
r-devel-linux-x86_64-fedora-clang 1.0.2 59.00 NOTE
r-devel-linux-x86_64-fedora-gcc 1.0.2 58.68 NOTE
r-devel-windows-ix86+x86_64 1.0.2 4.00 58.00 62.00 NOTE
r-patched-linux-x86_64 1.0.2 1.87 48.13 50.00 NOTE
r-patched-solaris-x86 1.0.2 103.60 NOTE
r-release-linux-x86_64 1.0.2 1.17 46.21 47.38 NOTE
r-release-windows-ix86+x86_64 1.0.2 4.00 65.00 69.00 NOTE
r-release-osx-x86_64 1.0.2 NOTE
r-oldrel-windows-ix86+x86_64 1.0.2 3.00 82.00 85.00 NOTE
r-oldrel-osx-x86_64 1.0.2 NOTE

Check Details

Version: 1.0.2
Check: package dependencies
Result: NOTE
    Package suggested but not available for checking: ‘Rmosek’
Flavors: r-devel-linux-x86_64-debian-clang, r-devel-linux-x86_64-debian-gcc, r-devel-linux-x86_64-fedora-clang, r-devel-linux-x86_64-fedora-gcc, r-devel-windows-ix86+x86_64, r-patched-linux-x86_64, r-patched-solaris-x86, r-release-linux-x86_64, r-release-windows-ix86+x86_64, r-release-osx-x86_64, r-oldrel-windows-ix86+x86_64, r-oldrel-osx-x86_64