CRAN Package Check Results for Package optrdd

Last updated on 2018-01-21 07:47:25 CET.

Flavor Version Tinstall Tcheck Ttotal Status Flags
r-devel-linux-x86_64-debian-clang 0.9 0.75 30.90 31.65 NOTE
r-devel-linux-x86_64-debian-gcc 0.9 0.61 23.92 24.53 NOTE
r-devel-linux-x86_64-fedora-clang 0.9 35.23 NOTE
r-devel-linux-x86_64-fedora-gcc 0.9 33.07 NOTE
r-devel-windows-ix86+x86_64 0.9 2.00 48.00 50.00 NOTE
r-patched-linux-x86_64 0.9 0.80 34.15 34.95 NOTE
r-patched-solaris-x86 0.9 61.60 NOTE
r-release-linux-x86_64 0.9 0.74 33.62 34.36 NOTE
r-release-windows-ix86+x86_64 0.9 3.00 44.00 47.00 NOTE
r-release-osx-x86_64 0.9 NOTE
r-oldrel-windows-ix86+x86_64 0.9 3.00 43.00 46.00 NOTE
r-oldrel-osx-x86_64 0.9 NOTE

Check Details

Version: 0.9
Check: package dependencies
Result: NOTE
    Package suggested but not available for checking: ‘Rmosek’
Flavors: r-devel-linux-x86_64-debian-clang, r-devel-linux-x86_64-debian-gcc, r-devel-linux-x86_64-fedora-clang, r-devel-linux-x86_64-fedora-gcc, r-devel-windows-ix86+x86_64, r-patched-linux-x86_64, r-patched-solaris-x86, r-release-linux-x86_64, r-release-windows-ix86+x86_64, r-release-osx-x86_64, r-oldrel-windows-ix86+x86_64, r-oldrel-osx-x86_64