CRAN Package Check Results for Package optrdd

Last updated on 2018-04-27 05:50:08 CEST.

Flavor Version Tinstall Tcheck Ttotal Status Flags
r-devel-linux-x86_64-debian-clang 1.0 1.17 41.14 42.31 WARN
r-devel-linux-x86_64-debian-gcc 1.0 1.27 35.09 36.36 WARN
r-devel-linux-x86_64-fedora-clang 1.0 55.39 WARN
r-devel-linux-x86_64-fedora-gcc 1.0 54.47 WARN
r-devel-windows-ix86+x86_64 1.0 4.00 72.00 76.00 WARN
r-patched-linux-x86_64 1.0 1.04 43.82 44.86 WARN
r-patched-solaris-x86 1.0 104.80 WARN
r-release-linux-x86_64 1.0 1.66 43.91 45.57 WARN
r-release-windows-ix86+x86_64 1.0 4.00 72.00 76.00 WARN
r-release-osx-x86_64 1.0 WARN
r-oldrel-windows-ix86+x86_64 1.0 2.00 64.00 66.00 WARN
r-oldrel-osx-x86_64 1.0 NOTE

Check Details

Version: 1.0
Check: package dependencies
Result: NOTE
    Package suggested but not available for checking: ‘Rmosek’
Flavors: r-devel-linux-x86_64-debian-clang, r-devel-linux-x86_64-debian-gcc, r-devel-linux-x86_64-fedora-clang, r-devel-linux-x86_64-fedora-gcc, r-devel-windows-ix86+x86_64, r-patched-linux-x86_64, r-patched-solaris-x86, r-release-linux-x86_64, r-release-windows-ix86+x86_64, r-release-osx-x86_64, r-oldrel-windows-ix86+x86_64, r-oldrel-osx-x86_64

Version: 1.0
Check: examples
Result: WARN
    Found the following significant warnings:
    
     Warning: 'rBind' is deprecated.
    Deprecated functions may be defunct as soon as of the next release of
    R.
    See ?Deprecated.
Flavors: r-devel-linux-x86_64-debian-clang, r-devel-linux-x86_64-fedora-clang, r-devel-linux-x86_64-fedora-gcc, r-devel-windows-ix86+x86_64, r-patched-solaris-x86, r-release-windows-ix86+x86_64, r-release-osx-x86_64, r-oldrel-windows-ix86+x86_64

Version: 1.0
Check: examples
Result: WARN
    Found the following significant warnings:
    
     Warning: 'rBind' is deprecated.
    Deprecated functions may be defunct as soon as of the next release of
    R.
    See ?Deprecated.
    Examples with CPU or elapsed time > 5s
     user system elapsed
    optrdd 3.877 0.11 5.761
Flavor: r-devel-linux-x86_64-debian-gcc

Version: 1.0
Check: examples
Result: WARN
    Found the following significant warnings:
    
     Warning: 'rBind' is deprecated.
    Deprecated functions may be defunct as soon as of the next release of
    R.
    See ?Deprecated.
    Examples with CPU or elapsed time > 5s
     user system elapsed
    optrdd 4.855 0.182 5.981
Flavor: r-patched-linux-x86_64

Version: 1.0
Check: examples
Result: WARN
    Found the following significant warnings:
    
     Warning: 'rBind' is deprecated.
    Deprecated functions may be defunct as soon as of the next release of
    R.
    See ?Deprecated.
    Examples with CPU or elapsed time > 5s
     user system elapsed
    optrdd 5.101 0.134 6.777
Flavor: r-release-linux-x86_64