CRAN Package Check Results for Package optrdd

Last updated on 2018-08-17 21:48:17 CEST.

Flavor Version Tinstall Tcheck Ttotal Status Flags
r-devel-linux-x86_64-debian-clang 1.0.1 1.65 49.97 51.62 NOTE
r-devel-linux-x86_64-debian-gcc 1.0.1 1.26 40.20 41.46 NOTE
r-devel-linux-x86_64-fedora-clang 1.0.1 62.10 NOTE
r-devel-linux-x86_64-fedora-gcc 1.0.2 53.37 NOTE
r-devel-windows-ix86+x86_64 1.0.1 4.00 77.00 81.00 NOTE
r-patched-linux-x86_64 1.0.1 1.58 44.50 46.08 NOTE
r-patched-solaris-x86 1.0.2 95.40 NOTE
r-release-linux-x86_64 1.0.1 1.58 46.17 47.75 NOTE
r-release-windows-ix86+x86_64 1.0.2 4.00 74.00 78.00 NOTE
r-release-osx-x86_64 1.0.1 NOTE
r-oldrel-windows-ix86+x86_64 1.0.1 2.00 82.00 84.00 NOTE
r-oldrel-osx-x86_64 1.0.1 NOTE

Check Details

Version: 1.0.1
Check: package dependencies
Result: NOTE
    Package suggested but not available for checking: ‘Rmosek’
Flavors: r-devel-linux-x86_64-debian-clang, r-devel-linux-x86_64-debian-gcc, r-devel-linux-x86_64-fedora-clang, r-devel-windows-ix86+x86_64, r-patched-linux-x86_64, r-release-linux-x86_64, r-release-osx-x86_64, r-oldrel-windows-ix86+x86_64, r-oldrel-osx-x86_64

Version: 1.0.2
Check: package dependencies
Result: NOTE
    Package suggested but not available for checking: ‘Rmosek’
Flavors: r-devel-linux-x86_64-fedora-gcc, r-patched-solaris-x86, r-release-windows-ix86+x86_64