CRAN Package Check Results for Package optrees

Last updated on 2020-09-19 11:51:01 CEST.

Flavor Version Tinstall Tcheck Ttotal Status Flags
r-devel-linux-x86_64-debian-clang 1.0 3.70 31.43 35.13 NOTE
r-devel-linux-x86_64-debian-gcc 1.0 3.46 24.74 28.20 NOTE
r-devel-linux-x86_64-fedora-clang 1.0 52.57 NOTE
r-devel-linux-x86_64-fedora-gcc 1.0 43.88 NOTE
r-devel-windows-ix86+x86_64 1.0 8.00 39.00 47.00 NOTE
r-patched-linux-x86_64 1.0 4.41 31.21 35.62 NOTE
r-patched-solaris-x86 1.0 65.40 NOTE
r-release-linux-x86_64 1.0 4.05 31.31 35.36 NOTE
r-release-macos-x86_64 1.0 NOTE
r-release-windows-ix86+x86_64 1.0 8.00 37.00 45.00 NOTE
r-oldrel-macos-x86_64 1.0 NOTE
r-oldrel-windows-ix86+x86_64 1.0 6.00 48.00 54.00 NOTE

Check Details

Version: 1.0
Check: R code for possible problems
Result: NOTE
    getMinimumArborescence: no visible global function definition for
     'capture.output'
    getMinimumCutTree: no visible global function definition for
     'capture.output'
    getMinimumCutTree: no visible global function definition for 'par'
    getMinimumSpanningTree: no visible global function definition for
     'capture.output'
    getShortestPathTree: no visible global function definition for
     'capture.output'
    Undefined global functions or variables:
     capture.output par
    Consider adding
     importFrom("graphics", "par")
     importFrom("utils", "capture.output")
    to your NAMESPACE file.
Flavors: r-devel-linux-x86_64-debian-clang, r-devel-linux-x86_64-debian-gcc, r-devel-linux-x86_64-fedora-clang, r-devel-linux-x86_64-fedora-gcc, r-devel-windows-ix86+x86_64, r-patched-linux-x86_64, r-patched-solaris-x86, r-release-linux-x86_64, r-release-macos-x86_64, r-release-windows-ix86+x86_64, r-oldrel-macos-x86_64, r-oldrel-windows-ix86+x86_64