CRAN Package Check Results for Package optweight

Last updated on 2021-12-07 20:52:47 CET.

Flavor Version Tinstall Tcheck Ttotal Status Flags
r-devel-linux-x86_64-debian-clang 0.2.5 13.31 105.07 118.38 NOTE
r-devel-linux-x86_64-debian-gcc 0.2.5 10.63 79.25 89.88 NOTE
r-devel-linux-x86_64-fedora-clang 0.2.5 147.55 NOTE
r-devel-linux-x86_64-fedora-gcc 0.2.5 137.64 NOTE
r-devel-windows-x86_64-new-UL 0.2.5 24.00 127.00 151.00 NOTE
r-devel-windows-x86_64-new-TK 0.2.5 NOTE
r-devel-windows-x86_64-old 0.2.5 22.00 88.00 110.00 NOTE
r-patched-linux-x86_64 0.2.5 11.71 98.78 110.49 NOTE
r-release-linux-x86_64 0.2.5 10.88 99.06 109.94 NOTE
r-release-macos-arm64 0.2.5 NOTE
r-release-macos-x86_64 0.2.5 NOTE
r-release-windows-ix86+x86_64 0.2.5 20.00 124.00 144.00 NOTE
r-oldrel-macos-x86_64 0.2.5 OK
r-oldrel-windows-ix86+x86_64 0.2.5 28.00 111.00 139.00 OK

Check Details

Version: 0.2.5
Check: LazyData
Result: NOTE
     'LazyData' is specified without a 'data' directory
Flavors: r-devel-linux-x86_64-debian-clang, r-devel-linux-x86_64-debian-gcc, r-devel-linux-x86_64-fedora-clang, r-devel-linux-x86_64-fedora-gcc, r-devel-windows-x86_64-new-UL, r-devel-windows-x86_64-new-TK, r-devel-windows-x86_64-old, r-patched-linux-x86_64, r-release-linux-x86_64, r-release-macos-arm64, r-release-macos-x86_64, r-release-windows-ix86+x86_64