CRAN Package Check Results for Package opusminer

Last updated on 2023-12-02 21:40:03 CET.

Flavor Version Tinstall Tcheck Ttotal Status Flags
r-devel-linux-x86_64-debian-clang 0.1-1 49.85 80.84 130.69 NOTE
r-devel-linux-x86_64-debian-gcc 0.1-1 37.92 61.94 99.86 NOTE
r-devel-linux-x86_64-fedora-clang 0.1-1 213.82 NOTE
r-devel-linux-x86_64-fedora-gcc 0.1-1 189.46 NOTE
r-devel-windows-x86_64 0.1-1 46.00 89.00 135.00 NOTE
r-patched-linux-x86_64 0.1-1 48.20 79.93 128.13 NOTE
r-release-linux-x86_64 0.1-1 45.23 79.08 124.31 NOTE
r-release-macos-arm64 0.1-1 51.00 NOTE
r-release-macos-x86_64 0.1-1 88.00 NOTE
r-release-windows-x86_64 0.1-1 58.00 107.00 165.00 NOTE
r-oldrel-macos-arm64 0.1-1 46.00 NOTE
r-oldrel-macos-x86_64 0.1-1 65.00 NOTE
r-oldrel-windows-x86_64 0.1-1 51.00 109.00 160.00 NOTE

Check Details

Version: 0.1-1
Check: LazyData
Result: NOTE 'LazyData' is specified without a 'data' directory Flavors: r-devel-linux-x86_64-debian-clang, r-devel-linux-x86_64-debian-gcc, r-devel-linux-x86_64-fedora-clang, r-devel-linux-x86_64-fedora-gcc, r-devel-windows-x86_64, r-patched-linux-x86_64, r-release-linux-x86_64, r-release-macos-arm64, r-release-macos-x86_64, r-release-windows-x86_64, r-oldrel-macos-arm64, r-oldrel-macos-x86_64, r-oldrel-windows-x86_64