CRAN Package Check Results for Package orQA

Last updated on 2014-04-20 09:48:19.

Flavor Version Tinstall Tcheck Ttotal Status Flags
r-devel-linux-x86_64-debian-clang 0.2.1 9.96 88.28 98.24 NOTE
r-devel-linux-x86_64-debian-gcc 0.2.1 10.18 88.00 98.18 NOTE
r-devel-linux-x86_64-fedora-clang 0.2.1 217.57 NOTE
r-devel-linux-x86_64-fedora-gcc 0.2.1 210.06 NOTE
r-devel-macosx-x86_64-clang 0.2.1 166.71 NOTE
r-devel-macosx-x86_64-gcc 0.2.1 ERROR
r-devel-windows-ix86+x86_64 0.2.1 32.00 188.00 220.00 NOTE
r-patched-linux-x86_64 0.2.1 9.72 85.54 95.25 NOTE
r-patched-solaris-sparc 0.2.1 1088.30 NOTE
r-patched-solaris-x86 0.2.1 247.90 NOTE
r-release-linux-ix86 NOTE
r-release-linux-x86_64 0.2.1 9.98 85.32 95.30 NOTE
r-release-macosx-x86_64 0.2.1 ERROR
r-release-windows-ix86+x86_64 0.2.1 47.00 179.00 226.00 NOTE
r-oldrel-windows-ix86+x86_64 0.2.1 37.00 191.00 228.00 NOTE

Check Details

Version: 0.2.1
Check: dependencies in R code
Result: NOTE
    Packages in Depends field not imported from:
     ‘Rcpp’ ‘genefilter’ ‘gtools’ ‘nlme’
     These packages need to be imported from (in the NAMESPACE file)
     for when this namespace is loaded but not attached.
    See the information on DESCRIPTION files in the chapter ‘Creating R
    packages’ of the ‘Writing R Extensions’ manual.
Flavors: r-devel-linux-x86_64-debian-clang, r-devel-linux-x86_64-debian-gcc, r-devel-linux-x86_64-fedora-clang, r-devel-linux-x86_64-fedora-gcc, r-devel-macosx-x86_64-clang, r-devel-windows-ix86+x86_64, r-patched-linux-x86_64, r-patched-solaris-sparc, r-patched-solaris-x86, r-release-linux-ix86, r-release-linux-x86_64, r-release-windows-ix86+x86_64, r-oldrel-windows-ix86+x86_64

Version: 0.2.1
Check: R code for possible problems
Result: NOTE
    est.lme : <anonymous>: warning in rank(iru, ties = "min"): partial
     argument match of 'ties' to 'ties.method'
Flavors: r-devel-linux-x86_64-debian-clang, r-devel-linux-x86_64-debian-gcc, r-devel-linux-x86_64-fedora-clang, r-devel-linux-x86_64-fedora-gcc, r-devel-macosx-x86_64-clang, r-devel-windows-ix86+x86_64, r-patched-linux-x86_64, r-patched-solaris-sparc, r-patched-solaris-x86, r-release-linux-ix86, r-release-linux-x86_64, r-release-windows-ix86+x86_64, r-oldrel-windows-ix86+x86_64

Version: 0.2.1
Check: package dependencies
Result: ERROR
    Package required but not available: ‘genefilter’
    
    See the information on DESCRIPTION files in the chapter ‘Creating R
    packages’ of the ‘Writing R Extensions’ manual.
Flavors: r-devel-macosx-x86_64-gcc, r-release-macosx-x86_64