CRAN Package Check Results for Package orQA

Last updated on 2015-09-03 14:48:27.

Flavor Version Tinstall Tcheck Ttotal Status Flags
r-devel-linux-x86_64-debian-clang 0.2.1 8.72 67.21 75.93 NOTE
r-devel-linux-x86_64-debian-gcc 0.2.1 9.31 67.46 76.78 NOTE
r-devel-linux-x86_64-fedora-clang 0.2.1 159.51 NOTE
r-devel-linux-x86_64-fedora-gcc 0.2.1 151.67 NOTE
r-devel-osx-x86_64-clang 0.2.1 125.47 NOTE
r-devel-windows-ix86+x86_64 0.2.1 43.00 194.00 237.00 NOTE
r-patched-linux-x86_64 0.2.1 9.98 68.72 78.69 NOTE
r-patched-solaris-sparc 0.2.1 991.80 NOTE
r-patched-solaris-x86 0.2.1 208.40 NOTE
r-release-linux-x86_64 0.2.1 9.40 68.91 78.31 NOTE
r-release-osx-x86_64-mavericks 0.2.1 NOTE
r-release-windows-ix86+x86_64 0.2.1 39.00 219.00 258.00 NOTE
r-oldrel-windows-ix86+x86_64 0.2.1 52.00 281.00 333.00 NOTE

Check Details

Version: 0.2.1
Check: DESCRIPTION meta-information
Result: NOTE
    Malformed Description field: should contain one or more complete sentences.
Flavors: r-devel-linux-x86_64-debian-clang, r-devel-linux-x86_64-debian-gcc, r-devel-linux-x86_64-fedora-clang, r-devel-linux-x86_64-fedora-gcc, r-devel-osx-x86_64-clang, r-devel-windows-ix86+x86_64, r-patched-linux-x86_64, r-patched-solaris-sparc, r-patched-solaris-x86, r-release-linux-x86_64, r-release-osx-x86_64-mavericks, r-release-windows-ix86+x86_64

Version: 0.2.1
Check: dependencies in R code
Result: NOTE
    Packages in Depends field not imported from:
     ‘Rcpp’ ‘genefilter’ ‘gtools’ ‘nlme’
     These packages need to be imported from (in the NAMESPACE file)
     for when this namespace is loaded but not attached.
Flavors: r-devel-linux-x86_64-debian-clang, r-devel-linux-x86_64-debian-gcc, r-devel-linux-x86_64-fedora-clang, r-devel-linux-x86_64-fedora-gcc, r-devel-osx-x86_64-clang, r-devel-windows-ix86+x86_64, r-patched-linux-x86_64, r-patched-solaris-sparc, r-patched-solaris-x86, r-release-linux-x86_64, r-release-osx-x86_64-mavericks, r-release-windows-ix86+x86_64, r-oldrel-windows-ix86+x86_64

Version: 0.2.1
Check: R code for possible problems
Result: NOTE
    est.lme : <anonymous>: warning in rank(iru, ties = "min"): partial
     argument match of ‘ties’ to ‘ties.method’
    est.lme : <anonymous>: no visible global function definition for ‘lme’
    est.lme : <anonymous>: no visible global function definition for
     ‘VarCorr’
    guo: no visible global function definition for ‘p.adjust’
    guo: no visible global function definition for ‘na.omit’
    pttest : ptest: no visible global function definition for ‘na.omit’
    srt : <anonymous>: no visible global function definition for
     ‘rowttests’
    Undefined global functions or variables:
     VarCorr lme na.omit p.adjust rowttests
    Consider adding
     importFrom("stats", "na.omit", "p.adjust")
    to your NAMESPACE.
Flavors: r-devel-linux-x86_64-debian-clang, r-devel-linux-x86_64-debian-gcc, r-devel-linux-x86_64-fedora-clang, r-devel-linux-x86_64-fedora-gcc, r-devel-windows-ix86+x86_64

Version: 0.2.1
Check: R code for possible problems
Result: NOTE
    est.lme : <anonymous>: warning in rank(iru, ties = "min"): partial
     argument match of 'ties' to 'ties.method'
    est.lme : <anonymous>: no visible global function definition for ‘lme’
    est.lme : <anonymous>: no visible global function definition for
     ‘VarCorr’
    srt : <anonymous>: no visible global function definition for
     ‘rowttests’
    Undefined global functions or variables:
     VarCorr lme rowttests
Flavor: r-devel-osx-x86_64-clang

Version: 0.2.1
Check: R code for possible problems
Result: NOTE
    est.lme : <anonymous>: warning in rank(iru, ties = "min"): partial
     argument match of ‘ties’ to ‘ties.method’
    est.lme : <anonymous>: no visible global function definition for ‘lme’
    est.lme : <anonymous>: no visible global function definition for
     ‘VarCorr’
    srt : <anonymous>: no visible global function definition for
     ‘rowttests’
Flavors: r-patched-linux-x86_64, r-patched-solaris-sparc, r-patched-solaris-x86, r-release-linux-x86_64, r-release-osx-x86_64-mavericks, r-release-windows-ix86+x86_64, r-oldrel-windows-ix86+x86_64