CRAN Package Check Results for Package orQA

Last updated on 2016-09-30 15:47:24.

Flavor Version Tinstall Tcheck Ttotal Status Flags
r-devel-linux-x86_64-debian-clang 0.2.1 10.76 83.35 94.11 NOTE
r-devel-linux-x86_64-debian-gcc 0.2.1 10.51 80.40 90.91 NOTE
r-devel-linux-x86_64-fedora-clang 0.2.1 195.72 NOTE
r-devel-linux-x86_64-fedora-gcc 0.2.1 176.20 NOTE
r-devel-macos-x86_64-clang 0.2.1 137.16 NOTE
r-devel-windows-ix86+x86_64 0.2.1 44.00 244.00 288.00 WARN
r-patched-linux-x86_64 0.2.1 12.05 78.27 90.32 NOTE
r-patched-solaris-sparc 0.2.1 1115.40 NOTE
r-patched-solaris-x86 0.2.1 222.80 NOTE
r-release-linux-x86_64 0.2.1 9.85 81.00 90.85 NOTE
r-release-osx-x86_64-mavericks 0.2.1 NOTE
r-release-windows-ix86+x86_64 0.2.1 31.00 177.00 208.00 NOTE
r-oldrel-windows-ix86+x86_64 0.2.1 54.00 258.00 312.00 NOTE

Check Details

Version: 0.2.1
Check: DESCRIPTION meta-information
Result: NOTE
    Malformed Description field: should contain one or more complete sentences.
Flavors: r-devel-linux-x86_64-debian-clang, r-devel-linux-x86_64-debian-gcc, r-devel-linux-x86_64-fedora-clang, r-devel-linux-x86_64-fedora-gcc, r-devel-macos-x86_64-clang, r-devel-windows-ix86+x86_64, r-patched-linux-x86_64, r-patched-solaris-sparc, r-patched-solaris-x86, r-release-linux-x86_64, r-release-osx-x86_64-mavericks, r-release-windows-ix86+x86_64, r-oldrel-windows-ix86+x86_64

Version: 0.2.1
Check: dependencies in R code
Result: NOTE
    Packages in Depends field not imported from:
     ‘Rcpp’ ‘genefilter’ ‘gtools’ ‘nlme’
     These packages need to be imported from (in the NAMESPACE file)
     for when this namespace is loaded but not attached.
Flavors: r-devel-linux-x86_64-debian-clang, r-devel-linux-x86_64-debian-gcc, r-devel-linux-x86_64-fedora-clang, r-devel-linux-x86_64-fedora-gcc, r-devel-macos-x86_64-clang, r-devel-windows-ix86+x86_64, r-patched-linux-x86_64, r-patched-solaris-sparc, r-patched-solaris-x86, r-release-linux-x86_64, r-release-osx-x86_64-mavericks, r-release-windows-ix86+x86_64, r-oldrel-windows-ix86+x86_64

Version: 0.2.1
Check: R code for possible problems
Result: NOTE
    est.lme : <anonymous>: warning in rank(iru, ties = "min"): partial
     argument match of ‘ties’ to ‘ties.method’
    est.lme : <anonymous>: no visible global function definition for ‘lme’
    est.lme : <anonymous>: no visible global function definition for
     ‘VarCorr’
    guo: no visible global function definition for ‘p.adjust’
    guo: no visible global function definition for ‘na.omit’
    pttest : ptest: no visible global function definition for ‘na.omit’
    srt : <anonymous>: no visible global function definition for
     ‘rowttests’
    Undefined global functions or variables:
     VarCorr lme na.omit p.adjust rowttests
    Consider adding
     importFrom("stats", "na.omit", "p.adjust")
    to your NAMESPACE file.
Flavors: r-devel-linux-x86_64-debian-clang, r-devel-linux-x86_64-debian-gcc, r-devel-linux-x86_64-fedora-clang, r-devel-linux-x86_64-fedora-gcc, r-devel-macos-x86_64-clang, r-devel-windows-ix86+x86_64, r-patched-linux-x86_64, r-patched-solaris-sparc, r-patched-solaris-x86, r-release-linux-x86_64, r-release-osx-x86_64-mavericks, r-release-windows-ix86+x86_64

Version: 0.2.1
Check: whether package can be installed
Result: WARN
    Found the following significant warnings:
     Warning: multiple methods tables found for 'which.max'
     Warning: multiple methods tables found for 'which.min'
     Warning: multiple methods tables found for 'which'
Flavor: r-devel-windows-ix86+x86_64

Version: 0.2.1
Check: R code for possible problems
Result: NOTE
    est.lme : <anonymous>: warning in rank(iru, ties = "min"): partial
     argument match of 'ties' to 'ties.method'
    est.lme : <anonymous>: no visible global function definition for 'lme'
    est.lme : <anonymous>: no visible global function definition for
     'VarCorr'
    srt : <anonymous>: no visible global function definition for
     'rowttests'
Flavor: r-oldrel-windows-ix86+x86_64