CRAN Package Check Results for Package orQA

Last updated on 2014-09-03 03:50:33.

Flavor Version Tinstall Tcheck Ttotal Status Flags
r-devel-linux-x86_64-debian-clang 0.2.1 10.24 91.19 101.43 NOTE
r-devel-linux-x86_64-debian-gcc 0.2.1 10.32 86.73 97.05 NOTE
r-devel-linux-x86_64-fedora-clang 0.2.1 231.69 NOTE
r-devel-linux-x86_64-fedora-gcc 0.2.1 220.08 NOTE
r-devel-osx-x86_64-clang 0.2.1 165.56 NOTE
r-devel-windows-ix86+x86_64 0.2.1 36.00 184.00 220.00 NOTE
r-patched-linux-x86_64 0.2.1 9.72 84.34 94.06 NOTE
r-patched-solaris-sparc 0.2.1 1116.50 NOTE
r-patched-solaris-x86 0.2.1 241.00 NOTE
r-release-linux-ix86 0.2.1 11.35 101.62 112.96 NOTE
r-release-linux-x86_64 0.2.1 10.46 83.80 94.26 NOTE
r-release-osx-x86_64-mavericks 0.2.1 ERROR
r-release-osx-x86_64-snowleopard 0.2.1 NOTE
r-release-windows-ix86+x86_64 0.2.1 31.00 182.00 213.00 NOTE
r-oldrel-windows-ix86+x86_64 0.2.1 35.00 184.00 219.00 NOTE

Check Details

Version: 0.2.1
Check: dependencies in R code
Result: NOTE
    Packages in Depends field not imported from:
     ‘Rcpp’ ‘genefilter’ ‘gtools’ ‘nlme’
     These packages need to be imported from (in the NAMESPACE file)
     for when this namespace is loaded but not attached.
    See the information on DESCRIPTION files in the chapter ‘Creating R
    packages’ of the ‘Writing R Extensions’ manual.
Flavors: r-devel-linux-x86_64-debian-clang, r-devel-linux-x86_64-debian-gcc, r-devel-linux-x86_64-fedora-clang, r-devel-linux-x86_64-fedora-gcc, r-devel-osx-x86_64-clang, r-devel-windows-ix86+x86_64, r-patched-linux-x86_64, r-patched-solaris-sparc, r-patched-solaris-x86, r-release-linux-ix86, r-release-linux-x86_64, r-release-osx-x86_64-snowleopard, r-release-windows-ix86+x86_64, r-oldrel-windows-ix86+x86_64

Version: 0.2.1
Check: R code for possible problems
Result: NOTE
    est.lme : <anonymous>: warning in rank(iru, ties = "min"): partial
     argument match of 'ties' to 'ties.method'
    est.lme : <anonymous>: no visible global function definition for ‘lme’
    est.lme : <anonymous>: no visible global function definition for
     ‘VarCorr’
    srt : <anonymous>: no visible global function definition for
     ‘rowttests’
Flavors: r-devel-linux-x86_64-debian-clang, r-devel-linux-x86_64-debian-gcc, r-devel-linux-x86_64-fedora-clang, r-devel-linux-x86_64-fedora-gcc, r-devel-osx-x86_64-clang, r-devel-windows-ix86+x86_64

Version: 0.2.1
Check: R code for possible problems
Result: NOTE
    est.lme : <anonymous>: warning in rank(iru, ties = "min"): partial
     argument match of 'ties' to 'ties.method'
Flavors: r-patched-linux-x86_64, r-patched-solaris-sparc, r-patched-solaris-x86, r-release-linux-ix86, r-release-linux-x86_64, r-release-osx-x86_64-snowleopard, r-release-windows-ix86+x86_64, r-oldrel-windows-ix86+x86_64

Version: 0.2.1
Check: package dependencies
Result: ERROR
    Package required but not available: ‘genefilter’
    
    See the information on DESCRIPTION files in the chapter ‘Creating R
    packages’ of the ‘Writing R Extensions’ manual.
Flavor: r-release-osx-x86_64-mavericks