CRAN Package Check Results for Package orQA

Last updated on 2017-04-27 11:53:47.

Flavor Version Tinstall Tcheck Ttotal Status Flags
r-devel-linux-x86_64-debian-clang 0.2.1 11.15 84.56 95.71 NOTE
r-devel-linux-x86_64-debian-gcc 0.2.1 10.99 83.88 94.87 NOTE
r-devel-linux-x86_64-fedora-clang 0.2.1 213.54 NOTE --no-stop-on-test-error
r-devel-linux-x86_64-fedora-gcc 0.2.1 200.04 NOTE --no-stop-on-test-error
r-devel-windows-ix86+x86_64 0.2.1 34.00 261.00 295.00 NOTE
r-patched-linux-x86_64 0.2.1 10.99 83.94 94.93 NOTE
r-patched-solaris-sparc 0.2.1 1129.50 NOTE
r-patched-solaris-x86 0.2.1 254.10 NOTE
r-release-linux-x86_64 0.2.1 10.27 85.10 95.38 NOTE
r-release-windows-ix86+x86_64 0.2.1 40.00 210.00 250.00 NOTE
r-release-osx-x86_64 0.2.1 ERROR
r-oldrel-windows-ix86+x86_64 0.2.1 45.00 205.00 250.00 NOTE
r-oldrel-osx-x86_64 0.2.1 NOTE

Check Details

Version: 0.2.1
Check: DESCRIPTION meta-information
Result: NOTE
    Malformed Description field: should contain one or more complete sentences.
Flavors: r-devel-linux-x86_64-debian-clang, r-devel-linux-x86_64-debian-gcc, r-devel-windows-ix86+x86_64, r-patched-linux-x86_64, r-patched-solaris-sparc, r-patched-solaris-x86, r-release-linux-x86_64, r-release-windows-ix86+x86_64, r-oldrel-windows-ix86+x86_64, r-oldrel-osx-x86_64

Version: 0.2.1
Check: dependencies in R code
Result: NOTE
    Packages in Depends field not imported from:
     ‘Rcpp’ ‘genefilter’ ‘gtools’ ‘nlme’
     These packages need to be imported from (in the NAMESPACE file)
     for when this namespace is loaded but not attached.
Flavors: r-devel-linux-x86_64-debian-clang, r-devel-linux-x86_64-debian-gcc, r-devel-windows-ix86+x86_64, r-patched-linux-x86_64, r-patched-solaris-sparc, r-patched-solaris-x86, r-release-linux-x86_64, r-release-windows-ix86+x86_64, r-oldrel-windows-ix86+x86_64, r-oldrel-osx-x86_64

Version: 0.2.1
Check: R code for possible problems
Result: NOTE
    est.lme : <anonymous>: warning in rank(iru, ties = "min"): partial
     argument match of ‘ties’ to ‘ties.method’
    est.lme : <anonymous>: no visible global function definition for ‘lme’
    est.lme : <anonymous>: no visible global function definition for
     ‘VarCorr’
    guo: no visible global function definition for ‘p.adjust’
    guo: no visible global function definition for ‘na.omit’
    pttest : ptest: no visible global function definition for ‘na.omit’
    srt : <anonymous>: no visible global function definition for
     ‘rowttests’
    Undefined global functions or variables:
     VarCorr lme na.omit p.adjust rowttests
    Consider adding
     importFrom("stats", "na.omit", "p.adjust")
    to your NAMESPACE file.
Flavors: r-devel-linux-x86_64-debian-clang, r-devel-linux-x86_64-debian-gcc, r-devel-windows-ix86+x86_64, r-patched-linux-x86_64, r-patched-solaris-sparc, r-patched-solaris-x86, r-release-linux-x86_64, r-release-windows-ix86+x86_64, r-oldrel-windows-ix86+x86_64, r-oldrel-osx-x86_64

Version: 0.2.1
Check: compiled code
Result: NOTE
    File ‘orQA/libs/orQA.so’:
     Found no calls to: ‘R_registerRoutines’, ‘R_useDynamicSymbols’
    
    It is good practice to register native routines and to disable symbol
    search.
    
    See ‘Writing portable packages’ in the ‘Writing R Extensions’ manual.
Flavors: r-devel-linux-x86_64-debian-clang, r-devel-linux-x86_64-debian-gcc, r-patched-linux-x86_64, r-release-linux-x86_64

Version: 0.2.1
Flags: --no-stop-on-test-error
Check: DESCRIPTION meta-information
Result: NOTE
    Malformed Description field: should contain one or more complete sentences.
Flavors: r-devel-linux-x86_64-fedora-clang, r-devel-linux-x86_64-fedora-gcc

Version: 0.2.1
Flags: --no-stop-on-test-error
Check: dependencies in R code
Result: NOTE
    Packages in Depends field not imported from:
     ‘Rcpp’ ‘genefilter’ ‘gtools’ ‘nlme’
     These packages need to be imported from (in the NAMESPACE file)
     for when this namespace is loaded but not attached.
Flavors: r-devel-linux-x86_64-fedora-clang, r-devel-linux-x86_64-fedora-gcc

Version: 0.2.1
Flags: --no-stop-on-test-error
Check: R code for possible problems
Result: NOTE
    est.lme : <anonymous>: warning in rank(iru, ties = "min"): partial
     argument match of 'ties' to 'ties.method'
    est.lme : <anonymous>: no visible global function definition for ‘lme’
    est.lme : <anonymous>: no visible global function definition for
     ‘VarCorr’
    guo: no visible global function definition for ‘p.adjust’
    guo: no visible global function definition for ‘na.omit’
    pttest : ptest: no visible global function definition for ‘na.omit’
    srt : <anonymous>: no visible global function definition for
     ‘rowttests’
    Undefined global functions or variables:
     VarCorr lme na.omit p.adjust rowttests
    Consider adding
     importFrom("stats", "na.omit", "p.adjust")
    to your NAMESPACE file.
Flavors: r-devel-linux-x86_64-fedora-clang, r-devel-linux-x86_64-fedora-gcc

Version: 0.2.1
Flags: --no-stop-on-test-error
Check: compiled code
Result: NOTE
    File ‘orQA/libs/orQA.so’:
     Found no calls to: ‘R_registerRoutines’, ‘R_useDynamicSymbols’
    
    It is good practice to register native routines and to disable symbol
    search.
    
    See ‘Writing portable packages’ in the ‘Writing R Extensions’ manual.
Flavors: r-devel-linux-x86_64-fedora-clang, r-devel-linux-x86_64-fedora-gcc

Version: 0.2.1
Check: package dependencies
Result: ERROR
    Package required but not available: ‘genefilter’
    
    See section ‘The DESCRIPTION file’ in the ‘Writing R Extensions’
    manual.
Flavor: r-release-osx-x86_64