CRAN Package Check Results for Package orQA

Last updated on 2014-12-20 21:46:56.

Flavor Version Tinstall Tcheck Ttotal Status Flags
r-devel-linux-x86_64-debian-clang 0.2.1 10.40 86.90 97.30 NOTE
r-devel-linux-x86_64-debian-gcc 0.2.1 13.46 86.71 100.17 NOTE
r-devel-linux-x86_64-fedora-clang 0.2.1 235.51 NOTE
r-devel-linux-x86_64-fedora-gcc 0.2.1 196.02 NOTE
r-devel-osx-x86_64-clang 0.2.1 184.78 NOTE
r-devel-windows-ix86+x86_64 0.2.1 36.00 191.00 227.00 NOTE
r-patched-linux-x86_64 0.2.1 10.97 92.36 103.33 NOTE
r-patched-solaris-sparc 0.2.1 1225.20 NOTE
r-patched-solaris-x86 0.2.1 272.80 NOTE
r-release-linux-ix86 0.2.1 13.70 105.32 119.02 NOTE
r-release-linux-x86_64 0.2.1 11.05 94.56 105.62 NOTE
r-release-osx-x86_64-mavericks 0.2.1 ERROR
r-release-osx-x86_64-snowleopard 0.2.1 NOTE
r-release-windows-ix86+x86_64 0.2.1 43.00 199.00 242.00 NOTE
r-oldrel-windows-ix86+x86_64 0.2.1 33.00 190.00 223.00 NOTE

Check Details

Version: 0.2.1
Check: dependencies in R code
Result: NOTE
    Packages in Depends field not imported from:
     ‘Rcpp’ ‘genefilter’ ‘gtools’ ‘nlme’
     These packages need to be imported from (in the NAMESPACE file)
     for when this namespace is loaded but not attached.
    See the information on DESCRIPTION files in the chapter ‘Creating R
    packages’ of the ‘Writing R Extensions’ manual.
Flavors: r-devel-linux-x86_64-debian-clang, r-devel-linux-x86_64-debian-gcc, r-devel-linux-x86_64-fedora-clang, r-devel-linux-x86_64-fedora-gcc, r-devel-osx-x86_64-clang, r-devel-windows-ix86+x86_64, r-patched-linux-x86_64, r-patched-solaris-sparc, r-patched-solaris-x86, r-release-linux-ix86, r-release-linux-x86_64, r-release-osx-x86_64-snowleopard, r-release-windows-ix86+x86_64, r-oldrel-windows-ix86+x86_64

Version: 0.2.1
Check: R code for possible problems
Result: NOTE
    est.lme : <anonymous>: warning in rank(iru, ties = "min"): partial
     argument match of ‘ties’ to ‘ties.method’
    est.lme : <anonymous>: no visible global function definition for ‘lme’
    est.lme : <anonymous>: no visible global function definition for
     ‘VarCorr’
    srt : <anonymous>: no visible global function definition for
     ‘rowttests’
Flavors: r-devel-linux-x86_64-debian-clang, r-devel-linux-x86_64-debian-gcc, r-devel-linux-x86_64-fedora-clang, r-devel-linux-x86_64-fedora-gcc, r-devel-osx-x86_64-clang, r-devel-windows-ix86+x86_64, r-patched-linux-x86_64, r-patched-solaris-sparc, r-patched-solaris-x86, r-release-linux-ix86, r-release-linux-x86_64, r-release-windows-ix86+x86_64

Version: 0.2.1
Check: package dependencies
Result: ERROR
    Package required but not available: ‘genefilter’
    
    See the information on DESCRIPTION files in the chapter ‘Creating R
    packages’ of the ‘Writing R Extensions’ manual.
Flavor: r-release-osx-x86_64-mavericks

Version: 0.2.1
Check: R code for possible problems
Result: NOTE
    est.lme : <anonymous>: warning in rank(iru, ties = "min"): partial
     argument match of 'ties' to 'ties.method'
Flavors: r-release-osx-x86_64-snowleopard, r-oldrel-windows-ix86+x86_64