CRAN Package Check Results for Package orQA

Last updated on 2014-11-28 12:46:53.

Flavor Version Tinstall Tcheck Ttotal Status Flags
r-devel-linux-x86_64-debian-clang 0.2.1 10.30 89.12 99.42 NOTE
r-devel-linux-x86_64-debian-gcc 0.2.1 10.69 88.27 98.96 NOTE
r-devel-linux-x86_64-fedora-clang 0.2.1 231.36 NOTE
r-devel-linux-x86_64-fedora-gcc 0.2.1 238.37 NOTE
r-devel-osx-x86_64-clang 0.2.1 178.59 NOTE
r-devel-windows-ix86+x86_64 0.2.1 38.00 178.00 216.00 NOTE
r-patched-linux-x86_64 0.2.1 11.04 90.57 101.61 NOTE
r-patched-solaris-sparc 0.2.1 1225.20 NOTE
r-patched-solaris-x86 0.2.1 269.60 NOTE
r-release-linux-ix86 0.2.1 12.62 104.76 117.38 NOTE
r-release-linux-x86_64 0.2.1 11.23 91.86 103.09 NOTE
r-release-osx-x86_64-mavericks 0.2.1 ERROR
r-release-osx-x86_64-snowleopard 0.2.1 NOTE
r-release-windows-ix86+x86_64 0.2.1 37.00 203.00 240.00 NOTE
r-oldrel-windows-ix86+x86_64 0.2.1 34.00 186.00 220.00 NOTE

Check Details

Version: 0.2.1
Check: dependencies in R code
Result: NOTE
    Packages in Depends field not imported from:
     ‘Rcpp’ ‘genefilter’ ‘gtools’ ‘nlme’
     These packages need to be imported from (in the NAMESPACE file)
     for when this namespace is loaded but not attached.
    See the information on DESCRIPTION files in the chapter ‘Creating R
    packages’ of the ‘Writing R Extensions’ manual.
Flavors: r-devel-linux-x86_64-debian-clang, r-devel-linux-x86_64-debian-gcc, r-devel-linux-x86_64-fedora-clang, r-devel-linux-x86_64-fedora-gcc, r-devel-osx-x86_64-clang, r-devel-windows-ix86+x86_64, r-patched-linux-x86_64, r-patched-solaris-sparc, r-patched-solaris-x86, r-release-linux-ix86, r-release-linux-x86_64, r-release-osx-x86_64-snowleopard, r-release-windows-ix86+x86_64, r-oldrel-windows-ix86+x86_64

Version: 0.2.1
Check: R code for possible problems
Result: NOTE
    est.lme : <anonymous>: warning in rank(iru, ties = "min"): partial
     argument match of ‘ties’ to ‘ties.method’
    est.lme : <anonymous>: no visible global function definition for ‘lme’
    est.lme : <anonymous>: no visible global function definition for
     ‘VarCorr’
    srt : <anonymous>: no visible global function definition for
     ‘rowttests’
Flavors: r-devel-linux-x86_64-debian-clang, r-devel-linux-x86_64-debian-gcc, r-devel-linux-x86_64-fedora-clang, r-devel-linux-x86_64-fedora-gcc, r-devel-osx-x86_64-clang, r-devel-windows-ix86+x86_64, r-patched-linux-x86_64, r-patched-solaris-sparc, r-patched-solaris-x86, r-release-linux-ix86, r-release-linux-x86_64, r-release-windows-ix86+x86_64

Version: 0.2.1
Check: package dependencies
Result: ERROR
    Package required but not available: ‘genefilter’
    
    See the information on DESCRIPTION files in the chapter ‘Creating R
    packages’ of the ‘Writing R Extensions’ manual.
Flavor: r-release-osx-x86_64-mavericks

Version: 0.2.1
Check: R code for possible problems
Result: NOTE
    est.lme : <anonymous>: warning in rank(iru, ties = "min"): partial
     argument match of 'ties' to 'ties.method'
Flavors: r-release-osx-x86_64-snowleopard, r-oldrel-windows-ix86+x86_64