CRAN Package Check Results for Package orQA

Last updated on 2014-07-25 03:49:50.

Flavor Version Tinstall Tcheck Ttotal Status Flags
r-devel-linux-x86_64-debian-clang 0.2.1 10.26 93.80 104.06 NOTE
r-devel-linux-x86_64-debian-gcc 0.2.1 10.55 90.27 100.82 NOTE
r-devel-linux-x86_64-fedora-clang 0.2.1 249.47 NOTE
r-devel-linux-x86_64-fedora-gcc 0.2.1 233.68 NOTE
r-devel-osx-x86_64-clang 0.2.1 177.25 NOTE
r-devel-windows-ix86+x86_64 0.2.1 35.00 202.00 237.00 NOTE
r-patched-linux-x86_64 0.2.1 9.70 82.31 92.01 NOTE
r-patched-solaris-sparc 0.2.1 1088.30 NOTE
r-patched-solaris-x86 0.2.1 238.50 NOTE
r-release-linux-ix86 0.2.1 11.32 101.74 113.07 NOTE
r-release-linux-x86_64 0.2.1 9.68 84.51 94.19 NOTE
r-release-osx-x86_64-mavericks 0.2.1 ERROR
r-release-osx-x86_64-snowleopard 0.2.1 NOTE
r-release-windows-ix86+x86_64 0.2.1 32.00 181.00 213.00 NOTE
r-oldrel-windows-ix86+x86_64 0.2.1 31.00 178.00 209.00 NOTE

Check Details

Version: 0.2.1
Check: dependencies in R code
Result: NOTE
    Packages in Depends field not imported from:
     ‘Rcpp’ ‘genefilter’ ‘gtools’ ‘nlme’
     These packages need to be imported from (in the NAMESPACE file)
     for when this namespace is loaded but not attached.
    See the information on DESCRIPTION files in the chapter ‘Creating R
    packages’ of the ‘Writing R Extensions’ manual.
Flavors: r-devel-linux-x86_64-debian-clang, r-devel-linux-x86_64-debian-gcc, r-devel-linux-x86_64-fedora-clang, r-devel-linux-x86_64-fedora-gcc, r-devel-osx-x86_64-clang, r-devel-windows-ix86+x86_64, r-patched-linux-x86_64, r-patched-solaris-sparc, r-patched-solaris-x86, r-release-linux-ix86, r-release-linux-x86_64, r-release-osx-x86_64-snowleopard, r-release-windows-ix86+x86_64, r-oldrel-windows-ix86+x86_64

Version: 0.2.1
Check: R code for possible problems
Result: NOTE
    est.lme : <anonymous>: warning in rank(iru, ties = "min"): partial
     argument match of 'ties' to 'ties.method'
Flavors: r-devel-linux-x86_64-debian-clang, r-devel-linux-x86_64-debian-gcc, r-devel-linux-x86_64-fedora-clang, r-devel-linux-x86_64-fedora-gcc, r-devel-osx-x86_64-clang, r-devel-windows-ix86+x86_64, r-patched-linux-x86_64, r-patched-solaris-sparc, r-patched-solaris-x86, r-release-linux-ix86, r-release-linux-x86_64, r-release-osx-x86_64-snowleopard, r-release-windows-ix86+x86_64, r-oldrel-windows-ix86+x86_64

Version: 0.2.1
Check: package dependencies
Result: ERROR
    Package required but not available: ‘genefilter’
    
    See the information on DESCRIPTION files in the chapter ‘Creating R
    packages’ of the ‘Writing R Extensions’ manual.
Flavor: r-release-osx-x86_64-mavericks