CRAN Package Check Results for Package ora

Last updated on 2015-07-29 23:47:18.

Flavor Version Tinstall Tcheck Ttotal Status Flags
r-devel-linux-x86_64-debian-clang 2.0-1 0.93 13.01 13.94 OK --install=fake
r-devel-linux-x86_64-debian-gcc 2.0-1 0.91 12.88 13.79 OK --install=fake
r-devel-linux-x86_64-fedora-clang 2.0-1 25.87 OK --install=fake
r-devel-linux-x86_64-fedora-gcc 2.0-1 24.71 OK --install=fake
r-patched-linux-x86_64 2.0-1 0.86 13.23 14.09 OK --install=fake
r-release-linux-x86_64 2.0-1 0.85 13.11 13.96 OK --install=fake
r-release-osx-x86_64-mavericks 2.0-1 ERROR

Check Details

Version: 2.0-1
Check: package dependencies
Result: ERROR
    Package required but not available: ‘ROracle’
    
    See section ‘The DESCRIPTION file’ in the ‘Writing R Extensions’
    manual.
Flavor: r-release-osx-x86_64-mavericks