CRAN Package Check Results for Package ora

Last updated on 2016-07-26 07:47:14.

Flavor Version Tinstall Tcheck Ttotal Status Flags
r-devel-linux-x86_64-debian-clang 2.0-1 1.16 16.54 17.71 OK --install=fake
r-devel-linux-x86_64-debian-gcc 2.0-1 1.14 15.29 16.42 OK --install=fake
r-devel-linux-x86_64-fedora-clang 2.0-1 22.56 OK --install=fake
r-devel-linux-x86_64-fedora-gcc 2.0-1 21.54 OK --install=fake
r-patched-linux-x86_64 2.0-1 1.07 15.45 16.51 OK --install=fake
r-release-linux-x86_64 2.0-1 1.06 15.33 16.39 OK --install=fake
r-release-osx-x86_64-mavericks 2.0-1 ERROR
r-release-windows-ix86+x86_64 2.0-1 1.00 4.00 5.00 ERROR

Check Details

Version: 2.0-1
Check: package dependencies
Result: ERROR
    Package required but not available: ‘ROracle’
    
    See section ‘The DESCRIPTION file’ in the ‘Writing R Extensions’
    manual.
Flavors: r-release-osx-x86_64-mavericks, r-release-windows-ix86+x86_64