CRAN Package Check Results for Package ora

Last updated on 2014-09-18 15:48:24.

Flavor Version Tinstall Tcheck Ttotal Status Flags
r-devel-linux-x86_64-debian-clang 2.0-1 1.31 14.94 16.25 OK --install=fake
r-devel-linux-x86_64-debian-gcc 2.0-1 1.01 14.76 15.77 OK --install=fake
r-devel-linux-x86_64-fedora-clang 2.0-1 32.64 OK --install=fake
r-devel-linux-x86_64-fedora-gcc 2.0-1 29.11 OK --install=fake
r-patched-linux-x86_64 2.0-1 1.06 15.09 16.16 OK --install=fake
r-release-linux-ix86 2.0-1 1.46 21.95 23.41 OK --install=fake
r-release-linux-x86_64 2.0-1 1.10 15.33 16.42 OK --install=fake
r-release-osx-x86_64-mavericks 2.0-1 ERROR
r-release-osx-x86_64-snowleopard 2.0-1 ERROR

Check Details

Version: 2.0-1
Check: package dependencies
Result: ERROR
    Package required but not available: ‘ROracle’
    
    See the information on DESCRIPTION files in the chapter ‘Creating R
    packages’ of the ‘Writing R Extensions’ manual.
Flavors: r-release-osx-x86_64-mavericks, r-release-osx-x86_64-snowleopard