CRAN Package Check Results for Package ora

Last updated on 2015-09-01 12:48:22.

Flavor Version Tinstall Tcheck Ttotal Status Flags
r-devel-linux-x86_64-debian-clang 2.0-1 0.82 12.40 13.22 OK --install=fake
r-devel-linux-x86_64-debian-gcc 2.0-1 0.76 12.71 13.47 OK --install=fake
r-devel-linux-x86_64-fedora-clang 2.0-1 24.66 OK --install=fake
r-devel-linux-x86_64-fedora-gcc 2.0-1 23.17 OK --install=fake
r-patched-linux-x86_64 2.0-1 0.85 13.24 14.09 OK --install=fake
r-release-linux-x86_64 2.0-1 0.84 13.34 14.18 OK --install=fake
r-release-osx-x86_64-mavericks 2.0-1 ERROR

Check Details

Version: 2.0-1
Check: package dependencies
Result: ERROR
    Package required but not available: ‘ROracle’
    
    See section ‘The DESCRIPTION file’ in the ‘Writing R Extensions’
    manual.
Flavor: r-release-osx-x86_64-mavericks