CRAN Package Check Results for Package ora

Last updated on 2020-08-07 20:46:56 CEST.

Flavor Version Tinstall Tcheck Ttotal Status Flags
r-devel-linux-x86_64-debian-clang 2.0-1 2.68 26.02 28.70 OK --no-examples --no-tests --no-vignettes
r-devel-linux-x86_64-debian-gcc 2.0-1 2.17 20.35 22.52 OK --no-examples --no-tests --no-vignettes
r-patched-linux-x86_64 2.0-1 2.67 25.62 28.29 OK --no-examples --no-tests --no-vignettes
r-release-linux-x86_64 2.0-1 2.76 25.99 28.75 OK --no-examples --no-tests --no-vignettes
r-release-macos-x86_64 2.0-1 ERROR
r-release-windows-ix86+x86_64 2.0-1 1.00 5.00 6.00 ERROR
r-oldrel-macos-x86_64 2.0-1 ERROR

Check Details

Version: 2.0-1
Check: package dependencies
Result: ERROR
    Package required but not available: ‘ROracle’
    
    See section ‘The DESCRIPTION file’ in the ‘Writing R Extensions’
    manual.
Flavors: r-release-macos-x86_64, r-release-windows-ix86+x86_64, r-oldrel-macos-x86_64