CRAN Package Check Results for Package ora

Last updated on 2016-06-24 21:47:10.

Flavor Version Tinstall Tcheck Ttotal Status Flags
r-devel-linux-x86_64-debian-gcc 2.0-1 0.93 13.65 14.59 OK --install=fake
r-devel-linux-x86_64-fedora-clang 2.0-1 22.74 OK --install=fake
r-devel-linux-x86_64-fedora-gcc 2.0-1 21.52 OK --install=fake
r-patched-linux-x86_64 2.0-1 1.02 13.55 14.57 OK --install=fake
r-release-linux-x86_64 2.0-1 1.00 13.67 14.67 OK --install=fake
r-release-osx-x86_64-mavericks 2.0-1 ERROR
r-release-windows-ix86+x86_64 2.0-1 1.00 4.00 5.00 ERROR

Check Details

Version: 2.0-1
Check: package dependencies
Result: ERROR
    Package required but not available: ‘ROracle’
    
    See section ‘The DESCRIPTION file’ in the ‘Writing R Extensions’
    manual.
Flavors: r-release-osx-x86_64-mavericks, r-release-windows-ix86+x86_64