CRAN Package Check Results for Package ora

Last updated on 2014-04-23 20:47:17.

Flavor Version Tinstall Tcheck Ttotal Status Flags
r-devel-linux-x86_64-debian-clang 2.0-1 0.93 14.16 15.10 OK --install=fake
r-devel-linux-x86_64-debian-gcc 2.0-1 0.94 13.70 14.64 OK --install=fake
r-devel-linux-x86_64-fedora-clang 2.0-1 27.52 OK --install=fake
r-devel-linux-x86_64-fedora-gcc 2.0-1 26.65 OK --install=fake
r-devel-osx-x86_64-gcc 2.0-1 ERROR
r-patched-linux-x86_64 2.0-1 0.92 14.16 15.07 OK --install=fake
r-release-linux-ix86 2.0-1 2.00 28.00 30.00 OK --install=fake
r-release-linux-x86_64 2.0-1 1.00 13.72 14.71 OK --install=fake
r-release-osx-x86_64-mavericks 2.0-1 ERROR
r-release-osx-x86_64-snowleopard 2.0-1 ERROR

Check Details

Version: 2.0-1
Check: package dependencies
Result: ERROR
    Package required but not available: ‘ROracle’
    
    See the information on DESCRIPTION files in the chapter ‘Creating R
    packages’ of the ‘Writing R Extensions’ manual.
Flavors: r-devel-osx-x86_64-gcc, r-release-osx-x86_64-mavericks, r-release-osx-x86_64-snowleopard