CRAN Package Check Results for Package ora

Last updated on 2016-05-24 11:49:02.

Flavor Version Tinstall Tcheck Ttotal Status Flags
r-devel-linux-x86_64-debian-gcc 2.0-1 0.86 13.20 14.06 OK --install=fake
r-devel-linux-x86_64-fedora-clang 2.0-1 22.77 OK --install=fake
r-devel-linux-x86_64-fedora-gcc 2.0-1 21.25 OK --install=fake
r-devel-windows-ix86+x86_64 2.0-1 1.00 4.00 5.00 ERROR
r-patched-linux-x86_64 2.0-1 0.85 13.08 13.93 OK --install=fake
r-release-linux-x86_64 2.0-1 0.81 12.91 13.73 OK --install=fake
r-release-osx-x86_64-mavericks 2.0-1 ERROR
r-release-windows-ix86+x86_64 2.0-1 1.00 4.00 5.00 ERROR

Check Details

Version: 2.0-1
Check: package dependencies
Result: ERROR
    Package required but not available: 'ROracle'
    
    See section 'The DESCRIPTION file' in the 'Writing R Extensions'
    manual.
Flavors: r-devel-windows-ix86+x86_64, r-release-osx-x86_64-mavericks, r-release-windows-ix86+x86_64