CRAN Package Check Results for Package ora

Last updated on 2017-12-11 07:47:31 CET.

Flavor Version Tinstall Tcheck Ttotal Status Flags
r-devel-linux-x86_64-debian-clang 2.0-1 1.19 18.21 19.40 OK --install=fake
r-devel-linux-x86_64-debian-gcc 2.0-1 0.94 17.13 18.07 OK --install=fake
r-devel-linux-x86_64-fedora-clang 2.0-1 23.52 OK --install=fake
r-devel-linux-x86_64-fedora-gcc 2.0-1 23.36 OK --install=fake
r-patched-linux-x86_64 2.0-1 1.17 21.25 22.42 OK --install=fake
r-release-linux-x86_64 2.0-1 1.34 21.72 23.06 OK --install=fake
r-release-osx-x86_64 2.0-1 ERROR
r-oldrel-windows-ix86+x86_64 2.0-1 1.00 4.00 5.00 ERROR
r-oldrel-osx-x86_64 2.0-1 ERROR

Check Details

Version: 2.0-1
Check: package dependencies
Result: ERROR
    Package required but not available: ‘ROracle’
    
    See section ‘The DESCRIPTION file’ in the ‘Writing R Extensions’
    manual.
Flavors: r-release-osx-x86_64, r-oldrel-windows-ix86+x86_64, r-oldrel-osx-x86_64