CRAN Package Check Results for Package ora

Last updated on 2014-11-29 03:51:59.

Flavor Version Tinstall Tcheck Ttotal Status Flags
r-devel-linux-x86_64-debian-clang 2.0-1 1.06 15.68 16.74 OK --install=fake
r-devel-linux-x86_64-debian-gcc 2.0-1 1.06 14.77 15.84 OK --install=fake
r-devel-linux-x86_64-fedora-clang 2.0-1 33.20 OK --install=fake
r-devel-linux-x86_64-fedora-gcc 2.0-1 33.73 OK --install=fake
r-patched-linux-x86_64 2.0-1 1.05 15.78 16.83 OK --install=fake
r-release-linux-ix86 2.0-1 1.34 21.05 22.39 OK --install=fake
r-release-linux-x86_64 2.0-1 1.02 15.24 16.27 OK --install=fake
r-release-osx-x86_64-mavericks 2.0-1 ERROR
r-release-osx-x86_64-snowleopard 2.0-1 ERROR

Check Details

Version: 2.0-1
Check: package dependencies
Result: ERROR
    Package required but not available: ‘ROracle’
    
    See the information on DESCRIPTION files in the chapter ‘Creating R
    packages’ of the ‘Writing R Extensions’ manual.
Flavors: r-release-osx-x86_64-mavericks, r-release-osx-x86_64-snowleopard