CRAN Package Check Results for Package ora

Last updated on 2017-04-28 23:52:32.

Flavor Version Tinstall Tcheck Ttotal Status Flags
r-devel-linux-x86_64-debian-clang 2.0-1 0.92 15.03 15.95 OK --install=fake
r-devel-linux-x86_64-debian-gcc 2.0-1 0.93 14.75 15.68 OK --install=fake
r-devel-linux-x86_64-fedora-clang 2.0-1 27.70 OK --install=fake --no-stop-on-test-error
r-devel-linux-x86_64-fedora-gcc 2.0-1 24.21 OK --install=fake --no-stop-on-test-error
r-patched-linux-x86_64 2.0-1 0.90 15.11 16.02 OK --install=fake
r-release-linux-x86_64 2.0-1 0.90 14.91 15.81 OK --install=fake
r-release-osx-x86_64 2.0-1 ERROR
r-oldrel-windows-ix86+x86_64 2.0-1 1.00 4.00 5.00 ERROR
r-oldrel-osx-x86_64 2.0-1 ERROR

Check Details

Version: 2.0-1
Check: package dependencies
Result: ERROR
    Package required but not available: ‘ROracle’
    
    See section ‘The DESCRIPTION file’ in the ‘Writing R Extensions’
    manual.
Flavors: r-release-osx-x86_64, r-oldrel-windows-ix86+x86_64, r-oldrel-osx-x86_64