CRAN Package Check Results for Package ora

Last updated on 2016-08-25 11:49:01.

Flavor Version Tinstall Tcheck Ttotal Status Flags
r-devel-linux-x86_64-debian-clang 2.0-1 0.95 13.05 14.01 OK --install=fake
r-devel-linux-x86_64-debian-gcc 2.0-1 0.92 13.19 14.11 OK --install=fake
r-devel-linux-x86_64-fedora-clang 2.0-1 22.92 OK --install=fake
r-devel-linux-x86_64-fedora-gcc 2.0-1 21.95 OK --install=fake
r-patched-linux-x86_64 2.0-1 0.82 13.48 14.30 OK --install=fake
r-release-linux-x86_64 2.0-1 1.02 12.81 13.84 OK --install=fake
r-release-osx-x86_64-mavericks 2.0-1 ERROR
r-release-windows-ix86+x86_64 2.0-1 1.00 4.00 5.00 ERROR

Check Details

Version: 2.0-1
Check: package dependencies
Result: ERROR
    Package required but not available: ‘ROracle’
    
    See section ‘The DESCRIPTION file’ in the ‘Writing R Extensions’
    manual.
Flavors: r-release-osx-x86_64-mavericks, r-release-windows-ix86+x86_64