CRAN Package Check Results for Package ora

Last updated on 2015-01-28 19:49:25.

Flavor Version Tinstall Tcheck Ttotal Status Flags
r-devel-linux-x86_64-debian-clang 2.0-1 0.96 14.17 15.13 OK --install=fake
r-devel-linux-x86_64-debian-gcc 2.0-1 0.95 13.48 14.44 OK --install=fake
r-devel-linux-x86_64-fedora-clang 2.0-1 33.14 OK --install=fake
r-devel-linux-x86_64-fedora-gcc 2.0-1 32.14 OK --install=fake
r-patched-linux-x86_64 2.0-1 1.07 15.28 16.35 OK --install=fake
r-release-linux-ix86 2.0-1 1.34 21.32 22.67 OK --install=fake
r-release-linux-x86_64 2.0-1 1.04 15.16 16.20 OK --install=fake
r-release-osx-x86_64-mavericks 2.0-1 ERROR
r-release-osx-x86_64-snowleopard 2.0-1 ERROR

Check Details

Version: 2.0-1
Check: package dependencies
Result: ERROR
    Package required but not available: ‘ROracle’
    
    See the information on DESCRIPTION files in the chapter ‘Creating R
    packages’ of the ‘Writing R Extensions’ manual.
Flavors: r-release-osx-x86_64-mavericks, r-release-osx-x86_64-snowleopard