CRAN Package Check Results for Package ora

Last updated on 2014-10-25 21:46:34.

Flavor Version Tinstall Tcheck Ttotal Status Flags
r-devel-linux-x86_64-debian-clang 2.0-1 1.06 15.26 16.32 OK --install=fake
r-devel-linux-x86_64-debian-gcc 2.0-1 1.02 15.21 16.24 OK --install=fake
r-devel-linux-x86_64-fedora-clang 2.0-1 32.57 OK --install=fake
r-devel-linux-x86_64-fedora-gcc 2.0-1 29.64 OK --install=fake
r-patched-linux-x86_64 2.0-1 1.16 16.08 17.24 OK --install=fake
r-release-linux-ix86 2.0-1 1.44 23.41 24.84 OK --install=fake
r-release-linux-x86_64 2.0-1 1.09 15.85 16.94 OK --install=fake
r-release-osx-x86_64-mavericks 2.0-1 ERROR
r-release-osx-x86_64-snowleopard 2.0-1 ERROR

Check Details

Version: 2.0-1
Check: package dependencies
Result: ERROR
    Package required but not available: ‘ROracle’
    
    See the information on DESCRIPTION files in the chapter ‘Creating R
    packages’ of the ‘Writing R Extensions’ manual.
Flavors: r-release-osx-x86_64-mavericks, r-release-osx-x86_64-snowleopard