CRAN Package Check Results for Package ora

Last updated on 2016-09-30 15:47:24.

Flavor Version Tinstall Tcheck Ttotal Status Flags
r-devel-linux-x86_64-debian-clang 2.0-1 1.03 14.24 15.27 OK --install=fake
r-devel-linux-x86_64-debian-gcc 2.0-1 1.02 13.75 14.76 OK --install=fake
r-devel-linux-x86_64-fedora-clang 2.0-1 24.83 OK --install=fake
r-devel-linux-x86_64-fedora-gcc 2.0-1 21.81 OK --install=fake
r-patched-linux-x86_64 2.0-1 0.96 13.46 14.42 OK --install=fake
r-release-linux-x86_64 2.0-1 0.87 13.30 14.17 OK --install=fake
r-release-osx-x86_64-mavericks 2.0-1 ERROR
r-release-windows-ix86+x86_64 2.0-1 1.00 4.00 5.00 ERROR

Check Details

Version: 2.0-1
Check: package dependencies
Result: ERROR
    Package required but not available: ‘ROracle’
    
    See section ‘The DESCRIPTION file’ in the ‘Writing R Extensions’
    manual.
Flavors: r-release-osx-x86_64-mavericks, r-release-windows-ix86+x86_64