CRAN Package Check Results for Package ora

Last updated on 2016-12-11 14:47:42.

Flavor Version Tinstall Tcheck Ttotal Status Flags
r-devel-linux-x86_64-debian-clang 2.0-1 0.98 14.73 15.71 OK --install=fake
r-devel-linux-x86_64-debian-gcc 2.0-1 0.95 14.40 15.35 OK --install=fake
r-devel-linux-x86_64-fedora-clang 2.0-1 26.44 OK --install=fake --no-stop-on-test-error
r-devel-linux-x86_64-fedora-gcc 2.0-1 24.49 OK --install=fake --no-stop-on-test-error
r-patched-linux-x86_64 2.0-1 0.91 12.96 13.87 OK --install=fake
r-release-linux-x86_64 2.0-1 1.00 13.05 14.05 OK --install=fake
r-release-osx-x86_64-mavericks 2.0-1 ERROR
r-release-windows-ix86+x86_64 2.0-1 1.00 4.00 5.00 ERROR

Check Details

Version: 2.0-1
Check: package dependencies
Result: ERROR
    Package required but not available: ‘ROracle’
    
    See section ‘The DESCRIPTION file’ in the ‘Writing R Extensions’
    manual.
Flavors: r-release-osx-x86_64-mavericks, r-release-windows-ix86+x86_64