CRAN Package Check Results for Package ora

Last updated on 2014-08-22 00:46:51.

Flavor Version Tinstall Tcheck Ttotal Status Flags
r-devel-linux-x86_64-debian-clang 2.0-1 0.87 12.44 13.31 OK --install=fake
r-devel-linux-x86_64-debian-gcc 2.0-1 0.84 13.06 13.90 OK --install=fake
r-devel-linux-x86_64-fedora-clang 2.0-1 27.43 OK --install=fake
r-devel-linux-x86_64-fedora-gcc 2.0-1 25.29 OK --install=fake
r-patched-linux-x86_64 2.0-1 0.90 13.22 14.13 OK --install=fake
r-release-linux-ix86 2.0-1 1.38 19.72 21.09 OK --install=fake
r-release-linux-x86_64 2.0-1 0.90 13.20 14.10 OK --install=fake
r-release-osx-x86_64-mavericks 2.0-1 ERROR
r-release-osx-x86_64-snowleopard 2.0-1 ERROR

Check Details

Version: 2.0-1
Check: package dependencies
Result: ERROR
    Package required but not available: ‘ROracle’
    
    See the information on DESCRIPTION files in the chapter ‘Creating R
    packages’ of the ‘Writing R Extensions’ manual.
Flavors: r-release-osx-x86_64-mavericks, r-release-osx-x86_64-snowleopard