CRAN Package Check Results for Package ora

Last updated on 2015-05-23 08:47:08.

Flavor Version Tinstall Tcheck Ttotal Status Flags
r-devel-linux-x86_64-debian-clang 2.0-1 0.88 13.20 14.09 OK --install=fake
r-devel-linux-x86_64-debian-gcc 2.0-1 0.85 13.02 13.87 OK --install=fake
r-devel-linux-x86_64-fedora-clang 2.0-1 26.68 OK --install=fake
r-devel-linux-x86_64-fedora-gcc 2.0-1 24.91 OK --install=fake
r-patched-linux-x86_64 2.0-1 0.85 13.02 13.86 OK --install=fake
r-release-linux-x86_64 2.0-1 0.86 13.22 14.08 OK --install=fake
r-release-osx-x86_64-mavericks 2.0-1 ERROR
r-release-osx-x86_64-snowleopard 2.0-1 ERROR

Check Details

Version: 2.0-1
Check: package dependencies
Result: ERROR
    Package required but not available: ‘ROracle’
    
    See section ‘The DESCRIPTION file’ in the ‘Writing R Extensions’
    manual.
Flavors: r-release-osx-x86_64-mavericks, r-release-osx-x86_64-snowleopard