CRAN Package Check Results for Package ora

Last updated on 2017-02-26 17:51:33.

Flavor Version Tinstall Tcheck Ttotal Status Flags
r-devel-linux-x86_64-debian-clang 2.0-1 1.01 14.82 15.83 OK --install=fake
r-devel-linux-x86_64-debian-gcc 2.0-1 1.04 15.04 16.09 OK --install=fake
r-devel-linux-x86_64-fedora-clang 2.0-1 27.17 OK --install=fake --no-stop-on-test-error
r-devel-linux-x86_64-fedora-gcc 2.0-1 24.34 OK --install=fake --no-stop-on-test-error
r-patched-linux-x86_64 2.0-1 0.89 13.27 14.16 OK --install=fake
r-release-linux-x86_64 2.0-1 0.83 13.33 14.17 OK --install=fake
r-release-osx-x86_64-mavericks 2.0-1 ERROR
r-release-windows-ix86+x86_64 2.0-1 1.00 4.00 5.00 ERROR

Check Details

Version: 2.0-1
Check: package dependencies
Result: ERROR
    Package required but not available: ‘ROracle’
    
    See section ‘The DESCRIPTION file’ in the ‘Writing R Extensions’
    manual.
Flavors: r-release-osx-x86_64-mavericks, r-release-windows-ix86+x86_64