CRAN Package Check Results for Package ora

Last updated on 2015-03-03 12:50:41.

Flavor Version Tinstall Tcheck Ttotal Status Flags
r-devel-linux-x86_64-debian-clang 2.0-1 0.92 13.83 14.75 OK --install=fake
r-devel-linux-x86_64-debian-gcc 2.0-1 0.85 12.83 13.68 OK --install=fake
r-devel-linux-x86_64-fedora-clang 2.0-1 26.92 OK --install=fake
r-devel-linux-x86_64-fedora-gcc 2.0-1 26.14 OK --install=fake
r-patched-linux-x86_64 2.0-1 1.07 15.52 16.59 OK --install=fake
r-release-linux-ix86 2.0-1 1.34 22.80 24.14 OK --install=fake
r-release-linux-x86_64 2.0-1 1.07 15.57 16.64 OK --install=fake
r-release-osx-x86_64-mavericks 2.0-1 ERROR
r-release-osx-x86_64-snowleopard 2.0-1 ERROR

Check Details

Version: 2.0-1
Check: package dependencies
Result: ERROR
    Package required but not available: ‘ROracle’
    
    See section ‘The DESCRIPTION file’ in the ‘Writing R Extensions’
    manual.
Flavors: r-release-osx-x86_64-mavericks, r-release-osx-x86_64-snowleopard