CRAN Package Check Results for Package ora

Last updated on 2014-07-24 11:53:26.

Flavor Version Tinstall Tcheck Ttotal Status Flags
r-devel-linux-x86_64-debian-clang 2.0-1 0.87 12.92 13.80 OK --install=fake
r-devel-linux-x86_64-debian-gcc 2.0-1 0.86 12.92 13.79 OK --install=fake
r-devel-linux-x86_64-fedora-clang 2.0-1 28.17 OK --install=fake
r-devel-linux-x86_64-fedora-gcc 2.0-1 26.49 OK --install=fake
r-patched-linux-x86_64 2.0-1 0.89 12.82 13.71 OK --install=fake
r-release-linux-ix86 2.0-1 1.22 20.56 21.78 OK --install=fake
r-release-linux-x86_64 2.0-1 1.19 13.17 14.36 OK --install=fake
r-release-osx-x86_64-mavericks 2.0-1 ERROR
r-release-osx-x86_64-snowleopard 2.0-1 ERROR

Check Details

Version: 2.0-1
Check: package dependencies
Result: ERROR
    Package required but not available: ‘ROracle’
    
    See the information on DESCRIPTION files in the chapter ‘Creating R
    packages’ of the ‘Writing R Extensions’ manual.
Flavors: r-release-osx-x86_64-mavericks, r-release-osx-x86_64-snowleopard