CRAN Package Check Results for Package ora

Last updated on 2016-02-09 18:49:19.

Flavor Version Tinstall Tcheck Ttotal Status Flags
r-devel-linux-x86_64-debian-gcc 2.0-1 0.95 11.86 12.81 OK --install=fake
r-devel-linux-x86_64-fedora-clang 2.0-1 22.15 OK --install=fake
r-devel-linux-x86_64-fedora-gcc 2.0-1 21.14 OK --install=fake
r-patched-linux-x86_64 2.0-1 0.92 13.47 14.39 OK --install=fake
r-release-linux-x86_64 2.0-1 0.96 13.48 14.44 OK --install=fake
r-release-osx-x86_64-mavericks 2.0-1 ERROR

Check Details

Version: 2.0-1
Check: package dependencies
Result: ERROR
    Package required but not available: ‘ROracle’
    
    See section ‘The DESCRIPTION file’ in the ‘Writing R Extensions’
    manual.
Flavor: r-release-osx-x86_64-mavericks