CRAN Package Check Results for Package ora

Last updated on 2014-12-19 08:48:36.

Flavor Version Tinstall Tcheck Ttotal Status Flags
r-devel-linux-x86_64-debian-clang 2.0-1 1.04 15.52 16.56 OK --install=fake
r-devel-linux-x86_64-debian-gcc 2.0-1 1.00 15.10 16.10 OK --install=fake
r-devel-linux-x86_64-fedora-clang 2.0-1 34.68 OK --install=fake
r-devel-linux-x86_64-fedora-gcc 2.0-1 33.54 OK --install=fake
r-patched-linux-x86_64 2.0-1 1.06 15.87 16.93 OK --install=fake
r-release-linux-ix86 2.0-1 1.34 20.98 22.32 OK --install=fake
r-release-linux-x86_64 2.0-1 1.05 15.12 16.17 OK --install=fake
r-release-osx-x86_64-mavericks 2.0-1 ERROR
r-release-osx-x86_64-snowleopard 2.0-1 ERROR

Check Details

Version: 2.0-1
Check: package dependencies
Result: ERROR
    Package required but not available: ‘ROracle’
    
    See the information on DESCRIPTION files in the chapter ‘Creating R
    packages’ of the ‘Writing R Extensions’ manual.
Flavors: r-release-osx-x86_64-mavericks, r-release-osx-x86_64-snowleopard