CRAN Package Check Results for Package ora

Last updated on 2017-06-23 04:47:13.

Flavor Version Tinstall Tcheck Ttotal Status Flags
r-devel-linux-x86_64-debian-clang 2.0-1 0.97 15.65 16.61 OK --install=fake
r-devel-linux-x86_64-debian-gcc 2.0-1 0.92 15.44 16.35 OK --install=fake
r-devel-linux-x86_64-fedora-clang 2.0-1 25.87 OK --install=fake
r-devel-linux-x86_64-fedora-gcc 2.0-1 24.05 OK --install=fake
r-patched-linux-x86_64 2.0-1 1.05 15.29 16.34 OK --install=fake
r-release-linux-x86_64 2.0-1 1.13 15.34 16.47 OK --install=fake
r-release-osx-x86_64 2.0-1 ERROR
r-oldrel-windows-ix86+x86_64 2.0-1 1.00 4.00 5.00 ERROR
r-oldrel-osx-x86_64 2.0-1 ERROR

Check Details

Version: 2.0-1
Check: package dependencies
Result: ERROR
    Package required but not available: ‘ROracle’
    
    See section ‘The DESCRIPTION file’ in the ‘Writing R Extensions’
    manual.
Flavors: r-release-osx-x86_64, r-oldrel-windows-ix86+x86_64, r-oldrel-osx-x86_64