CRAN Package Check Results for Package ora

Last updated on 2018-04-26 01:47:06 CEST.

Flavor Version Tinstall Tcheck Ttotal Status Flags
r-devel-linux-x86_64-debian-clang 2.0-1 1.52 19.17 20.69 OK --no-examples --no-tests --no-vignettes
r-devel-linux-x86_64-debian-gcc 2.0-1 1.15 17.82 18.97 OK --no-examples --no-tests --no-vignettes
r-devel-windows-ix86+x86_64 2.0-1 1.00 4.00 5.00 ERROR
r-patched-linux-x86_64 2.0-1 1.36 21.46 22.82 OK --no-examples --no-tests --no-vignettes
r-release-linux-x86_64 2.0-1 1.54 21.57 23.11 OK --no-examples --no-tests --no-vignettes
r-release-windows-ix86+x86_64 2.0-1 1.00 4.00 5.00 ERROR
r-release-osx-x86_64 2.0-1 ERROR
r-oldrel-osx-x86_64 2.0-1 ERROR

Check Details

Version: 2.0-1
Check: package dependencies
Result: ERROR
    Package required but not available: 'ROracle'
    
    See section 'The DESCRIPTION file' in the 'Writing R Extensions'
    manual.
Flavors: r-devel-windows-ix86+x86_64, r-release-windows-ix86+x86_64, r-release-osx-x86_64, r-oldrel-osx-x86_64