CRAN Package Check Results for Package ora

Last updated on 2017-01-21 08:47:11.

Flavor Version Tinstall Tcheck Ttotal Status Flags
r-devel-linux-x86_64-debian-clang 2.0-1 1.00 14.71 15.72 OK --install=fake
r-devel-linux-x86_64-debian-gcc 2.0-1 0.85 14.51 15.36 OK --install=fake
r-devel-linux-x86_64-fedora-clang 2.0-1 25.24 OK --install=fake --no-stop-on-test-error
r-devel-linux-x86_64-fedora-gcc 2.0-1 26.08 OK --install=fake --no-stop-on-test-error
r-patched-linux-x86_64 2.0-1 0.82 12.91 13.73 OK --install=fake
r-release-linux-x86_64 2.0-1 0.93 12.98 13.91 OK --install=fake
r-release-osx-x86_64-mavericks 2.0-1 ERROR
r-release-windows-ix86+x86_64 2.0-1 1.00 4.00 5.00 ERROR

Check Details

Version: 2.0-1
Check: package dependencies
Result: ERROR
    Package required but not available: ‘ROracle’
    
    See section ‘The DESCRIPTION file’ in the ‘Writing R Extensions’
    manual.
Flavors: r-release-osx-x86_64-mavericks, r-release-windows-ix86+x86_64