CRAN Package Check Results for Package ordPens

Last updated on 2015-03-27 21:47:55.

Flavor Version Tinstall Tcheck Ttotal Status Flags
r-devel-linux-x86_64-debian-clang 0.2-1 3.77 34.73 38.50 NOTE
r-devel-linux-x86_64-debian-gcc 0.2-1 2.78 34.10 36.89 NOTE
r-devel-linux-x86_64-fedora-clang 0.2-1 79.67 NOTE
r-devel-linux-x86_64-fedora-gcc 0.2-1 76.27 NOTE
r-devel-osx-x86_64-clang 0.2-1 74.45 NOTE
r-prerel-windows-ix86+x86_64 0.2-1 12.00 52.00 64.00 NOTE
r-prerel-linux-x86_64 0.2-1 3.08 34.25 37.33 NOTE
r-prerel-solaris-sparc 0.2-1 480.20 NOTE
r-prerel-solaris-x86 0.2-1 104.80 NOTE
r-release-linux-x86_64 0.2-1 4.08 44.60 48.68 NOTE
r-release-osx-x86_64-mavericks 0.2-1 NOTE
r-release-osx-x86_64-snowleopard 0.2-1 NOTE
r-release-windows-ix86+x86_64 0.2-1 11.00 67.00 78.00 NOTE
r-oldrel-windows-ix86+x86_64 0.2-1 13.00 68.00 81.00 NOTE

Check Details

Version: 0.2-1
Check: DESCRIPTION meta-information
Result: NOTE
    Malformed Description field: should contain one or more complete sentences.
Flavors: r-devel-linux-x86_64-debian-clang, r-devel-linux-x86_64-debian-gcc, r-devel-linux-x86_64-fedora-clang, r-devel-linux-x86_64-fedora-gcc, r-devel-osx-x86_64-clang, r-prerel-windows-ix86+x86_64, r-prerel-linux-x86_64, r-prerel-solaris-sparc, r-prerel-solaris-x86

Version: 0.2-1
Check: dependencies in R code
Result: NOTE
    Packages in Depends field not imported from:
     ‘RLRsim’ ‘mgcv’
     These packages need to be imported from (in the NAMESPACE file)
     for when this namespace is loaded but not attached.
Flavors: r-devel-linux-x86_64-debian-clang, r-devel-linux-x86_64-debian-gcc, r-devel-linux-x86_64-fedora-clang, r-devel-linux-x86_64-fedora-gcc, r-devel-osx-x86_64-clang, r-prerel-windows-ix86+x86_64, r-prerel-linux-x86_64, r-prerel-solaris-sparc, r-prerel-solaris-x86, r-release-linux-x86_64, r-release-windows-ix86+x86_64

Version: 0.2-1
Check: S3 generic/method consistency
Result: NOTE
    Found the following apparent S3 methods exported but not registered:
     ordAOV.default ordSelect.default ordSmooth.default plot.ordPen
     predict.ordPen
    See section ‘Registering S3 methods’ in the ‘Writing R Extensions’
    manual.
Flavors: r-devel-linux-x86_64-debian-clang, r-devel-linux-x86_64-debian-gcc, r-devel-linux-x86_64-fedora-clang, r-devel-linux-x86_64-fedora-gcc, r-devel-osx-x86_64-clang, r-prerel-linux-x86_64

Version: 0.2-1
Check: R code for possible problems
Result: NOTE
    ordAOV1: no visible global function definition for ‘gam’
    ordAOV1: no visible global function definition for ‘RLRTSim’
    ordAOV1: no visible global function definition for ‘LRTSim’
    ordAOV2: no visible global function definition for ‘gam’
    ordAOV2: no visible global function definition for ‘RLRTSim’
    ordAOV2: no visible global function definition for ‘LRTSim’
Flavors: r-devel-linux-x86_64-debian-clang, r-devel-linux-x86_64-debian-gcc, r-devel-linux-x86_64-fedora-clang, r-devel-linux-x86_64-fedora-gcc, r-devel-osx-x86_64-clang, r-prerel-windows-ix86+x86_64, r-prerel-linux-x86_64, r-prerel-solaris-sparc, r-prerel-solaris-x86, r-release-linux-x86_64, r-release-osx-x86_64-mavericks, r-release-windows-ix86+x86_64

Version: 0.2-1
Check: dependencies in R code
Result: NOTE
    Packages in Depends field not imported from:
     ‘RLRsim’ ‘mgcv’
     These packages need to be imported from (in the NAMESPACE file)
     for when this namespace is loaded but not attached.
    See the information on DESCRIPTION files in the chapter ‘Creating R
    packages’ of the ‘Writing R Extensions’ manual.
Flavors: r-release-osx-x86_64-mavericks, r-oldrel-windows-ix86+x86_64

Version: 0.2-1
Check: dependencies in R code
Result: NOTE
    Packages in Depends field not imported from:
     'RLRsim' 'mgcv'
     These packages need to be imported from for the case when
     this namespace is loaded but not attached.
    See the information on DESCRIPTION files in the chapter 'Creating R
    packages' of the 'Writing R Extensions' manual.
Flavor: r-release-osx-x86_64-snowleopard