CRAN Package Check Results for Package ordPens

Last updated on 2015-05-27 11:49:28.

Flavor Version Tinstall Tcheck Ttotal Status Flags
r-devel-linux-x86_64-debian-clang 0.3-1 3.62 42.63 46.25 OK
r-devel-linux-x86_64-debian-gcc 0.3-1 3.07 41.00 44.08 OK
r-devel-linux-x86_64-fedora-clang 0.3-1 94.71 OK
r-devel-linux-x86_64-fedora-gcc 0.3-1 91.74 OK
r-devel-osx-x86_64-clang 0.3-1 83.23 OK
r-devel-windows-ix86+x86_64 0.3-1 11.00 62.00 73.00 OK
r-patched-linux-x86_64 0.3-1 3.02 40.92 43.94 OK
r-patched-solaris-sparc 0.3-1 570.50 OK
r-patched-solaris-x86 0.3-1 135.50 OK
r-release-linux-x86_64 0.3-1 3.11 41.74 44.85 OK
r-release-osx-x86_64-mavericks 0.3-1 NOTE
r-release-osx-x86_64-snowleopard 0.2-1 NOTE
r-release-windows-ix86+x86_64 0.3-1 10.00 62.00 72.00 OK
r-oldrel-windows-ix86+x86_64 0.3-1 15.00 74.00 89.00 OK

Check Details

Version: 0.3-1
Check: package dependencies
Result: NOTE
    Package suggested but not available for checking: ‘IsoGene’
Flavor: r-release-osx-x86_64-mavericks

Version: 0.2-1
Check: dependencies in R code
Result: NOTE
    Packages in Depends field not imported from:
     ‘RLRsim’ ‘mgcv’
     These packages need to be imported from (in the NAMESPACE file)
     for when this namespace is loaded but not attached.
    See the information on DESCRIPTION files in the chapter ‘Creating R
    packages’ of the ‘Writing R Extensions’ manual.
Flavor: r-release-osx-x86_64-snowleopard