CRAN Package Check Results for Package ordPens

Last updated on 2015-07-29 12:47:32.

Flavor Version Tinstall Tcheck Ttotal Status Flags
r-devel-linux-x86_64-debian-clang 0.3-1 3.47 43.46 46.94 NOTE
r-devel-linux-x86_64-debian-gcc 0.3-1 3.06 41.64 44.70 NOTE
r-devel-linux-x86_64-fedora-clang 0.3-1 94.27 NOTE
r-devel-linux-x86_64-fedora-gcc 0.3-1 87.79 NOTE
r-devel-osx-x86_64-clang 0.3-1 77.66 OK
r-devel-windows-ix86+x86_64 0.3-1 9.00 65.00 74.00 NOTE
r-patched-linux-x86_64 0.3-1 3.31 42.99 46.30 OK
r-patched-solaris-sparc 0.3-1 588.10 OK
r-patched-solaris-x86 0.3-1 140.60 OK
r-release-linux-x86_64 0.3-1 3.13 42.73 45.86 OK
r-release-osx-x86_64-mavericks 0.3-1 NOTE
r-release-windows-ix86+x86_64 0.3-1 12.00 63.00 75.00 OK
r-oldrel-windows-ix86+x86_64 0.3-1 14.00 110.00 124.00 OK

Check Details

Version: 0.3-1
Check: R code for possible problems
Result: NOTE
    genRidge: no visible global function definition for ‘plogis’
    ordGene: no visible global function definition for ‘anova’
    ordGene: no visible global function definition for ‘lm’
    ordSelect: no visible binding for global variable ‘sd’
    ordSmooth: no visible binding for global variable ‘sd’
    plot.ordPen: no visible global function definition for ‘grey’
    plot.ordPen: no visible global function definition for ‘devAskNewPage’
    plot.ordPen: no visible global function definition for ‘plot’
    plot.ordPen: no visible global function definition for ‘lines’
    predict.ordPen: no visible global function definition for ‘plogis’
    Undefined global functions or variables:
     anova devAskNewPage grey lines lm plogis plot sd
    Consider adding
     importFrom("grDevices", "devAskNewPage", "grey")
     importFrom("graphics", "lines", "plot")
     importFrom("stats", "anova", "lm", "plogis", "sd")
    to your NAMESPACE.
Flavors: r-devel-linux-x86_64-debian-clang, r-devel-linux-x86_64-debian-gcc, r-devel-linux-x86_64-fedora-clang, r-devel-linux-x86_64-fedora-gcc, r-devel-windows-ix86+x86_64

Version: 0.3-1
Check: package dependencies
Result: NOTE
    Package suggested but not available for checking: ‘IsoGene’
Flavor: r-release-osx-x86_64-mavericks