CRAN Package Check Results for Package ordPens

Last updated on 2016-02-09 03:47:13.

Flavor Version Tinstall Tcheck Ttotal Status Flags
r-devel-linux-x86_64-debian-gcc 0.3-1 3.75 45.79 49.54 NOTE
r-devel-linux-x86_64-fedora-clang 0.3-1 96.33 NOTE
r-devel-linux-x86_64-fedora-gcc 0.3-1 92.09 NOTE
r-devel-osx-x86_64-clang 0.3-1 103.29 NOTE
r-devel-windows-ix86+x86_64 0.3-1 14.00 72.00 86.00 NOTE
r-patched-linux-x86_64 0.3-1 3.81 49.09 52.90 OK
r-patched-solaris-sparc 0.3-1 634.10 OK
r-patched-solaris-x86 0.3-1 146.50 OK
r-release-linux-x86_64 0.3-1 4.11 48.81 52.92 OK
r-release-osx-x86_64-mavericks 0.3-1 NOTE
r-release-windows-ix86+x86_64 0.3-1 16.00 75.00 91.00 OK
r-oldrel-windows-ix86+x86_64 0.3-1 21.00 104.00 125.00 OK

Check Details

Version: 0.3-1
Check: R code for possible problems
Result: NOTE
    genRidge: no visible global function definition for ‘plogis’
    ordGene: no visible global function definition for ‘anova’
    ordGene: no visible global function definition for ‘lm’
    ordSelect: no visible binding for global variable ‘sd’
    ordSmooth: no visible binding for global variable ‘sd’
    plot.ordPen: no visible global function definition for ‘grey’
    plot.ordPen: no visible global function definition for ‘devAskNewPage’
    plot.ordPen: no visible global function definition for ‘plot’
    plot.ordPen: no visible global function definition for ‘lines’
    predict.ordPen: no visible global function definition for ‘plogis’
    Undefined global functions or variables:
     anova devAskNewPage grey lines lm plogis plot sd
    Consider adding
     importFrom("grDevices", "devAskNewPage", "grey")
     importFrom("graphics", "lines", "plot")
     importFrom("stats", "anova", "lm", "plogis", "sd")
    to your NAMESPACE file.
Flavors: r-devel-linux-x86_64-debian-gcc, r-devel-linux-x86_64-fedora-clang, r-devel-linux-x86_64-fedora-gcc, r-devel-osx-x86_64-clang, r-devel-windows-ix86+x86_64

Version: 0.3-1
Check: package dependencies
Result: NOTE
    Package suggested but not available for checking: ‘IsoGene’
Flavor: r-release-osx-x86_64-mavericks