CRAN Package Check Results for Package ordPens

Last updated on 2015-01-31 13:48:29.

Flavor Version Tinstall Tcheck Ttotal Status Flags
r-devel-linux-x86_64-debian-clang 0.2-1 3.02 36.00 39.02 NOTE
r-devel-linux-x86_64-debian-gcc 0.2-1 3.85 34.86 38.71 NOTE
r-devel-linux-x86_64-fedora-clang 0.2-1 110.28 NOTE
r-devel-linux-x86_64-fedora-gcc 0.2-1 120.02 NOTE
r-devel-osx-x86_64-clang 0.2-1 91.86 NOTE
r-devel-windows-ix86+x86_64 0.2-1 11.00 52.00 63.00 NOTE
r-patched-linux-x86_64 0.2-1 3.96 44.84 48.81 NOTE
r-patched-solaris-sparc 0.2-1 647.80 NOTE
r-patched-solaris-x86 0.2-1 152.00 NOTE
r-release-linux-ix86 0.2-1 4.52 54.95 59.47 NOTE
r-release-linux-x86_64 0.2-1 3.88 44.12 48.00 NOTE
r-release-osx-x86_64-mavericks 0.2-1 NOTE
r-release-osx-x86_64-snowleopard 0.2-1 NOTE
r-release-windows-ix86+x86_64 0.2-1 12.00 66.00 78.00 NOTE
r-oldrel-windows-ix86+x86_64 0.2-1 13.00 68.00 81.00 NOTE

Check Details

Version: 0.2-1
Check: dependencies in R code
Result: NOTE
    Packages in Depends field not imported from:
     ‘RLRsim’ ‘mgcv’
     These packages need to be imported from (in the NAMESPACE file)
     for when this namespace is loaded but not attached.
Flavors: r-devel-linux-x86_64-debian-clang, r-devel-linux-x86_64-debian-gcc, r-devel-linux-x86_64-fedora-clang, r-devel-linux-x86_64-fedora-gcc, r-devel-osx-x86_64-clang, r-devel-windows-ix86+x86_64

Version: 0.2-1
Check: S3 generic/method consistency
Result: NOTE
    Found the following apparent S3 methods exported but not registered:
     ordAOV.default ordSelect.default ordSmooth.default plot.ordPen
     predict.ordPen
    See section ‘Registering S3 methods’ in the ‘Writing R Extensions’
    manual.
Flavors: r-devel-linux-x86_64-debian-clang, r-devel-linux-x86_64-debian-gcc, r-devel-linux-x86_64-fedora-clang, r-devel-linux-x86_64-fedora-gcc, r-devel-osx-x86_64-clang

Version: 0.2-1
Check: R code for possible problems
Result: NOTE
    ordAOV1: no visible global function definition for ‘gam’
    ordAOV1: no visible global function definition for ‘RLRTSim’
    ordAOV1: no visible global function definition for ‘LRTSim’
    ordAOV2: no visible global function definition for ‘gam’
    ordAOV2: no visible global function definition for ‘RLRTSim’
    ordAOV2: no visible global function definition for ‘LRTSim’
Flavors: r-devel-linux-x86_64-debian-clang, r-devel-linux-x86_64-debian-gcc, r-devel-linux-x86_64-fedora-clang, r-devel-linux-x86_64-fedora-gcc, r-devel-osx-x86_64-clang, r-devel-windows-ix86+x86_64, r-patched-linux-x86_64, r-patched-solaris-sparc, r-patched-solaris-x86, r-release-linux-ix86, r-release-linux-x86_64, r-release-osx-x86_64-mavericks, r-release-windows-ix86+x86_64

Version: 0.2-1
Check: dependencies in R code
Result: NOTE
    Packages in Depends field not imported from:
     ‘RLRsim’ ‘mgcv’
     These packages need to be imported from (in the NAMESPACE file)
     for when this namespace is loaded but not attached.
    See the information on DESCRIPTION files in the chapter ‘Creating R
    packages’ of the ‘Writing R Extensions’ manual.
Flavors: r-patched-linux-x86_64, r-patched-solaris-sparc, r-patched-solaris-x86, r-release-linux-ix86, r-release-linux-x86_64, r-release-osx-x86_64-mavericks, r-release-windows-ix86+x86_64, r-oldrel-windows-ix86+x86_64

Version: 0.2-1
Check: dependencies in R code
Result: NOTE
    Packages in Depends field not imported from:
     'RLRsim' 'mgcv'
     These packages need to be imported from for the case when
     this namespace is loaded but not attached.
    See the information on DESCRIPTION files in the chapter 'Creating R
    packages' of the 'Writing R Extensions' manual.
Flavor: r-release-osx-x86_64-snowleopard