CRAN Package Check Results for Package ordPens

Last updated on 2014-04-17 20:47:39.

Flavor Version Tinstall Tcheck Ttotal Status Flags
r-devel-linux-x86_64-debian-clang 0.2-1 3.73 43.91 47.64 NOTE
r-devel-linux-x86_64-debian-gcc 0.2-1 3.74 43.80 47.54 NOTE
r-devel-linux-x86_64-fedora-clang 0.2-1 117.67 NOTE
r-devel-linux-x86_64-fedora-gcc 0.2-1 108.67 NOTE
r-devel-macosx-x86_64-clang 0.2-1 89.09 NOTE
r-devel-macosx-x86_64-gcc 0.2-1 NOTE
r-devel-windows-ix86+x86_64 0.2-1 10.00 61.00 71.00 NOTE
r-patched-linux-x86_64 0.2-1 3.64 44.76 48.40 NOTE
r-patched-solaris-sparc 0.2-1 589.10 NOTE
r-patched-solaris-x86 0.2-1 139.90 NOTE
r-release-linux-ix86 0.2-1 7.00 72.00 79.00 NOTE
r-release-linux-x86_64 0.2-1 3.70 43.95 47.65 NOTE
r-release-macosx-x86_64 0.2-1 NOTE
r-release-windows-ix86+x86_64 0.2-1 9.00 58.00 67.00 NOTE
r-oldrel-windows-ix86+x86_64 0.2-1 9.00 58.00 67.00 NOTE

Check Details

Version: 0.2-1
Check: dependencies in R code
Result: NOTE
    Packages in Depends field not imported from:
     ‘RLRsim’ ‘mgcv’
     These packages need to be imported from (in the NAMESPACE file)
     for when this namespace is loaded but not attached.
    See the information on DESCRIPTION files in the chapter ‘Creating R
    packages’ of the ‘Writing R Extensions’ manual.
Flavors: r-devel-linux-x86_64-debian-clang, r-devel-linux-x86_64-debian-gcc, r-devel-linux-x86_64-fedora-clang, r-devel-linux-x86_64-fedora-gcc, r-devel-macosx-x86_64-clang, r-devel-macosx-x86_64-gcc, r-devel-windows-ix86+x86_64, r-patched-linux-x86_64, r-patched-solaris-sparc, r-patched-solaris-x86, r-release-linux-ix86, r-release-linux-x86_64, r-release-windows-ix86+x86_64, r-oldrel-windows-ix86+x86_64

Version: 0.2-1
Check: dependencies in R code
Result: NOTE
    Packages in Depends field not imported from:
     'RLRsim' 'mgcv'
     These packages need to be imported from for the case when
     this namespace is loaded but not attached.
    See the information on DESCRIPTION files in the chapter 'Creating R
    packages' of the 'Writing R Extensions' manual.
Flavor: r-release-macosx-x86_64