CRAN Package Check Results for Package ordPens

Last updated on 2014-11-22 20:46:59.

Flavor Version Tinstall Tcheck Ttotal Status Flags
r-devel-linux-x86_64-debian-clang 0.2-1 3.62 43.70 47.32 NOTE
r-devel-linux-x86_64-debian-gcc 0.2-1 4.36 42.25 46.61 NOTE
r-devel-linux-x86_64-fedora-clang 0.2-1 114.51 NOTE
r-devel-linux-x86_64-fedora-gcc 0.2-1 109.05 NOTE
r-devel-osx-x86_64-clang 0.2-1 91.27 NOTE
r-devel-windows-ix86+x86_64 0.2-1 10.00 93.00 103.00 NOTE
r-patched-linux-x86_64 0.2-1 3.83 45.20 49.04 NOTE
r-patched-solaris-sparc 0.2-1 598.10 NOTE
r-patched-solaris-x86 0.2-1 146.20 NOTE
r-release-linux-ix86 0.2-1 4.68 53.78 58.47 NOTE
r-release-linux-x86_64 0.2-1 3.79 45.32 49.11 NOTE
r-release-osx-x86_64-mavericks 0.2-1 NOTE
r-release-osx-x86_64-snowleopard 0.2-1 NOTE
r-release-windows-ix86+x86_64 0.2-1 14.00 65.00 79.00 NOTE
r-oldrel-windows-ix86+x86_64 0.2-1 10.00 66.00 76.00 NOTE

Check Details

Version: 0.2-1
Check: dependencies in R code
Result: NOTE
    Packages in Depends field not imported from:
     ‘RLRsim’ ‘mgcv’
     These packages need to be imported from (in the NAMESPACE file)
     for when this namespace is loaded but not attached.
    See the information on DESCRIPTION files in the chapter ‘Creating R
    packages’ of the ‘Writing R Extensions’ manual.
Flavors: r-devel-linux-x86_64-debian-clang, r-devel-linux-x86_64-debian-gcc, r-devel-linux-x86_64-fedora-clang, r-devel-linux-x86_64-fedora-gcc, r-devel-osx-x86_64-clang, r-devel-windows-ix86+x86_64, r-patched-linux-x86_64, r-patched-solaris-sparc, r-patched-solaris-x86, r-release-linux-ix86, r-release-linux-x86_64, r-release-osx-x86_64-mavericks, r-release-windows-ix86+x86_64, r-oldrel-windows-ix86+x86_64

Version: 0.2-1
Check: R code for possible problems
Result: NOTE
    ordAOV1: no visible global function definition for ‘gam’
    ordAOV1: no visible global function definition for ‘RLRTSim’
    ordAOV1: no visible global function definition for ‘LRTSim’
    ordAOV2: no visible global function definition for ‘gam’
    ordAOV2: no visible global function definition for ‘RLRTSim’
    ordAOV2: no visible global function definition for ‘LRTSim’
Flavors: r-devel-linux-x86_64-debian-clang, r-devel-linux-x86_64-debian-gcc, r-devel-linux-x86_64-fedora-clang, r-devel-linux-x86_64-fedora-gcc, r-devel-osx-x86_64-clang, r-devel-windows-ix86+x86_64, r-patched-linux-x86_64, r-patched-solaris-sparc, r-patched-solaris-x86, r-release-linux-ix86, r-release-linux-x86_64, r-release-windows-ix86+x86_64

Version: 0.2-1
Check: dependencies in R code
Result: NOTE
    Packages in Depends field not imported from:
     'RLRsim' 'mgcv'
     These packages need to be imported from for the case when
     this namespace is loaded but not attached.
    See the information on DESCRIPTION files in the chapter 'Creating R
    packages' of the 'Writing R Extensions' manual.
Flavor: r-release-osx-x86_64-snowleopard