CRAN Package Check Results for Package ordPens

Last updated on 2016-04-30 06:47:35.

Flavor Version Tinstall Tcheck Ttotal Status Flags
r-devel-linux-x86_64-debian-gcc 0.3-1 3.60 45.92 49.52 NOTE
r-devel-linux-x86_64-fedora-clang 0.3-1 98.39 NOTE
r-devel-linux-x86_64-fedora-gcc 0.3-1 91.93 NOTE
r-devel-osx-x86_64-clang 0.3-1 103.17 NOTE
r-devel-windows-ix86+x86_64 0.3-1 10.00 79.00 89.00 NOTE
r-patched-linux-x86_64 0.3-1 3.72 45.87 49.58 NOTE
r-patched-solaris-sparc 0.3-1 590.00 NOTE
r-patched-solaris-x86 0.3-1 129.20 NOTE
r-release-linux-x86_64 0.3-1 4.11 49.87 53.98 OK
r-release-osx-x86_64-mavericks 0.3-1 NOTE
r-release-windows-ix86+x86_64 0.3-1 8.00 80.00 88.00 OK
r-oldrel-windows-ix86+x86_64 0.3-1 21.00 109.00 130.00 OK

Check Details

Version: 0.3-1
Check: R code for possible problems
Result: NOTE
    genRidge: no visible global function definition for ‘plogis’
    ordGene: no visible global function definition for ‘anova’
    ordGene: no visible global function definition for ‘lm’
    ordSelect: no visible binding for global variable ‘sd’
    ordSmooth: no visible binding for global variable ‘sd’
    plot.ordPen: no visible global function definition for ‘grey’
    plot.ordPen: no visible global function definition for ‘devAskNewPage’
    plot.ordPen: no visible global function definition for ‘plot’
    plot.ordPen: no visible global function definition for ‘lines’
    predict.ordPen: no visible global function definition for ‘plogis’
    Undefined global functions or variables:
     anova devAskNewPage grey lines lm plogis plot sd
    Consider adding
     importFrom("grDevices", "devAskNewPage", "grey")
     importFrom("graphics", "lines", "plot")
     importFrom("stats", "anova", "lm", "plogis", "sd")
    to your NAMESPACE file.
Flavors: r-devel-linux-x86_64-debian-gcc, r-devel-linux-x86_64-fedora-clang, r-devel-linux-x86_64-fedora-gcc, r-devel-osx-x86_64-clang, r-devel-windows-ix86+x86_64, r-patched-linux-x86_64, r-patched-solaris-sparc, r-patched-solaris-x86

Version: 0.3-1
Check: package dependencies
Result: NOTE
    Package suggested but not available for checking: ‘IsoGene’
Flavor: r-release-osx-x86_64-mavericks