CRAN Package Check Results for Package ordPens

Last updated on 2015-04-28 12:47:30.

Flavor Version Tinstall Tcheck Ttotal Status Flags
r-devel-linux-x86_64-debian-clang 0.2-1 3.06 35.81 38.86 NOTE
r-devel-linux-x86_64-debian-gcc 0.2-1 3.08 36.26 39.34 NOTE
r-devel-linux-x86_64-fedora-clang 0.2-1 82.06 NOTE
r-devel-linux-x86_64-fedora-gcc 0.2-1 73.78 NOTE
r-devel-osx-x86_64-clang 0.2-1 66.51 NOTE
r-devel-windows-ix86+x86_64 0.2-1 8.00 54.00 62.00 NOTE
r-patched-linux-x86_64 0.2-1 2.94 34.53 37.46 NOTE
r-patched-solaris-sparc 0.2-1 480.20 NOTE
r-patched-solaris-x86 0.2-1 106.50 NOTE
r-release-linux-x86_64 0.2-1 3.16 35.29 38.46 NOTE
r-release-osx-x86_64-mavericks 0.2-1 NOTE
r-release-osx-x86_64-snowleopard 0.2-1 NOTE
r-release-windows-ix86+x86_64 0.2-1 9.00 57.00 66.00 NOTE
r-oldrel-windows-ix86+x86_64 0.2-1 11.00 66.00 77.00 NOTE

Check Details

Version: 0.2-1
Check: DESCRIPTION meta-information
Result: NOTE
    Malformed Description field: should contain one or more complete sentences.
Flavors: r-devel-linux-x86_64-debian-clang, r-devel-linux-x86_64-debian-gcc, r-devel-linux-x86_64-fedora-clang, r-devel-linux-x86_64-fedora-gcc, r-devel-osx-x86_64-clang, r-devel-windows-ix86+x86_64, r-patched-linux-x86_64, r-patched-solaris-sparc, r-patched-solaris-x86, r-release-linux-x86_64, r-release-osx-x86_64-mavericks, r-release-windows-ix86+x86_64

Version: 0.2-1
Check: dependencies in R code
Result: NOTE
    Packages in Depends field not imported from:
     ‘RLRsim’ ‘mgcv’
     These packages need to be imported from (in the NAMESPACE file)
     for when this namespace is loaded but not attached.
Flavors: r-devel-linux-x86_64-debian-clang, r-devel-linux-x86_64-debian-gcc, r-devel-linux-x86_64-fedora-clang, r-devel-linux-x86_64-fedora-gcc, r-devel-osx-x86_64-clang, r-devel-windows-ix86+x86_64, r-patched-linux-x86_64, r-patched-solaris-sparc, r-patched-solaris-x86, r-release-linux-x86_64, r-release-osx-x86_64-mavericks, r-release-windows-ix86+x86_64, r-oldrel-windows-ix86+x86_64

Version: 0.2-1
Check: S3 generic/method consistency
Result: NOTE
    Found the following apparent S3 methods exported but not registered:
     ordAOV.default ordSelect.default ordSmooth.default plot.ordPen
     predict.ordPen
    See section ‘Registering S3 methods’ in the ‘Writing R Extensions’
    manual.
Flavors: r-devel-linux-x86_64-debian-clang, r-devel-linux-x86_64-debian-gcc, r-devel-linux-x86_64-fedora-clang, r-devel-linux-x86_64-fedora-gcc, r-devel-osx-x86_64-clang, r-patched-linux-x86_64, r-patched-solaris-x86, r-release-linux-x86_64

Version: 0.2-1
Check: R code for possible problems
Result: NOTE
    ordAOV1: no visible global function definition for ‘gam’
    ordAOV1: no visible global function definition for ‘RLRTSim’
    ordAOV1: no visible global function definition for ‘LRTSim’
    ordAOV2: no visible global function definition for ‘gam’
    ordAOV2: no visible global function definition for ‘RLRTSim’
    ordAOV2: no visible global function definition for ‘LRTSim’
Flavors: r-devel-linux-x86_64-debian-clang, r-devel-linux-x86_64-debian-gcc, r-devel-linux-x86_64-fedora-clang, r-devel-linux-x86_64-fedora-gcc, r-devel-osx-x86_64-clang, r-devel-windows-ix86+x86_64, r-patched-linux-x86_64, r-patched-solaris-sparc, r-patched-solaris-x86, r-release-linux-x86_64, r-release-osx-x86_64-mavericks, r-release-windows-ix86+x86_64, r-oldrel-windows-ix86+x86_64

Version: 0.2-1
Check: dependencies in R code
Result: NOTE
    Packages in Depends field not imported from:
     ‘RLRsim’ ‘mgcv’
     These packages need to be imported from (in the NAMESPACE file)
     for when this namespace is loaded but not attached.
    See the information on DESCRIPTION files in the chapter ‘Creating R
    packages’ of the ‘Writing R Extensions’ manual.
Flavor: r-release-osx-x86_64-snowleopard