CRAN Package Check Results for Package ordPens

Last updated on 2020-09-20 02:51:13 CEST.

Flavor Version Tinstall Tcheck Ttotal Status Flags
r-devel-linux-x86_64-debian-clang 0.3-1 9.92 85.15 95.07 NOTE
r-devel-linux-x86_64-debian-gcc 0.3-1 8.69 65.77 74.46 NOTE
r-devel-linux-x86_64-fedora-clang 0.3-1 130.86 NOTE
r-devel-linux-x86_64-fedora-gcc 0.3-1 122.29 NOTE
r-devel-windows-ix86+x86_64 0.3-1 23.00 91.00 114.00 NOTE
r-patched-linux-x86_64 0.3-1 10.23 84.30 94.53 NOTE
r-patched-solaris-x86 0.3-1 175.70 NOTE
r-release-linux-x86_64 0.3-1 11.22 85.59 96.81 NOTE
r-release-macos-x86_64 0.3-1 NOTE
r-release-windows-ix86+x86_64 0.3-1 23.00 84.00 107.00 NOTE
r-oldrel-macos-x86_64 0.3-1 FAIL
r-oldrel-windows-ix86+x86_64 0.3-1 13.00 101.00 114.00 NOTE

Check Details

Version: 0.3-1
Check: R code for possible problems
Result: NOTE
    genRidge: no visible global function definition for 'plogis'
    ordGene: no visible global function definition for 'anova'
    ordGene: no visible global function definition for 'lm'
    ordSelect: no visible binding for global variable 'sd'
    ordSmooth: no visible binding for global variable 'sd'
    plot.ordPen: no visible global function definition for 'grey'
    plot.ordPen: no visible global function definition for 'devAskNewPage'
    plot.ordPen: no visible global function definition for 'lines'
    predict.ordPen: no visible global function definition for 'plogis'
    Undefined global functions or variables:
     anova devAskNewPage grey lines lm plogis sd
    Consider adding
     importFrom("grDevices", "devAskNewPage", "grey")
     importFrom("graphics", "lines")
     importFrom("stats", "anova", "lm", "plogis", "sd")
    to your NAMESPACE file.
Flavors: r-devel-linux-x86_64-debian-clang, r-devel-linux-x86_64-debian-gcc, r-devel-linux-x86_64-fedora-clang, r-devel-linux-x86_64-fedora-gcc, r-devel-windows-ix86+x86_64, r-patched-linux-x86_64, r-patched-solaris-x86, r-release-linux-x86_64, r-release-macos-x86_64, r-release-windows-ix86+x86_64

Version: 0.3-1
Check: package dependencies
Result: NOTE
    Package suggested but not available for checking: ‘IsoGene’
Flavor: r-release-macos-x86_64

Version: 0.3-1
Check: package dependencies
Result: NOTE
    Packages suggested but not available for checking: 'IsoGene', 'Biobase'
Flavor: r-oldrel-macos-x86_64

Version: 0.3-1
Check: whether package can be installed
Result: FAIL
Flavor: r-oldrel-macos-x86_64

Version: 0.3-1
Check: R code for possible problems
Result: NOTE
    genRidge: no visible global function definition for 'plogis'
    ordGene: no visible global function definition for 'anova'
    ordGene: no visible global function definition for 'lm'
    ordSelect: no visible binding for global variable 'sd'
    ordSmooth: no visible binding for global variable 'sd'
    plot.ordPen: no visible global function definition for 'grey'
    plot.ordPen: no visible global function definition for 'devAskNewPage'
    plot.ordPen: no visible global function definition for 'plot'
    plot.ordPen: no visible global function definition for 'lines'
    predict.ordPen: no visible global function definition for 'plogis'
    Undefined global functions or variables:
     anova devAskNewPage grey lines lm plogis plot sd
    Consider adding
     importFrom("grDevices", "devAskNewPage", "grey")
     importFrom("graphics", "lines", "plot")
     importFrom("stats", "anova", "lm", "plogis", "sd")
    to your NAMESPACE file.
Flavor: r-oldrel-windows-ix86+x86_64