CRAN Package Check Results for Package ordPens

Last updated on 2014-07-23 15:47:49.

Flavor Version Tinstall Tcheck Ttotal Status Flags
r-devel-linux-x86_64-debian-clang 0.2-1 3.62 42.97 46.60 NOTE
r-devel-linux-x86_64-debian-gcc 0.2-1 3.50 42.66 46.16 NOTE
r-devel-linux-x86_64-fedora-clang 0.2-1 113.07 NOTE
r-devel-linux-x86_64-fedora-gcc 0.2-1 107.02 NOTE
r-devel-osx-x86_64-clang 0.2-1 87.17 NOTE
r-devel-windows-ix86+x86_64 0.2-1 10.00 60.00 70.00 NOTE
r-patched-linux-x86_64 0.2-1 3.60 42.55 46.16 NOTE
r-patched-solaris-sparc 0.2-1 589.10 NOTE
r-patched-solaris-x86 0.2-1 137.10 NOTE
r-release-linux-ix86 0.2-1 4.39 55.86 60.26 NOTE
r-release-linux-x86_64 0.2-1 3.67 42.74 46.41 NOTE
r-release-osx-x86_64-mavericks 0.2-1 NOTE
r-release-osx-x86_64-snowleopard 0.2-1 NOTE
r-release-windows-ix86+x86_64 0.2-1 9.00 63.00 72.00 NOTE
r-oldrel-windows-ix86+x86_64 0.2-1 10.00 61.00 71.00 NOTE

Check Details

Version: 0.2-1
Check: dependencies in R code
Result: NOTE
    Packages in Depends field not imported from:
     ‘RLRsim’ ‘mgcv’
     These packages need to be imported from (in the NAMESPACE file)
     for when this namespace is loaded but not attached.
    See the information on DESCRIPTION files in the chapter ‘Creating R
    packages’ of the ‘Writing R Extensions’ manual.
Flavors: r-devel-linux-x86_64-debian-clang, r-devel-linux-x86_64-debian-gcc, r-devel-linux-x86_64-fedora-clang, r-devel-linux-x86_64-fedora-gcc, r-devel-osx-x86_64-clang, r-devel-windows-ix86+x86_64, r-patched-linux-x86_64, r-patched-solaris-sparc, r-patched-solaris-x86, r-release-linux-ix86, r-release-linux-x86_64, r-release-osx-x86_64-mavericks, r-release-windows-ix86+x86_64, r-oldrel-windows-ix86+x86_64

Version: 0.2-1
Check: dependencies in R code
Result: NOTE
    Packages in Depends field not imported from:
     'RLRsim' 'mgcv'
     These packages need to be imported from for the case when
     this namespace is loaded but not attached.
    See the information on DESCRIPTION files in the chapter 'Creating R
    packages' of the 'Writing R Extensions' manual.
Flavor: r-release-osx-x86_64-snowleopard