CRAN Package Check Results for Package orddom

Last updated on 2014-07-31 15:47:06.

Flavor Version Tinstall Tcheck Ttotal Status Flags
r-devel-linux-x86_64-debian-clang 3.1 0.74 14.78 15.52 NOTE
r-devel-linux-x86_64-debian-gcc 3.1 0.91 14.94 15.85 NOTE
r-devel-linux-x86_64-fedora-clang 3.1 36.94 NOTE
r-devel-linux-x86_64-fedora-gcc 3.1 30.04 NOTE
r-devel-osx-x86_64-clang 3.1 31.54 NOTE
r-devel-windows-ix86+x86_64 3.1 3.00 24.00 27.00 NOTE
r-patched-linux-x86_64 3.1 0.73 14.89 15.62 NOTE
r-patched-solaris-sparc 3.1 196.50 NOTE
r-patched-solaris-x86 3.1 41.40 NOTE
r-release-linux-ix86 3.1 1.07 21.36 22.43 NOTE
r-release-linux-x86_64 3.1 0.90 14.90 15.81 NOTE
r-release-osx-x86_64-mavericks 3.1 NOTE
r-release-osx-x86_64-snowleopard 3.1 NOTE
r-release-windows-ix86+x86_64 3.1 4.00 33.00 37.00 NOTE
r-oldrel-windows-ix86+x86_64 3.1 4.00 33.00 37.00 NOTE

Check Details

Version: 3.1
Check: dependencies in R code
Result: NOTE
    'library' or 'require' call to psych which was already attached by Depends.
     Please remove these calls from your code.
    See the information on DESCRIPTION files in the chapter Creating R
    packages of the Writing R Extensions manual.
Flavors: r-devel-linux-x86_64-debian-clang, r-devel-linux-x86_64-debian-gcc, r-devel-linux-x86_64-fedora-clang, r-devel-linux-x86_64-fedora-gcc, r-devel-osx-x86_64-clang, r-devel-windows-ix86+x86_64, r-patched-linux-x86_64, r-patched-solaris-sparc, r-patched-solaris-x86, r-release-linux-ix86, r-release-linux-x86_64, r-release-osx-x86_64-mavericks, r-release-osx-x86_64-snowleopard, r-release-windows-ix86+x86_64, r-oldrel-windows-ix86+x86_64

Version: 3.1
Check: Rd line widths
Result: NOTE
    Rd file 'dmes.Rd':
     \examples lines wider than 100 characters:
     > #cf. Efron, B. & Tibshirani (1993). An Introduction to the Bootstrap. New York/London: Chapman&Hall.
     > #Ruscio, J. & Mullen, T. (2012). Confidence Intervals for the Probability of Superiority Effect Size Measure and the Area Under a Rec ... [TRUNCATED]
    
    Rd file 'orddom_f.Rd':
     \examples lines wider than 100 characters:
     orddom_f(con_pre,ex_pre,alpha=0.025,decimalpt=",",description="EXP 01: Between groups at time 01")
     orddom_f(con_post,ex_post,alpha=0.025,decimalpt=",",description="EXP 01: Between groups at time 02")
     orddom_f(ex_pre,ex_post,alpha=0.025,paired=TRUE,decimalpt=",",description="EXP 01: Within exp 01 to 02")
     orddom_f(con_pre,con_post,alpha=0.025,paired=TRUE,decimalpt=",",description="EXP 01: Within con 01 to 02")
    
    These lines will be truncated in the PDF manual.
Flavors: r-devel-linux-x86_64-fedora-clang, r-devel-linux-x86_64-fedora-gcc