CRAN Package Check Results for Package orddom

Last updated on 2015-09-03 23:47:40.

Flavor Version Tinstall Tcheck Ttotal Status Flags
r-devel-linux-x86_64-debian-clang 3.1 0.90 15.00 15.90 NOTE
r-devel-linux-x86_64-debian-gcc 3.1 0.70 14.84 15.54 NOTE
r-devel-linux-x86_64-fedora-clang 3.1 29.79 NOTE
r-devel-linux-x86_64-fedora-gcc 3.1 28.16 NOTE
r-devel-osx-x86_64-clang 3.1 28.16 NOTE
r-devel-windows-ix86+x86_64 3.1 4.00 28.00 32.00 NOTE
r-patched-linux-x86_64 3.1 0.71 15.21 15.92 NOTE
r-patched-solaris-sparc 3.1 201.00 NOTE
r-patched-solaris-x86 3.1 44.20 NOTE
r-release-linux-x86_64 3.1 0.79 15.43 16.22 NOTE
r-release-osx-x86_64-mavericks 3.1 NOTE
r-release-windows-ix86+x86_64 3.1 4.00 44.00 48.00 NOTE
r-oldrel-windows-ix86+x86_64 3.1 6.00 29.00 35.00 NOTE

Check Details

Version: 3.1
Check: dependencies in R code
Result: NOTE
    'library' or 'require' call to ‘psych’ which was already attached by Depends.
     Please remove these calls from your code.
Flavors: r-devel-linux-x86_64-debian-clang, r-devel-linux-x86_64-debian-gcc, r-devel-linux-x86_64-fedora-clang, r-devel-linux-x86_64-fedora-gcc, r-devel-osx-x86_64-clang, r-devel-windows-ix86+x86_64, r-patched-linux-x86_64, r-patched-solaris-sparc, r-patched-solaris-x86, r-release-linux-x86_64, r-release-osx-x86_64-mavericks, r-release-windows-ix86+x86_64, r-oldrel-windows-ix86+x86_64

Version: 3.1
Check: R code for possible problems
Result: NOTE
    cohd2delta: no visible global function definition for ‘pnorm’
    delta2cohd: no visible global function definition for ‘qnorm’
    delta_gr: no visible global function definition for ‘plot’
    delta_gr: no visible global function definition for ‘lines’
    delta_gr: no visible global function definition for ‘text’
    delta_gr: no visible global function definition for ‘barplot’
    delta_gr: no visible global function definition for ‘grey’
    delta_gr: no visible global function definition for ‘mtext’
    delta_gr: no visible global function definition for ‘var’
    delta_gr: no visible global function definition for ‘hist’
    delta_gr: no visible global function definition for ‘clip’
    delta_gr : first: no visible global function definition for ‘dnorm’
    delta_gr : second: no visible global function definition for ‘dnorm’
    delta_gr: no visible global function definition for ‘dnorm’
    delta_gr: no visible global function definition for ‘polygon’
    delta_gr: no visible global function definition for ‘rgb’
    delta_gr: no visible global function definition for ‘legend’
    dmes.boot: no visible global function definition for ‘qnorm’
    dmes.boot: no visible global function definition for ‘sd’
    dmes.boot: no visible global function definition for ‘pnorm’
    metric_t: no visible global function definition for ‘t.test’
    orddom: no visible global function definition for ‘pnorm’
    orddom: no visible global function definition for ‘var’
    orddom: no visible global function definition for ‘qt’
    orddom: no visible global function definition for ‘qnorm’
    orddom: no visible global function definition for ‘pt’
    orddom: no visible global function definition for ‘cor’
    orddom: no visible global function definition for ‘write.table’
    orddom_f: no visible global function definition for ‘write.table’
    orddom_f: no visible global function definition for ‘var’
    orddom_p: no visible global function definition for ‘write.table’
    Undefined global functions or variables:
     barplot clip cor dnorm grey hist legend lines mtext plot pnorm
     polygon pt qnorm qt rgb sd t.test text var write.table
    Consider adding
     importFrom("grDevices", "grey", "rgb")
     importFrom("graphics", "barplot", "clip", "hist", "legend", "lines",
     "mtext", "plot", "polygon", "text")
     importFrom("stats", "cor", "dnorm", "pnorm", "pt", "qnorm", "qt", "sd",
     "t.test", "var")
     importFrom("utils", "write.table")
    to your NAMESPACE.
Flavors: r-devel-linux-x86_64-debian-clang, r-devel-linux-x86_64-debian-gcc, r-devel-linux-x86_64-fedora-clang, r-devel-linux-x86_64-fedora-gcc, r-devel-windows-ix86+x86_64

Version: 3.1
Check: Rd line widths
Result: NOTE
    Rd file 'dmes.Rd':
     \examples lines wider than 100 characters:
     > #cf. Efron, B. & Tibshirani (1993). An Introduction to the Bootstrap. New York/London: Chapman&Hall.
     > #Ruscio, J. & Mullen, T. (2012). Confidence Intervals for the Probability of Superiority Effect Size Measure and the Area Under a Rec ... [TRUNCATED]
    
    Rd file 'orddom_f.Rd':
     \examples lines wider than 100 characters:
     orddom_f(con_pre,ex_pre,alpha=0.025,decimalpt=",",description="EXP 01: Between groups at time 01")
     orddom_f(con_post,ex_post,alpha=0.025,decimalpt=",",description="EXP 01: Between groups at time 02")
     orddom_f(ex_pre,ex_post,alpha=0.025,paired=TRUE,decimalpt=",",description="EXP 01: Within exp 01 to 02")
     orddom_f(con_pre,con_post,alpha=0.025,paired=TRUE,decimalpt=",",description="EXP 01: Within con 01 to 02")
    
    These lines will be truncated in the PDF manual.
Flavors: r-devel-linux-x86_64-debian-clang, r-devel-linux-x86_64-debian-gcc, r-devel-linux-x86_64-fedora-clang, r-devel-linux-x86_64-fedora-gcc, r-patched-linux-x86_64, r-release-linux-x86_64