CRAN Package Check Results for Package orddom

Last updated on 2015-03-30 11:48:21.

Flavor Version Tinstall Tcheck Ttotal Status Flags
r-devel-linux-x86_64-debian-clang 3.1 0.82 15.09 15.91 NOTE
r-devel-linux-x86_64-debian-gcc 3.1 0.72 14.77 15.49 NOTE
r-devel-linux-x86_64-fedora-clang 3.1 29.68 NOTE
r-devel-linux-x86_64-fedora-gcc 3.1 30.59 NOTE
r-devel-osx-x86_64-clang 3.1 35.63 NOTE
r-prerel-windows-ix86+x86_64 3.1 3.00 24.00 27.00 NOTE
r-prerel-linux-x86_64 3.1 0.72 14.49 15.20 NOTE
r-prerel-solaris-sparc 3.1 186.60 NOTE
r-prerel-solaris-x86 3.1 38.60 NOTE
r-release-linux-x86_64 3.1 0.86 16.32 17.18 NOTE
r-release-osx-x86_64-mavericks 3.1 NOTE
r-release-osx-x86_64-snowleopard 3.1 NOTE
r-release-windows-ix86+x86_64 3.1 3.00 26.00 29.00 NOTE
r-oldrel-windows-ix86+x86_64 3.1 4.00 29.00 33.00 NOTE

Check Details

Version: 3.1
Check: dependencies in R code
Result: NOTE
    'library' or 'require' call to ‘psych’ which was already attached by Depends.
     Please remove these calls from your code.
Flavors: r-devel-linux-x86_64-debian-clang, r-devel-linux-x86_64-debian-gcc, r-devel-linux-x86_64-fedora-clang, r-devel-linux-x86_64-fedora-gcc, r-devel-osx-x86_64-clang, r-prerel-windows-ix86+x86_64, r-prerel-linux-x86_64, r-prerel-solaris-sparc, r-prerel-solaris-x86, r-release-linux-x86_64, r-release-windows-ix86+x86_64

Version: 3.1
Check: Rd line widths
Result: NOTE
    Rd file 'dmes.Rd':
     \examples lines wider than 100 characters:
     > #cf. Efron, B. & Tibshirani (1993). An Introduction to the Bootstrap. New York/London: Chapman&Hall.
     > #Ruscio, J. & Mullen, T. (2012). Confidence Intervals for the Probability of Superiority Effect Size Measure and the Area Under a Rec ... [TRUNCATED]
    
    Rd file 'orddom_f.Rd':
     \examples lines wider than 100 characters:
     orddom_f(con_pre,ex_pre,alpha=0.025,decimalpt=",",description="EXP 01: Between groups at time 01")
     orddom_f(con_post,ex_post,alpha=0.025,decimalpt=",",description="EXP 01: Between groups at time 02")
     orddom_f(ex_pre,ex_post,alpha=0.025,paired=TRUE,decimalpt=",",description="EXP 01: Within exp 01 to 02")
     orddom_f(con_pre,con_post,alpha=0.025,paired=TRUE,decimalpt=",",description="EXP 01: Within con 01 to 02")
    
    These lines will be truncated in the PDF manual.
Flavors: r-devel-linux-x86_64-debian-clang, r-devel-linux-x86_64-debian-gcc, r-devel-linux-x86_64-fedora-clang, r-devel-linux-x86_64-fedora-gcc, r-prerel-linux-x86_64, r-release-linux-x86_64

Version: 3.1
Check: dependencies in R code
Result: NOTE
    'library' or 'require' call to ‘psych’ which was already attached by Depends.
     Please remove these calls from your code.
    See the information on DESCRIPTION files in the chapter ‘Creating R
    packages’ of the ‘Writing R Extensions’ manual.
Flavors: r-release-osx-x86_64-mavericks, r-release-osx-x86_64-snowleopard, r-oldrel-windows-ix86+x86_64