CRAN Package Check Results for Package orderedLasso

Last updated on 2018-07-22 11:48:33 CEST.

Flavor Version Tinstall Tcheck Ttotal Status Flags
r-devel-linux-x86_64-debian-clang 1.7 6.40 87.58 93.98 NOTE
r-devel-linux-x86_64-debian-gcc 1.7 6.30 68.26 74.56 NOTE
r-devel-linux-x86_64-fedora-clang 1.7 111.31 NOTE
r-devel-linux-x86_64-fedora-gcc 1.7 107.31 NOTE
r-devel-windows-ix86+x86_64 1.7 18.00 87.00 105.00 NOTE
r-patched-linux-x86_64 1.7 NOTE
r-patched-solaris-x86 1.7 149.80 NOTE
r-release-linux-x86_64 1.7 6.14 73.94 80.08 NOTE
r-release-windows-ix86+x86_64 1.7 19.00 85.00 104.00 NOTE
r-release-osx-x86_64 1.7 NOTE
r-oldrel-windows-ix86+x86_64 1.7 11.00 119.00 130.00 NOTE
r-oldrel-osx-x86_64 1.7 NOTE

Check Details

Version: 1.7
Check: S3 generic/method consistency
Result: NOTE
    Found the following apparent S3 methods exported but not registered:
     predict.orderedLasso predict.orderedLasso.path predict.timeLagLasso
     predict.timeLagLasso.path
    See section ‘Registering S3 methods’ in the ‘Writing R Extensions’
    manual.
Flavors: r-devel-linux-x86_64-debian-clang, r-devel-linux-x86_64-debian-gcc, r-devel-linux-x86_64-fedora-clang, r-devel-linux-x86_64-fedora-gcc, r-patched-linux-x86_64, r-patched-solaris-x86, r-release-linux-x86_64

Version: 1.7
Check: R code for possible problems
Result: NOTE
    error.bars: no visible global function definition for ‘segments’
    lambda.interp: no visible global function definition for ‘approx’
    orderedLasso: no visible binding for global variable ‘sd’
    orderedLasso.cv: no visible binding for global variable ‘var’
    plot.orderedLasso.cv: no visible global function definition for ‘par’
    plot.orderedLasso.cv: no visible global function definition for ‘plot’
    plot.orderedLasso.cv: no visible global function definition for ‘axis’
    plot.orderedLasso.cv: no visible global function definition for ‘mtext’
    plot.orderedLasso.cv: no visible global function definition for
     ‘points’
    plot.orderedLasso.cv: no visible global function definition for
     ‘abline’
    plot.timeLagLasso.cv: no visible global function definition for ‘par’
    plot.timeLagLasso.cv: no visible global function definition for ‘plot’
    plot.timeLagLasso.cv: no visible global function definition for ‘axis’
    plot.timeLagLasso.cv: no visible global function definition for ‘mtext’
    plot.timeLagLasso.cv: no visible global function definition for
     ‘points’
    plot.timeLagLasso.cv: no visible global function definition for
     ‘abline’
    timeLagLasso: no visible binding for global variable ‘sd’
    timeLagLasso.cv: no visible binding for global variable ‘sd’
    timeLagLasso.cv: no visible binding for global variable ‘var’
    timeLagLasso.path: no visible binding for global variable ‘sd’
    Undefined global functions or variables:
     abline approx axis mtext par plot points sd segments var
    Consider adding
     importFrom("graphics", "abline", "axis", "mtext", "par", "plot",
     "points", "segments")
     importFrom("stats", "approx", "sd", "var")
    to your NAMESPACE file.
Flavors: r-devel-linux-x86_64-debian-clang, r-devel-linux-x86_64-debian-gcc, r-devel-linux-x86_64-fedora-clang, r-devel-linux-x86_64-fedora-gcc, r-devel-windows-ix86+x86_64, r-patched-linux-x86_64, r-patched-solaris-x86, r-release-linux-x86_64, r-release-windows-ix86+x86_64, r-release-osx-x86_64, r-oldrel-windows-ix86+x86_64, r-oldrel-osx-x86_64