CRAN Package Check Results for Package orderedLasso

Last updated on 2018-01-20 05:49:16 CET.

Flavor Version Tinstall Tcheck Ttotal Status Flags
r-devel-linux-x86_64-debian-clang 1.7 4.47 71.14 75.61 NOTE
r-devel-linux-x86_64-debian-gcc 1.7 3.03 53.91 56.94 NOTE
r-devel-linux-x86_64-fedora-clang 1.7 93.69 NOTE
r-devel-linux-x86_64-fedora-gcc 1.7 90.36 NOTE
r-devel-windows-ix86+x86_64 1.7 8.00 77.00 85.00 NOTE
r-patched-linux-x86_64 1.7 4.11 72.47 76.58 NOTE
r-patched-solaris-x86 1.7 148.50 NOTE
r-release-linux-x86_64 1.7 4.42 71.65 76.07 NOTE
r-release-windows-ix86+x86_64 1.7 11.00 82.00 93.00 NOTE
r-release-osx-x86_64 1.7 NOTE
r-oldrel-windows-ix86+x86_64 1.7 8.00 96.00 104.00 NOTE
r-oldrel-osx-x86_64 1.7 NOTE

Check Details

Version: 1.7
Check: S3 generic/method consistency
Result: NOTE
    Found the following apparent S3 methods exported but not registered:
     predict.orderedLasso predict.orderedLasso.path predict.timeLagLasso
     predict.timeLagLasso.path
    See section ‘Registering S3 methods’ in the ‘Writing R Extensions’
    manual.
Flavors: r-devel-linux-x86_64-debian-clang, r-devel-linux-x86_64-debian-gcc, r-devel-linux-x86_64-fedora-clang, r-devel-linux-x86_64-fedora-gcc, r-patched-linux-x86_64, r-patched-solaris-x86, r-release-linux-x86_64

Version: 1.7
Check: R code for possible problems
Result: NOTE
    error.bars: no visible global function definition for ‘segments’
    lambda.interp: no visible global function definition for ‘approx’
    orderedLasso: no visible binding for global variable ‘sd’
    orderedLasso.cv: no visible binding for global variable ‘var’
    plot.orderedLasso.cv: no visible global function definition for ‘par’
    plot.orderedLasso.cv: no visible global function definition for ‘plot’
    plot.orderedLasso.cv: no visible global function definition for ‘axis’
    plot.orderedLasso.cv: no visible global function definition for ‘mtext’
    plot.orderedLasso.cv: no visible global function definition for
     ‘points’
    plot.orderedLasso.cv: no visible global function definition for
     ‘abline’
    plot.timeLagLasso.cv: no visible global function definition for ‘par’
    plot.timeLagLasso.cv: no visible global function definition for ‘plot’
    plot.timeLagLasso.cv: no visible global function definition for ‘axis’
    plot.timeLagLasso.cv: no visible global function definition for ‘mtext’
    plot.timeLagLasso.cv: no visible global function definition for
     ‘points’
    plot.timeLagLasso.cv: no visible global function definition for
     ‘abline’
    timeLagLasso: no visible binding for global variable ‘sd’
    timeLagLasso.cv: no visible binding for global variable ‘sd’
    timeLagLasso.cv: no visible binding for global variable ‘var’
    timeLagLasso.path: no visible binding for global variable ‘sd’
    Undefined global functions or variables:
     abline approx axis mtext par plot points sd segments var
    Consider adding
     importFrom("graphics", "abline", "axis", "mtext", "par", "plot",
     "points", "segments")
     importFrom("stats", "approx", "sd", "var")
    to your NAMESPACE file.
Flavors: r-devel-linux-x86_64-debian-clang, r-devel-linux-x86_64-debian-gcc, r-devel-linux-x86_64-fedora-clang, r-devel-linux-x86_64-fedora-gcc, r-devel-windows-ix86+x86_64, r-patched-linux-x86_64, r-patched-solaris-x86, r-release-linux-x86_64, r-release-windows-ix86+x86_64, r-release-osx-x86_64, r-oldrel-windows-ix86+x86_64, r-oldrel-osx-x86_64