CRAN Package Check Results for Package ordinal

Last updated on 2017-11-25 07:51:37 CET.

Flavor Version Tinstall Tcheck Ttotal Status Flags
r-devel-linux-x86_64-debian-clang 2015.6-28 12.77 256.24 269.01 NOTE
r-devel-linux-x86_64-debian-gcc 2015.6-28 11.53 228.87 240.40 NOTE
r-devel-linux-x86_64-fedora-clang 2015.6-28 231.67 NOTE
r-devel-linux-x86_64-fedora-gcc 2015.6-28 230.68 NOTE
r-devel-windows-ix86+x86_64 2015.6-28 23.00 396.00 419.00 OK
r-patched-linux-x86_64 2015.6-28 12.39 267.38 279.77 NOTE
r-patched-solaris-x86 2015.6-28 330.90 OK
r-release-linux-x86_64 2015.6-28 12.84 266.18 279.02 NOTE
r-release-windows-ix86+x86_64 2015.6-28 23.00 273.00 296.00 OK
r-release-osx-x86_64 2015.6-28 NOTE
r-oldrel-windows-ix86+x86_64 2015.6-28 21.00 298.00 319.00 OK
r-oldrel-osx-x86_64 2015.6-28 OK

Additional issues

rchk

Check Details

Version: 2015.6-28
Check: compiled code
Result: NOTE
    File ‘ordinal/libs/ordinal.so’:
     Found no calls to: ‘R_registerRoutines’, ‘R_useDynamicSymbols’
    
    It is good practice to register native routines and to disable symbol
    search.
    
    See ‘Writing portable packages’ in the ‘Writing R Extensions’ manual.
Flavors: r-devel-linux-x86_64-debian-clang, r-devel-linux-x86_64-debian-gcc, r-devel-linux-x86_64-fedora-clang, r-devel-linux-x86_64-fedora-gcc, r-patched-linux-x86_64, r-release-linux-x86_64

Version: 2015.6-28
Check: re-building of vignette outputs
Result: NOTE
    Error in re-building vignettes:
     ...
    Error in texi2dvi(file = file, pdf = TRUE, clean = clean, quiet = quiet, :
     Running 'texi2dvi' on 'clm_intro.tex' failed.
    LaTeX errors:
    ! LaTeX Error: File `algorithmic.sty' not found.
    
    Type X to quit or <RETURN> to proceed,
    or enter new name. (Default extension: sty)
    
    ! Emergency stop.
    <read *>
    
    l.14 \usepackage
     [amsmath,thmmarks,standard,thref]{ntheorem}^^M
    ! ==> Fatal error occurred, no output PDF file produced!
    Calls: buildVignettes -> texi2pdf -> texi2dvi
    Execution halted
Flavor: r-release-osx-x86_64