CRAN Package Check Results for Package ordinal

Last updated on 2014-08-29 05:47:25.

Flavor Version Tinstall Tcheck Ttotal Status Flags
r-devel-linux-x86_64-debian-clang 2013.9-30 9.64 120.91 130.55 OK
r-devel-linux-x86_64-debian-gcc 2013.9-30 9.66 116.10 125.76 OK
r-devel-linux-x86_64-fedora-clang 2013.9-30 298.08 OK
r-devel-linux-x86_64-fedora-gcc 2013.9-30 281.01 OK
r-devel-osx-x86_64-clang 2013.9-30 228.48 OK
r-devel-windows-ix86+x86_64 2013.9-30 22.00 247.00 269.00 OK
r-patched-linux-x86_64 2013.9-30 10.28 123.69 133.97 OK
r-patched-solaris-sparc 2013.9-30 1758.80 OK
r-patched-solaris-x86 2013.9-30 371.70 OK
r-release-linux-ix86 2013.9-30 12.36 169.18 181.55 OK
r-release-linux-x86_64 2013.9-30 10.48 125.98 136.45 OK
r-release-osx-x86_64-mavericks 2013.9-30 NOTE
r-release-windows-ix86+x86_64 2013.9-30 23.00 254.00 277.00 OK
r-oldrel-windows-ix86+x86_64 2013.9-30 25.00 263.00 288.00 OK

Check Details

Version: 2013.9-30
Check: re-building of vignette outputs
Result: NOTE
    Error in re-building vignettes:
     ...
    Error in texi2dvi(file = file, pdf = TRUE, clean = clean, quiet = quiet, :
     Running 'texi2dvi' on 'clm_intro.tex' failed.
    LaTeX errors:
    ! LaTeX Error: File `subfigure.sty' not found.
    
    Type X to quit or <RETURN> to proceed,
    or enter new name. (Default extension: sty)
    
    _test/ordinal/vignettes/clm_intro.tex:10: ==> Fatal error occurred, no output
    PDF file produced!
    Calls: buildVignettes -> texi2pdf -> texi2dvi
    Execution halted
Flavor: r-release-osx-x86_64-mavericks