CRAN Package Check Results for Package ordinal

Last updated on 2014-11-21 19:48:07.

Flavor Version Tinstall Tcheck Ttotal Status Flags
r-devel-linux-x86_64-debian-clang 2014.11-14 9.46 128.70 138.15 OK
r-devel-linux-x86_64-debian-gcc 2014.11-14 9.57 129.81 139.38 OK
r-devel-linux-x86_64-fedora-clang 2014.11-14 314.12 OK
r-devel-linux-x86_64-fedora-gcc 2014.11-14 294.10 OK
r-devel-osx-x86_64-clang 2014.11-14 257.88 OK
r-devel-windows-ix86+x86_64 2014.11-14 22.00 251.00 273.00 OK
r-patched-linux-x86_64 2014.11-14 10.33 133.24 143.57 OK
r-patched-solaris-sparc 2014.11-14 1669.80 OK
r-patched-solaris-x86 2014.11-14 388.10 OK
r-release-linux-ix86 2014.11-14 11.90 163.38 175.28 OK
r-release-linux-x86_64 2014.11-14 10.34 134.47 144.81 OK
r-release-osx-x86_64-mavericks 2014.11-14 NOTE
r-release-osx-x86_64-snowleopard 2014.11-14 OK
r-release-windows-ix86+x86_64 2014.11-14 32.00 267.00 299.00 OK
r-oldrel-windows-ix86+x86_64 2014.11-14 20.00 271.00 291.00 OK

Check Details

Version: 2014.11-14
Check: re-building of vignette outputs
Result: NOTE
    Error in re-building vignettes:
     ...
    Error in texi2dvi(file = file, pdf = TRUE, clean = clean, quiet = quiet, :
     Running 'texi2dvi' on 'clm_intro.tex' failed.
    LaTeX errors:
    ! LaTeX Error: File `algorithmic.sty' not found.
    
    Type X to quit or <RETURN> to proceed,
    or enter new name. (Default extension: sty)
    
    _test/ordinal/vignettes/clm_intro.tex:14: ==> Fatal error occurred, no output
    PDF file produced!
    Calls: buildVignettes -> texi2pdf -> texi2dvi
    Execution halted
Flavor: r-release-osx-x86_64-mavericks