CRAN Package Check Results for Package ordinal

Last updated on 2023-05-31 04:57:12 CEST.

Flavor Version Tinstall Tcheck Ttotal Status Flags
r-devel-linux-x86_64-debian-clang 2022.11-16 25.53 278.52 304.05 OK
r-devel-linux-x86_64-debian-gcc 2022.11-16 15.31 209.40 224.71 OK
r-devel-linux-x86_64-fedora-clang 2022.11-16 374.11 OK
r-devel-linux-x86_64-fedora-gcc 2022.11-16 392.30 OK
r-devel-windows-x86_64 2022.11-16 21.00 254.00 275.00 OK
r-patched-linux-x86_64 2022.11-16 21.38 268.63 290.01 OK
r-release-linux-x86_64 2022.11-16 22.24 266.08 288.32 OK
r-release-macos-arm64 2022.11-16 123.00 OK
r-release-macos-x86_64 2022.11-16 177.00 NOTE
r-release-windows-x86_64 2022.11-16 25.00 305.00 330.00 OK
r-oldrel-macos-arm64 2022.11-16 115.00 OK
r-oldrel-macos-x86_64 2022.11-16 152.00 OK
r-oldrel-windows-x86_64 2022.11-16 28.00 310.00 338.00 OK

Check Details

Version: 2022.11-16
Check: re-building of vignette outputs
Result: NOTE
    Error(s) in re-building vignettes:
    --- re-building ‘clm_article.Rnw’ using Sweave
    Changing to 'nlminb' optimizer for flexible link function
    Warning: (-1) Model failed to converge with max|grad| = 0.00567175 (tol = 1e-06)
    Warning: (1) Hessian is numerically singular: parameters are not uniquely determined
    In addition: Absolute convergence criterion was met, but relative criterion was not met
    Warning: (1) Hessian is numerically singular: parameters are not uniquely determined
    In addition: Absolute convergence criterion was met, but relative criterion was not met
    Warning: (1) Hessian is numerically singular: parameters are not uniquely determined
    In addition: Absolute convergence criterion was met, but relative criterion was not met
    Warning: (-2) Model failed to converge: degenerate Hessian with 1 negative eigenvalues
    In addition: maximum number of consecutive Newton modifications reached
    --- finished re-building 'clm_article.Rnw'
    
    --- re-building ‘clmm2_tutorial.Rnw’ using Sweave
    Error: processing vignette 'clmm2_tutorial.Rnw' failed with diagnostics:
    Running 'texi2dvi' on 'clmm2_tutorial.tex' failed.
    LaTeX errors:
    ! LaTeX Error: File `ntheorem.sty' not found.
    
    Type X to quit or <RETURN> to proceed,
    or enter new name. (Default extension: sty)
    
    ! Emergency stop.
    <read *>
    
    l.15 ^^M
    
    ! ==> Fatal error occurred, no output PDF file produced!
    --- failed re-building ‘clmm2_tutorial.Rnw’
    
    SUMMARY: processing the following file failed:
     ‘clmm2_tutorial.Rnw’
    
    Error: Vignette re-building failed.
    Execution halted
Flavor: r-release-macos-x86_64