CRAN Package Check Results for Package ordinal

Last updated on 2017-03-27 21:48:57.

Flavor Version Tinstall Tcheck Ttotal Status Flags
r-devel-linux-x86_64-debian-clang 2015.6-28 9.44 114.70 124.14 NOTE
r-devel-linux-x86_64-debian-gcc 2015.6-28 9.43 109.94 119.38 NOTE
r-devel-linux-x86_64-fedora-clang 2015.6-28 271.16 NOTE --no-stop-on-test-error
r-devel-linux-x86_64-fedora-gcc 2015.6-28 260.99 NOTE --no-stop-on-test-error
r-devel-macos-x86_64-clang 2015.6-28 196.72 NOTE --no-stop-on-test-error
r-devel-windows-ix86+x86_64 2015.6-28 24.00 416.00 440.00 OK
r-patched-linux-x86_64 2015.6-28 9.12 110.99 120.11 NOTE
r-patched-solaris-sparc 2015.6-28 1596.50 OK
r-patched-solaris-x86 2015.6-28 331.50 OK
r-release-linux-x86_64 2015.6-28 8.35 109.41 117.76 OK
r-release-osx-x86_64-mavericks 2015.6-28 OK
r-release-windows-ix86+x86_64 2015.6-28 31.00 272.00 303.00 OK
r-oldrel-windows-ix86+x86_64 2015.6-28 22.00 296.00 318.00 OK

Check Details

Version: 2015.6-28
Check: compiled code
Result: NOTE
    File ‘ordinal/libs/ordinal.so’:
     Found no calls to: ‘R_registerRoutines’, ‘R_useDynamicSymbols’
    
    It is good practice to register native routines and to disable symbol
    search.
    
    See ‘Writing portable packages’ in the ‘Writing R Extensions’ manual.
Flavors: r-devel-linux-x86_64-debian-clang, r-devel-linux-x86_64-debian-gcc, r-patched-linux-x86_64

Version: 2015.6-28
Flags: --no-stop-on-test-error
Check: compiled code
Result: NOTE
    File ‘ordinal/libs/ordinal.so’:
     Found no calls to: ‘R_registerRoutines’, ‘R_useDynamicSymbols’
    
    It is good practice to register native routines and to disable symbol
    search.
    
    See ‘Writing portable packages’ in the ‘Writing R Extensions’ manual.
Flavors: r-devel-linux-x86_64-fedora-clang, r-devel-linux-x86_64-fedora-gcc, r-devel-macos-x86_64-clang