CRAN Package Check Results for Package ordinal

Last updated on 2020-07-13 14:48:10 CEST.

Flavor Version Tinstall Tcheck Ttotal Status Flags
r-devel-linux-x86_64-debian-clang 2019.12-10 17.80 240.33 258.13 OK
r-devel-linux-x86_64-debian-gcc 2019.12-10 14.53 180.86 195.39 OK
r-devel-linux-x86_64-fedora-clang 2019.12-10 312.71 OK
r-devel-linux-x86_64-fedora-gcc 2019.12-10 320.53 OK
r-devel-windows-ix86+x86_64 2019.12-10 42.00 490.00 532.00 OK
r-patched-linux-x86_64 2019.12-10 18.85 234.99 253.84 OK
r-patched-solaris-x86 2019.12-10 409.40 OK
r-release-linux-x86_64 2019.12-10 17.81 236.57 254.38 OK
r-release-macos-x86_64 2019.12-10 ERROR
r-release-windows-ix86+x86_64 2019.12-10 45.00 358.00 403.00 OK
r-oldrel-macos-x86_64 2019.12-10 OK
r-oldrel-windows-ix86+x86_64 2019.12-10 40.00 335.00 375.00 OK

Check Details

Version: 2019.12-10
Check: whether package can be installed
Result: ERROR
    Installation failed.
Flavor: r-release-macos-x86_64