CRAN Package Check Results for Package ordinal

Last updated on 2017-04-24 12:47:48.

Flavor Version Tinstall Tcheck Ttotal Status Flags
r-devel-linux-x86_64-debian-clang 2015.6-28 9.23 114.33 123.57 NOTE
r-devel-linux-x86_64-debian-gcc 2015.6-28 9.05 111.38 120.43 NOTE
r-devel-linux-x86_64-fedora-clang 2015.6-28 286.15 NOTE --no-stop-on-test-error
r-devel-linux-x86_64-fedora-gcc 2015.6-28 260.69 NOTE --no-stop-on-test-error
r-devel-windows-ix86+x86_64 2015.6-28 33.00 384.00 417.00 OK
r-patched-linux-x86_64 2015.6-28 9.04 111.18 120.22 NOTE
r-patched-solaris-sparc 2015.6-28 1596.50 OK
r-patched-solaris-x86 2015.6-28 331.10 OK
r-release-linux-x86_64 2015.6-28 9.65 111.66 121.30 NOTE
r-release-windows-ix86+x86_64 2015.6-28 29.00 295.00 324.00 OK
r-release-osx-x86_64 2015.6-28 NOTE
r-oldrel-windows-ix86+x86_64 2015.6-28 23.00 289.00 312.00 OK
r-oldrel-osx-x86_64 2015.6-28 OK

Check Details

Version: 2015.6-28
Check: compiled code
Result: NOTE
    File ‘ordinal/libs/ordinal.so’:
     Found no calls to: ‘R_registerRoutines’, ‘R_useDynamicSymbols’
    
    It is good practice to register native routines and to disable symbol
    search.
    
    See ‘Writing portable packages’ in the ‘Writing R Extensions’ manual.
Flavors: r-devel-linux-x86_64-debian-clang, r-devel-linux-x86_64-debian-gcc, r-patched-linux-x86_64, r-release-linux-x86_64

Version: 2015.6-28
Flags: --no-stop-on-test-error
Check: compiled code
Result: NOTE
    File ‘ordinal/libs/ordinal.so’:
     Found no calls to: ‘R_registerRoutines’, ‘R_useDynamicSymbols’
    
    It is good practice to register native routines and to disable symbol
    search.
    
    See ‘Writing portable packages’ in the ‘Writing R Extensions’ manual.
Flavors: r-devel-linux-x86_64-fedora-clang, r-devel-linux-x86_64-fedora-gcc

Version: 2015.6-28
Check: re-building of vignette outputs
Result: NOTE
    Error in re-building vignettes:
     ...
    Error in texi2dvi(file = file, pdf = TRUE, clean = clean, quiet = quiet, :
     Running 'texi2dvi' on 'clm_intro.tex' failed.
    LaTeX errors:
    ! LaTeX Error: File `algorithmic.sty' not found.
    
    Type X to quit or <RETURN> to proceed,
    or enter new name. (Default extension: sty)
    
    ! Emergency stop.
    <read *>
    
    l.14 \usepackage
     [amsmath,thmmarks,standard,thref]{ntheorem}^^M
    ! ==> Fatal error occurred, no output PDF file produced!
    Calls: buildVignettes -> texi2pdf -> texi2dvi
    Execution halted
Flavor: r-release-osx-x86_64