CRAN Package Check Results for Package ordinal

Last updated on 2014-04-23 12:48:23.

Flavor Version Tinstall Tcheck Ttotal Status Flags
r-devel-linux-x86_64-debian-clang 2013.9-30 10.44 129.90 140.34 OK
r-devel-linux-x86_64-debian-gcc 2013.9-30 10.54 127.13 137.67 OK
r-devel-linux-x86_64-fedora-clang 2013.9-30 312.45 OK
r-devel-linux-x86_64-fedora-gcc 2013.9-30 302.08 OK
r-devel-osx-x86_64-clang 2013.9-30 245.67 OK
r-devel-osx-x86_64-gcc 2013.9-30 NOTE
r-devel-windows-ix86+x86_64 2013.9-30 25.00 253.00 278.00 OK
r-patched-linux-x86_64 2013.9-30 10.49 126.54 137.04 OK
r-patched-solaris-sparc 2013.9-30 1682.80 OK
r-patched-solaris-x86 2013.9-30 368.70 OK
r-release-linux-ix86 2013.9-30 15.00 199.00 214.00 OK
r-release-linux-x86_64 2013.9-30 10.49 127.60 138.10 OK
r-release-osx-x86_64-mavericks 2013.9-30 WARN
r-release-windows-ix86+x86_64 2013.9-30 21.00 248.00 269.00 OK
r-oldrel-windows-ix86+x86_64 2013.9-30 24.00 250.00 274.00 OK

Check Details

Version: 2013.9-30
Check: package dependencies
Result: NOTE
    Package suggested but not available for checking: ‘lme4’
Flavors: r-devel-osx-x86_64-gcc, r-release-osx-x86_64-mavericks

Version: 2013.9-30
Check: Rd cross-references
Result: NOTE
    Package unavailable to check Rd xrefs: ‘lme4’
Flavors: r-devel-osx-x86_64-gcc, r-release-osx-x86_64-mavericks

Version: 2013.9-30
Check: re-building of vignette outputs
Result: NOTE
    Error in re-building vignettes:
     ...
    Error in texi2dvi(file = file, pdf = TRUE, clean = clean, quiet = quiet, :
     Running 'texi2dvi' on 'clm_intro.tex' failed.
    LaTeX errors:
    ! LaTeX Error: File `subfigure.sty' not found.
    
    Type X to quit or <RETURN> to proceed,
    or enter new name. (Default extension: sty)
    
    _test/ordinal/vignettes/clm_intro.tex:10: ==> Fatal error occurred, no output
    PDF file produced!
    Calls: buildVignettes -> texi2pdf -> texi2dvi
    Execution halted
Flavor: r-release-osx-x86_64-mavericks

Version: 2013.9-30
Check: PDF version of manual
Result: WARNING
    LaTeX errors when creating PDF version.
    This typically indicates Rd problems.
    LaTeX errors found:
    ! LaTeX Error: File `upquote.sty' not found.
    
    Type X to quit or <RETURN> to proceed,
    or enter new name. (Default extension: sty)
    
    97f0915/Rd2.tex:8: ==> Fatal error occurred, no output PDF file produced!
Flavor: r-release-osx-x86_64-mavericks