CRAN Package Check Results for Package ordinal

Last updated on 2016-08-26 01:50:55.

Flavor Version Tinstall Tcheck Ttotal Status Flags
r-devel-linux-x86_64-debian-clang 2015.6-28 9.74 123.51 133.25 OK
r-devel-linux-x86_64-debian-gcc 2015.6-28 11.71 147.67 159.38 OK
r-devel-linux-x86_64-fedora-clang 2015.6-28 251.81 OK
r-devel-linux-x86_64-fedora-gcc 2015.6-28 233.18 OK
r-devel-osx-x86_64-clang 2015.6-28 188.43 OK
r-devel-windows-ix86+x86_64 2015.6-28 29.00 353.00 382.00 ERROR
r-patched-linux-x86_64 2015.6-28 8.66 116.73 125.39 OK
r-patched-solaris-sparc 2015.6-28 1462.70 OK
r-patched-solaris-x86 2015.6-28 288.60 OK
r-release-linux-x86_64 2015.6-28 9.90 118.19 128.09 OK
r-release-osx-x86_64-mavericks 2015.6-28 OK
r-release-windows-ix86+x86_64 2015.6-28 19.00 272.00 291.00 OK
r-oldrel-windows-ix86+x86_64 2015.6-28 21.00 279.00 300.00 OK

Check Details

Version: 2015.6-28
Check: running tests for arch ‘i386’
Result: ERROR
    Running the tests in 'tests/test0weights.R' failed.
    Last 13 lines of output:
     > ## clean_dll(pkg = r2path)
     > ## load_all(r2path)
     >
     > ## one zero weight:
     > data(wine, package="ordinal")
     > wts <- rep(1, nrow(wine))
     > wine$rating
     [1] 2 3 3 4 4 4 5 5 1 2 1 3 2 3 5 4 2 3 3 2 5 5 4 4 3 2 3 2 3 2 5 3 2 3 4 3 3 3
     [39] 3 3 3 2 3 2 2 4 5 4 1 1 2 2 2 3 2 3 2 2 2 3 3 3 3 4 1 2 3 2 3 2 4 4
     Levels: 1 < 2 < 3 < 4 < 5
     > wts[1] <- 0
     > fm1 <- clm(rating ~ contact + temp, data=wine, weights=wts)
     Error in B1 %*% tJac : non-conformable arguments
     Calls: clm -> clm.fit.default -> do.call -> <Anonymous>
     Execution halted
Flavor: r-devel-windows-ix86+x86_64

Version: 2015.6-28
Check: running tests for arch ‘x64’
Result: ERROR
    Running the tests in 'tests/test0weights.R' failed.
    Last 13 lines of output:
     > ## clean_dll(pkg = r2path)
     > ## load_all(r2path)
     >
     > ## one zero weight:
     > data(wine, package="ordinal")
     > wts <- rep(1, nrow(wine))
     > wine$rating
     [1] 2 3 3 4 4 4 5 5 1 2 1 3 2 3 5 4 2 3 3 2 5 5 4 4 3 2 3 2 3 2 5 3 2 3 4 3 3 3
     [39] 3 3 3 2 3 2 2 4 5 4 1 1 2 2 2 3 2 3 2 2 2 3 3 3 3 4 1 2 3 2 3 2 4 4
     Levels: 1 < 2 < 3 < 4 < 5
     > wts[1] <- 0
     > fm1 <- clm(rating ~ contact + temp, data=wine, weights=wts)
     Error in B1 %*% tJac : non-conformable arguments
     Calls: clm -> clm.fit.default -> do.call -> <Anonymous>
     Execution halted
Flavor: r-devel-windows-ix86+x86_64