CRAN Package Check Results for Package ordinal

Last updated on 2014-12-20 12:47:31.

Flavor Version Tinstall Tcheck Ttotal Status Flags
r-devel-linux-x86_64-debian-clang 2014.11-14 9.39 130.02 139.41 OK
r-devel-linux-x86_64-debian-gcc 2014.11-14 9.02 126.89 135.91 OK
r-devel-linux-x86_64-fedora-clang 2014.11-14 321.02 OK
r-devel-linux-x86_64-fedora-gcc 2014.11-14 286.60 OK
r-devel-osx-x86_64-clang 2014.11-14 265.51 OK
r-devel-windows-ix86+x86_64 2014.11-14 27.00 246.00 273.00 OK
r-patched-linux-x86_64 2014.11-14 10.92 131.78 142.70 OK
r-patched-solaris-sparc 2014.11-14 1669.80 OK
r-patched-solaris-x86 2014.11-14 387.30 OK
r-release-linux-ix86 2014.11-14 11.94 163.18 175.12 OK
r-release-linux-x86_64 2014.11-14 10.50 138.38 148.88 OK
r-release-osx-x86_64-mavericks 2014.11-14 NOTE
r-release-osx-x86_64-snowleopard 2014.11-14 OK
r-release-windows-ix86+x86_64 2014.11-14 28.00 263.00 291.00 OK
r-oldrel-windows-ix86+x86_64 2014.11-14 24.00 296.00 320.00 OK

Check Details

Version: 2014.11-14
Check: re-building of vignette outputs
Result: NOTE
    Error in re-building vignettes:
     ...
    Error in texi2dvi(file = file, pdf = TRUE, clean = clean, quiet = quiet, :
     Running 'texi2dvi' on 'clm_intro.tex' failed.
    LaTeX errors:
    ! LaTeX Error: File `algorithmic.sty' not found.
    
    Type X to quit or <RETURN> to proceed,
    or enter new name. (Default extension: sty)
    
    _test/ordinal/vignettes/clm_intro.tex:14: ==> Fatal error occurred, no output
    PDF file produced!
    Calls: buildVignettes -> texi2pdf -> texi2dvi
    Execution halted
Flavor: r-release-osx-x86_64-mavericks