CRAN Package Check Results for Package ordinal

Last updated on 2014-07-23 04:48:28.

Flavor Version Tinstall Tcheck Ttotal Status Flags
r-devel-linux-x86_64-debian-clang 2013.9-30 10.12 123.38 133.50 OK
r-devel-linux-x86_64-debian-gcc 2013.9-30 10.60 121.30 131.89 OK
r-devel-linux-x86_64-fedora-clang 2013.9-30 306.77 OK
r-devel-linux-x86_64-fedora-gcc 2013.9-30 293.00 OK
r-devel-osx-x86_64-clang 2013.9-30 240.56 OK
r-devel-windows-ix86+x86_64 2013.9-30 26.00 252.00 278.00 OK
r-patched-linux-x86_64 2013.9-30 10.99 121.90 132.89 OK
r-patched-solaris-sparc 2013.9-30 1682.80 OK
r-patched-solaris-x86 2013.9-30 365.90 OK
r-release-linux-ix86 2013.9-30 12.21 166.27 178.48 OK
r-release-linux-x86_64 2013.9-30 10.58 123.25 133.83 OK
r-release-osx-x86_64-mavericks 2013.9-30 NOTE
r-release-windows-ix86+x86_64 2013.9-30 20.00 256.00 276.00 OK
r-oldrel-windows-ix86+x86_64 2013.9-30 21.00 265.00 286.00 OK

Check Details

Version: 2013.9-30
Check: re-building of vignette outputs
Result: NOTE
    Error in re-building vignettes:
     ...
    Error in texi2dvi(file = file, pdf = TRUE, clean = clean, quiet = quiet, :
     Running 'texi2dvi' on 'clm_intro.tex' failed.
    LaTeX errors:
    ! LaTeX Error: File `subfigure.sty' not found.
    
    Type X to quit or <RETURN> to proceed,
    or enter new name. (Default extension: sty)
    
    _test/ordinal/vignettes/clm_intro.tex:10: ==> Fatal error occurred, no output
    PDF file produced!
    Calls: buildVignettes -> texi2pdf -> texi2dvi
    Execution halted
Flavor: r-release-osx-x86_64-mavericks