CRAN Package Check Results for Package ordinal

Last updated on 2017-07-25 18:47:00.

Flavor Version Tinstall Tcheck Ttotal Status Flags
r-devel-linux-x86_64-debian-clang 2015.6-28 9.13 124.25 133.39 NOTE
r-devel-linux-x86_64-debian-gcc 2015.6-28 9.18 118.77 127.95 NOTE
r-devel-linux-x86_64-fedora-clang 2015.6-28 271.86 NOTE
r-devel-linux-x86_64-fedora-gcc 2015.6-28 262.51 NOTE
r-devel-windows-ix86+x86_64 2015.6-28 21.00 296.00 317.00 OK
r-patched-linux-x86_64 2015.6-28 9.78 120.45 130.23 NOTE
r-patched-solaris-x86 2015.6-28 338.40 OK
r-release-linux-x86_64 2015.6-28 10.59 120.26 130.85 NOTE
r-release-windows-ix86+x86_64 2015.6-28 25.00 356.00 381.00 OK
r-release-osx-x86_64 2015.6-28 NOTE
r-oldrel-windows-ix86+x86_64 2015.6-28 22.00 278.00 300.00 OK
r-oldrel-osx-x86_64 2015.6-28 OK

Additional issues

rchk

Check Details

Version: 2015.6-28
Check: compiled code
Result: NOTE
    File ‘ordinal/libs/ordinal.so’:
     Found no calls to: ‘R_registerRoutines’, ‘R_useDynamicSymbols’
    
    It is good practice to register native routines and to disable symbol
    search.
    
    See ‘Writing portable packages’ in the ‘Writing R Extensions’ manual.
Flavors: r-devel-linux-x86_64-debian-clang, r-devel-linux-x86_64-debian-gcc, r-devel-linux-x86_64-fedora-clang, r-devel-linux-x86_64-fedora-gcc, r-patched-linux-x86_64, r-release-linux-x86_64

Version: 2015.6-28
Check: re-building of vignette outputs
Result: NOTE
    Error in re-building vignettes:
     ...
    Error in texi2dvi(file = file, pdf = TRUE, clean = clean, quiet = quiet, :
     Running 'texi2dvi' on 'clm_intro.tex' failed.
    LaTeX errors:
    ! LaTeX Error: File `algorithmic.sty' not found.
    
    Type X to quit or <RETURN> to proceed,
    or enter new name. (Default extension: sty)
    
    ! Emergency stop.
    <read *>
    
    l.14 \usepackage
     [amsmath,thmmarks,standard,thref]{ntheorem}^^M
    ! ==> Fatal error occurred, no output PDF file produced!
    Calls: buildVignettes -> texi2pdf -> texi2dvi
    Execution halted
Flavor: r-release-osx-x86_64