CRAN Package Check Results for Package ordinal

Last updated on 2017-02-26 17:51:33.

Flavor Version Tinstall Tcheck Ttotal Status Flags
r-devel-linux-x86_64-debian-clang 2015.6-28 9.18 114.74 123.92 NOTE
r-devel-linux-x86_64-debian-gcc 2015.6-28 9.30 111.81 121.11 NOTE
r-devel-linux-x86_64-fedora-clang 2015.6-28 287.11 NOTE --no-stop-on-test-error
r-devel-linux-x86_64-fedora-gcc 2015.6-28 262.71 NOTE --no-stop-on-test-error
r-devel-macos-x86_64-clang 2015.6-28 197.96 NOTE --no-stop-on-test-error
r-devel-windows-ix86+x86_64 2015.6-28 28.00 362.00 390.00 OK
r-patched-linux-x86_64 2015.6-28 8.41 109.69 118.10 OK
r-patched-solaris-sparc 2015.6-28 1477.00 OK
r-patched-solaris-x86 2015.6-28 272.40 OK
r-release-linux-x86_64 2015.6-28 8.45 109.64 118.09 OK
r-release-osx-x86_64-mavericks 2015.6-28 OK
r-release-windows-ix86+x86_64 2015.6-28 29.00 265.00 294.00 OK
r-oldrel-windows-ix86+x86_64 2015.6-28 31.00 390.00 421.00 OK

Check Details

Version: 2015.6-28
Check: compiled code
Result: NOTE
    File ‘ordinal/libs/ordinal.so’:
     Found no calls to: ‘R_registerRoutines’, ‘R_useDynamicSymbols’
    
    It is good practice to register native routines and to disable symbol
    search.
    
    See ‘Writing portable packages’ in the ‘Writing R Extensions’ manual.
Flavors: r-devel-linux-x86_64-debian-clang, r-devel-linux-x86_64-debian-gcc

Version: 2015.6-28
Flags: --no-stop-on-test-error
Check: compiled code
Result: NOTE
    File ‘ordinal/libs/ordinal.so’:
     Found no calls to: ‘R_registerRoutines’, ‘R_useDynamicSymbols’
    
    It is good practice to register native routines and to disable symbol
    search.
    
    See ‘Writing portable packages’ in the ‘Writing R Extensions’ manual.
Flavors: r-devel-linux-x86_64-fedora-clang, r-devel-linux-x86_64-fedora-gcc, r-devel-macos-x86_64-clang