CRAN Package Check Results for Package ordinal

Last updated on 2014-10-21 18:48:07.

Flavor Version Tinstall Tcheck Ttotal Status Flags
r-devel-linux-x86_64-debian-clang 2013.9-30 9.75 121.90 131.65 OK
r-devel-linux-x86_64-debian-gcc 2013.9-30 10.05 119.36 129.40 OK
r-devel-linux-x86_64-fedora-clang 2013.9-30 294.16 OK
r-devel-linux-x86_64-fedora-gcc 2013.9-30 278.51 OK
r-devel-osx-x86_64-clang 2013.9-30 251.86 OK
r-devel-windows-ix86+x86_64 2013.9-30 25.00 242.00 267.00 OK
r-patched-linux-x86_64 2013.9-30 10.34 126.90 137.24 OK
r-patched-solaris-sparc 2013.9-30 1758.80 OK
r-patched-solaris-x86 2013.9-30 360.40 OK
r-release-linux-ix86 2013.9-30 12.41 162.97 175.38 OK
r-release-linux-x86_64 2013.9-30 10.53 127.80 138.33 OK
r-release-osx-x86_64-mavericks 2013.9-30 NOTE
r-release-windows-ix86+x86_64 2013.9-30 23.00 243.00 266.00 OK
r-oldrel-windows-ix86+x86_64 2013.9-30 21.00 251.00 272.00 OK

Check Details

Version: 2013.9-30
Check: re-building of vignette outputs
Result: NOTE
    Error in re-building vignettes:
     ...
    Error in texi2dvi(file = file, pdf = TRUE, clean = clean, quiet = quiet, :
     Running 'texi2dvi' on 'clm_intro.tex' failed.
    LaTeX errors:
    ! LaTeX Error: File `subfigure.sty' not found.
    
    Type X to quit or <RETURN> to proceed,
    or enter new name. (Default extension: sty)
    
    _test/ordinal/vignettes/clm_intro.tex:10: ==> Fatal error occurred, no output
    PDF file produced!
    Calls: buildVignettes -> texi2pdf -> texi2dvi
    Execution halted
Flavor: r-release-osx-x86_64-mavericks