CRAN Package Check Results for Package ordinal

Last updated on 2015-04-21 06:47:33.

Flavor Version Tinstall Tcheck Ttotal Status Flags
r-devel-linux-x86_64-debian-clang 2015.1-21 8.96 122.67 131.62 OK
r-devel-linux-x86_64-debian-gcc 2015.1-21 8.80 121.63 130.42 OK
r-devel-linux-x86_64-fedora-clang 2015.1-21 269.66 OK
r-devel-linux-x86_64-fedora-gcc 2015.1-21 255.35 OK
r-devel-osx-x86_64-clang 2015.1-21 228.19 OK
r-devel-windows-ix86+x86_64 2015.1-21 28.00 340.00 368.00 OK
r-patched-linux-x86_64 2015.1-21 8.96 122.16 131.13 OK
r-patched-solaris-sparc 2015.1-21 1643.50 OK
r-patched-solaris-x86 2015.1-21 327.40 OK
r-release-linux-x86_64 2015.1-21 10.99 119.29 130.28 OK
r-release-osx-x86_64-mavericks 2015.1-21 NOTE
r-release-osx-x86_64-snowleopard 2015.1-21 OK
r-release-windows-ix86+x86_64 2015.1-21 19.00 243.00 262.00 OK
r-oldrel-windows-ix86+x86_64 2015.1-21 23.00 265.00 288.00 OK

Check Details

Version: 2015.1-21
Check: package dependencies
Result: NOTE
    Package suggested but not available for checking: ‘lme4’
Flavor: r-release-osx-x86_64-mavericks

Version: 2015.1-21
Check: Rd cross-references
Result: NOTE
    Package unavailable to check Rd xrefs: ‘lme4’
Flavor: r-release-osx-x86_64-mavericks