CRAN Package Check Results for Package ordinal

Last updated on 2014-09-22 10:15:08.

Flavor Version Tinstall Tcheck Ttotal Status Flags
r-devel-linux-x86_64-debian-clang 2013.9-30 9.46 118.32 127.78 OK
r-devel-linux-x86_64-debian-gcc 2013.9-30 10.00 116.76 126.76 OK
r-devel-linux-x86_64-fedora-clang 2013.9-30 291.70 OK
r-devel-linux-x86_64-fedora-gcc 2013.9-30 275.58 OK
r-devel-osx-x86_64-clang 2013.9-30 227.47 OK
r-devel-windows-ix86+x86_64 2013.9-30 23.00 232.00 255.00 OK
r-patched-linux-x86_64 2013.9-30 10.23 127.35 137.58 OK
r-patched-solaris-sparc 2013.9-30 1758.80 OK
r-patched-solaris-x86 2013.9-30 361.50 OK
r-release-linux-ix86 2013.9-30 12.45 163.97 176.42 OK
r-release-linux-x86_64 2013.9-30 10.31 126.36 136.67 OK
r-release-osx-x86_64-mavericks 2013.9-30 NOTE
r-release-windows-ix86+x86_64 2013.9-30 25.00 249.00 274.00 OK
r-oldrel-windows-ix86+x86_64 2013.9-30 25.00 254.00 279.00 OK

Check Details

Version: 2013.9-30
Check: re-building of vignette outputs
Result: NOTE
    Error in re-building vignettes:
     ...
    Error in texi2dvi(file = file, pdf = TRUE, clean = clean, quiet = quiet, :
     Running 'texi2dvi' on 'clm_intro.tex' failed.
    LaTeX errors:
    ! LaTeX Error: File `subfigure.sty' not found.
    
    Type X to quit or <RETURN> to proceed,
    or enter new name. (Default extension: sty)
    
    _test/ordinal/vignettes/clm_intro.tex:10: ==> Fatal error occurred, no output
    PDF file produced!
    Calls: buildVignettes -> texi2pdf -> texi2dvi
    Execution halted
Flavor: r-release-osx-x86_64-mavericks