CRAN Package Check Results for Package orientlib

Last updated on 2014-04-24 17:49:49.

Flavor Version Tinstall Tcheck Ttotal Status Flags
r-devel-linux-x86_64-debian-clang 0.10.3 1.18 15.46 16.64 OK
r-devel-linux-x86_64-debian-gcc 0.10.3 1.18 15.28 16.46 OK
r-devel-linux-x86_64-fedora-clang 0.10.3 35.40 OK
r-devel-linux-x86_64-fedora-gcc 0.10.3 34.86 OK
r-devel-osx-x86_64-clang 0.10.3 33.70 OK
r-devel-osx-x86_64-gcc 0.10.3 OK
r-devel-windows-ix86+x86_64 0.10.3 3.00 22.00 25.00 OK
r-patched-linux-x86_64 0.10.3 1.19 15.60 16.79 OK
r-patched-solaris-sparc 0.10.3 184.90 OK
r-patched-solaris-x86 0.10.3 47.70 OK
r-release-linux-ix86 0.10.3 2.00 30.00 32.00 OK
r-release-linux-x86_64 0.10.3 1.15 15.47 16.62 OK
r-release-osx-x86_64-mavericks 0.10.3 WARN
r-release-windows-ix86+x86_64 0.10.3 3.00 24.00 27.00 OK
r-oldrel-windows-ix86+x86_64 0.10.3 3.00 22.00 25.00 OK

Check Details

Version: 0.10.3
Check: PDF version of manual
Result: WARNING
    LaTeX errors when creating PDF version.
    This typically indicates Rd problems.
    LaTeX errors found:
    ! LaTeX Error: File `upquote.sty' not found.
    
    Type X to quit or <RETURN> to proceed,
    or enter new name. (Default extension: sty)
    
    3184a35a/Rd2.tex:8: ==> Fatal error occurred, no output PDF file produced!
Flavor: r-release-osx-x86_64-mavericks