CRAN Package Check Results for Package orientlib

Last updated on 2014-12-19 12:48:23.

Flavor Version Tinstall Tcheck Ttotal Status Flags
r-devel-linux-x86_64-debian-clang 0.10.3 1.05 15.32 16.37 NOTE
r-devel-linux-x86_64-debian-gcc 0.10.3 1.35 15.07 16.42 NOTE
r-devel-linux-x86_64-fedora-clang 0.10.3 36.46 NOTE
r-devel-linux-x86_64-fedora-gcc 0.10.3 34.04 NOTE
r-devel-osx-x86_64-clang 0.10.3 33.06 NOTE
r-devel-windows-ix86+x86_64 0.10.3 4.00 23.00 27.00 NOTE
r-patched-linux-x86_64 0.10.3 1.14 15.90 17.03 NOTE
r-patched-solaris-sparc 0.10.3 181.20 NOTE
r-patched-solaris-x86 0.10.3 46.50 NOTE
r-release-linux-ix86 0.10.3 1.40 20.57 21.96 NOTE
r-release-linux-x86_64 0.10.3 1.06 16.20 17.27 NOTE
r-release-osx-x86_64-mavericks 0.10.3 OK
r-release-windows-ix86+x86_64 0.10.3 4.00 24.00 28.00 NOTE
r-oldrel-windows-ix86+x86_64 0.10.3 4.00 28.00 32.00 OK

Check Details

Version: 0.10.3
Check: R code for possible problems
Result: NOTE
    boat3d: no visible global function definition for ‘rgl.cur’
    boat3d: no visible global function definition for ‘open3d’
    boat3d: no visible global function definition for ‘clear3d’
    boat3d: no visible global function definition for ‘bg3d’
    boat3d: no visible global function definition for ‘rgl.set’
    boat3d: no visible global function definition for ‘triangles3d’
    boat3d: no visible global function definition for ‘quads3d’
    boat3d: no visible global function definition for ‘decorate3d’
    boat3d: no visible global function definition for ‘scatterplot3d’
Flavors: r-devel-linux-x86_64-debian-clang, r-devel-linux-x86_64-debian-gcc, r-devel-linux-x86_64-fedora-clang, r-devel-linux-x86_64-fedora-gcc, r-devel-osx-x86_64-clang, r-devel-windows-ix86+x86_64, r-patched-linux-x86_64, r-patched-solaris-sparc, r-patched-solaris-x86, r-release-linux-ix86, r-release-linux-x86_64, r-release-windows-ix86+x86_64