CRAN Package Check Results for Package orientlib

Last updated on 2016-05-29 19:48:31.

Flavor Version Tinstall Tcheck Ttotal Status Flags
r-devel-linux-x86_64-debian-gcc 0.10.3 0.94 14.46 15.39 NOTE
r-devel-linux-x86_64-fedora-clang 0.10.3 27.34 NOTE
r-devel-linux-x86_64-fedora-gcc 0.10.3 25.47 NOTE
r-devel-osx-x86_64-clang 0.10.3 28.78 NOTE
r-devel-windows-ix86+x86_64 0.10.3 4.00 30.00 34.00 NOTE
r-patched-linux-x86_64 0.10.3 0.93 14.81 15.74 NOTE
r-patched-solaris-sparc 0.10.3 167.90 NOTE
r-patched-solaris-x86 0.10.3 36.50 NOTE
r-release-linux-x86_64 0.10.3 1.04 14.41 15.46 NOTE
r-release-osx-x86_64-mavericks 0.10.3 NOTE
r-release-windows-ix86+x86_64 0.10.3 4.00 33.00 37.00 NOTE
r-oldrel-windows-ix86+x86_64 0.10.3 4.00 31.00 35.00 NOTE

Check Details

Version: 0.10.3
Check: R code for possible problems
Result: NOTE
    boat3d: no visible global function definition for ‘rgl.cur’
    boat3d: no visible global function definition for ‘open3d’
    boat3d: no visible global function definition for ‘clear3d’
    boat3d: no visible global function definition for ‘bg3d’
    boat3d: no visible global function definition for ‘rgl.set’
    boat3d: no visible global function definition for ‘triangles3d’
    boat3d: no visible global function definition for ‘quads3d’
    boat3d: no visible global function definition for ‘decorate3d’
    boat3d: no visible global function definition for ‘scatterplot3d’
    orientlm: no visible global function definition for ‘model.matrix’
    orientlm: no visible global function definition for ‘lm’
    Undefined global functions or variables:
     bg3d clear3d decorate3d lm model.matrix open3d quads3d rgl.cur
     rgl.set scatterplot3d triangles3d
    Consider adding
     importFrom("stats", "lm", "model.matrix")
    to your NAMESPACE file.
Flavors: r-devel-linux-x86_64-debian-gcc, r-devel-linux-x86_64-fedora-clang, r-devel-linux-x86_64-fedora-gcc, r-devel-osx-x86_64-clang, r-devel-windows-ix86+x86_64, r-patched-linux-x86_64, r-patched-solaris-sparc, r-patched-solaris-x86, r-release-linux-x86_64, r-release-osx-x86_64-mavericks, r-release-windows-ix86+x86_64

Version: 0.10.3
Check: R code for possible problems
Result: NOTE
    boat3d: no visible global function definition for 'rgl.cur'
    boat3d: no visible global function definition for 'open3d'
    boat3d: no visible global function definition for 'clear3d'
    boat3d: no visible global function definition for 'bg3d'
    boat3d: no visible global function definition for 'rgl.set'
    boat3d: no visible global function definition for 'triangles3d'
    boat3d: no visible global function definition for 'quads3d'
    boat3d: no visible global function definition for 'decorate3d'
    boat3d: no visible global function definition for 'scatterplot3d'
Flavor: r-oldrel-windows-ix86+x86_64