CRAN Package Check Results for Package orientlib

Last updated on 2017-05-29 23:53:07.

Flavor Version Tinstall Tcheck Ttotal Status Flags
r-devel-linux-x86_64-debian-clang 0.10.3 1.12 18.13 19.25 NOTE
r-devel-linux-x86_64-debian-gcc 0.10.3 1.30 17.75 19.05 NOTE
r-devel-linux-x86_64-fedora-clang 0.10.3 32.72 NOTE
r-devel-linux-x86_64-fedora-gcc 0.10.3 30.52 NOTE
r-devel-windows-ix86+x86_64 0.10.3 4.00 50.00 54.00 NOTE
r-patched-linux-x86_64 0.10.3 1.18 17.73 18.91 NOTE
r-patched-solaris-sparc 0.10.3 186.30 NOTE
r-patched-solaris-x86 0.10.3 46.00 NOTE
r-release-linux-x86_64 0.10.3 1.18 18.06 19.24 NOTE
r-release-windows-ix86+x86_64 0.10.3 6.00 37.00 43.00 NOTE
r-release-osx-x86_64 0.10.3 NOTE
r-oldrel-windows-ix86+x86_64 0.10.3 3.00 33.00 36.00 NOTE
r-oldrel-osx-x86_64 0.10.3 NOTE

Check Details

Version: 0.10.3
Check: R code for possible problems
Result: NOTE
    boat3d: no visible global function definition for ‘rgl.cur’
    boat3d: no visible global function definition for ‘open3d’
    boat3d: no visible global function definition for ‘clear3d’
    boat3d: no visible global function definition for ‘bg3d’
    boat3d: no visible global function definition for ‘rgl.set’
    boat3d: no visible global function definition for ‘triangles3d’
    boat3d: no visible global function definition for ‘quads3d’
    boat3d: no visible global function definition for ‘decorate3d’
    boat3d: no visible global function definition for ‘scatterplot3d’
    orientlm: no visible global function definition for ‘model.matrix’
    orientlm: no visible global function definition for ‘lm’
    Undefined global functions or variables:
     bg3d clear3d decorate3d lm model.matrix open3d quads3d rgl.cur
     rgl.set scatterplot3d triangles3d
    Consider adding
     importFrom("stats", "lm", "model.matrix")
    to your NAMESPACE file.
Flavors: r-devel-linux-x86_64-debian-clang, r-devel-linux-x86_64-debian-gcc, r-devel-linux-x86_64-fedora-clang, r-devel-linux-x86_64-fedora-gcc, r-devel-windows-ix86+x86_64, r-patched-linux-x86_64, r-patched-solaris-sparc, r-patched-solaris-x86, r-release-linux-x86_64, r-release-windows-ix86+x86_64, r-release-osx-x86_64, r-oldrel-windows-ix86+x86_64, r-oldrel-osx-x86_64