CRAN Package Check Results for Package orientlib

Last updated on 2017-03-26 11:53:55.

Flavor Version Tinstall Tcheck Ttotal Status Flags
r-devel-linux-x86_64-debian-clang 0.10.3 1.16 17.86 19.02 NOTE
r-devel-linux-x86_64-debian-gcc 0.10.3 1.10 17.37 18.48 NOTE
r-devel-linux-x86_64-fedora-clang 0.10.3 33.55 NOTE --no-stop-on-test-error
r-devel-linux-x86_64-fedora-gcc 0.10.3 31.50 NOTE --no-stop-on-test-error
r-devel-macos-x86_64-clang 0.10.3 26.70 NOTE --no-stop-on-test-error
r-patched-linux-x86_64 0.10.3 1.10 17.71 18.81 NOTE
r-patched-solaris-sparc 0.10.3 186.30 NOTE
r-patched-solaris-x86 0.10.3 45.50 NOTE
r-release-linux-x86_64 0.10.3 0.96 14.50 15.46 NOTE
r-release-osx-x86_64-mavericks 0.10.3 NOTE
r-release-windows-ix86+x86_64 0.10.3 5.00 34.00 39.00 NOTE
r-oldrel-windows-ix86+x86_64 0.10.3 4.00 28.00 32.00 NOTE

Check Details

Version: 0.10.3
Check: R code for possible problems
Result: NOTE
    boat3d: no visible global function definition for ‘rgl.cur’
    boat3d: no visible global function definition for ‘open3d’
    boat3d: no visible global function definition for ‘clear3d’
    boat3d: no visible global function definition for ‘bg3d’
    boat3d: no visible global function definition for ‘rgl.set’
    boat3d: no visible global function definition for ‘triangles3d’
    boat3d: no visible global function definition for ‘quads3d’
    boat3d: no visible global function definition for ‘decorate3d’
    boat3d: no visible global function definition for ‘scatterplot3d’
    orientlm: no visible global function definition for ‘model.matrix’
    orientlm: no visible global function definition for ‘lm’
    Undefined global functions or variables:
     bg3d clear3d decorate3d lm model.matrix open3d quads3d rgl.cur
     rgl.set scatterplot3d triangles3d
    Consider adding
     importFrom("stats", "lm", "model.matrix")
    to your NAMESPACE file.
Flavors: r-devel-linux-x86_64-debian-clang, r-devel-linux-x86_64-debian-gcc, r-patched-linux-x86_64, r-patched-solaris-sparc, r-patched-solaris-x86, r-release-linux-x86_64, r-release-osx-x86_64-mavericks, r-release-windows-ix86+x86_64

Version: 0.10.3
Flags: --no-stop-on-test-error
Check: R code for possible problems
Result: NOTE
    boat3d: no visible global function definition for ‘rgl.cur’
    boat3d: no visible global function definition for ‘open3d’
    boat3d: no visible global function definition for ‘clear3d’
    boat3d: no visible global function definition for ‘bg3d’
    boat3d: no visible global function definition for ‘rgl.set’
    boat3d: no visible global function definition for ‘triangles3d’
    boat3d: no visible global function definition for ‘quads3d’
    boat3d: no visible global function definition for ‘decorate3d’
    boat3d: no visible global function definition for ‘scatterplot3d’
    orientlm: no visible global function definition for ‘model.matrix’
    orientlm: no visible global function definition for ‘lm’
    Undefined global functions or variables:
     bg3d clear3d decorate3d lm model.matrix open3d quads3d rgl.cur
     rgl.set scatterplot3d triangles3d
    Consider adding
     importFrom("stats", "lm", "model.matrix")
    to your NAMESPACE file.
Flavors: r-devel-linux-x86_64-fedora-clang, r-devel-linux-x86_64-fedora-gcc, r-devel-macos-x86_64-clang

Version: 0.10.3
Check: R code for possible problems
Result: NOTE
    boat3d: no visible global function definition for 'rgl.cur'
    boat3d: no visible global function definition for 'open3d'
    boat3d: no visible global function definition for 'clear3d'
    boat3d: no visible global function definition for 'bg3d'
    boat3d: no visible global function definition for 'rgl.set'
    boat3d: no visible global function definition for 'triangles3d'
    boat3d: no visible global function definition for 'quads3d'
    boat3d: no visible global function definition for 'decorate3d'
    boat3d: no visible global function definition for 'scatterplot3d'
Flavor: r-oldrel-windows-ix86+x86_64