CRAN Package Check Results for Package orientlib

Last updated on 2015-03-01 19:48:11.

Flavor Version Tinstall Tcheck Ttotal Status Flags
r-devel-linux-x86_64-debian-clang 0.10.3 0.99 14.84 15.82 NOTE
r-devel-linux-x86_64-debian-gcc 0.10.3 1.02 14.60 15.61 NOTE
r-devel-linux-x86_64-fedora-clang 0.10.3 31.00 NOTE
r-devel-linux-x86_64-fedora-gcc 0.10.3 29.20 NOTE
r-devel-osx-x86_64-clang 0.10.3 31.03 NOTE
r-devel-windows-ix86+x86_64 0.10.3 3.00 25.00 28.00 NOTE
r-patched-linux-x86_64 0.10.3 1.03 15.91 16.94 NOTE
r-patched-solaris-sparc 0.10.3 220.30 NOTE
r-patched-solaris-x86 0.10.3 45.80 NOTE
r-release-linux-ix86 0.10.3 1.51 23.96 25.47 NOTE
r-release-linux-x86_64 0.10.3 1.10 15.51 16.61 NOTE
r-release-osx-x86_64-mavericks 0.10.3 NOTE
r-release-windows-ix86+x86_64 0.10.3 4.00 25.00 29.00 NOTE
r-oldrel-windows-ix86+x86_64 0.10.3 4.00 28.00 32.00 OK

Check Details

Version: 0.10.3
Check: R code for possible problems
Result: NOTE
    boat3d: no visible global function definition for ‘rgl.cur’
    boat3d: no visible global function definition for ‘open3d’
    boat3d: no visible global function definition for ‘clear3d’
    boat3d: no visible global function definition for ‘bg3d’
    boat3d: no visible global function definition for ‘rgl.set’
    boat3d: no visible global function definition for ‘triangles3d’
    boat3d: no visible global function definition for ‘quads3d’
    boat3d: no visible global function definition for ‘decorate3d’
    boat3d: no visible global function definition for ‘scatterplot3d’
Flavors: r-devel-linux-x86_64-debian-clang, r-devel-linux-x86_64-debian-gcc, r-devel-linux-x86_64-fedora-clang, r-devel-linux-x86_64-fedora-gcc, r-devel-osx-x86_64-clang, r-devel-windows-ix86+x86_64, r-patched-linux-x86_64, r-patched-solaris-sparc, r-patched-solaris-x86, r-release-linux-ix86, r-release-linux-x86_64, r-release-osx-x86_64-mavericks, r-release-windows-ix86+x86_64