CRAN Package Check Results for Package orientlib

Last updated on 2015-09-01 10:51:02.

Flavor Version Tinstall Tcheck Ttotal Status Flags
r-devel-linux-x86_64-debian-clang 0.10.3 0.90 13.74 14.63 NOTE
r-devel-linux-x86_64-debian-gcc 0.10.3 0.92 14.01 14.93 NOTE
r-devel-linux-x86_64-fedora-clang 0.10.3 29.47 NOTE
r-devel-linux-x86_64-fedora-gcc 0.10.3 27.69 NOTE
r-devel-osx-x86_64-clang 0.10.3 26.67 NOTE
r-devel-windows-ix86+x86_64 0.10.3 5.00 27.00 32.00 NOTE
r-patched-linux-x86_64 0.10.3 1.05 15.06 16.11 NOTE
r-patched-solaris-sparc 0.10.3 189.30 NOTE
r-patched-solaris-x86 0.10.3 43.80 NOTE
r-release-linux-x86_64 0.10.3 0.98 14.74 15.72 NOTE
r-release-osx-x86_64-mavericks 0.10.3 NOTE
r-release-windows-ix86+x86_64 0.10.3 6.00 41.00 47.00 NOTE
r-oldrel-windows-ix86+x86_64 0.10.3 6.00 28.00 34.00 NOTE

Check Details

Version: 0.10.3
Check: R code for possible problems
Result: NOTE
    boat3d: no visible global function definition for ‘rgl.cur’
    boat3d: no visible global function definition for ‘open3d’
    boat3d: no visible global function definition for ‘clear3d’
    boat3d: no visible global function definition for ‘bg3d’
    boat3d: no visible global function definition for ‘rgl.set’
    boat3d: no visible global function definition for ‘triangles3d’
    boat3d: no visible global function definition for ‘quads3d’
    boat3d: no visible global function definition for ‘decorate3d’
    boat3d: no visible global function definition for ‘scatterplot3d’
    orientlm: no visible global function definition for ‘model.matrix’
    orientlm: no visible global function definition for ‘lm’
    Undefined global functions or variables:
     bg3d clear3d decorate3d lm model.matrix open3d quads3d rgl.cur
     rgl.set scatterplot3d triangles3d
    Consider adding
     importFrom("stats", "lm", "model.matrix")
    to your NAMESPACE.
Flavors: r-devel-linux-x86_64-debian-clang, r-devel-linux-x86_64-debian-gcc, r-devel-linux-x86_64-fedora-clang, r-devel-linux-x86_64-fedora-gcc, r-devel-windows-ix86+x86_64

Version: 0.10.3
Check: R code for possible problems
Result: NOTE
    boat3d: no visible global function definition for ‘rgl.cur’
    boat3d: no visible global function definition for ‘open3d’
    boat3d: no visible global function definition for ‘clear3d’
    boat3d: no visible global function definition for ‘bg3d’
    boat3d: no visible global function definition for ‘rgl.set’
    boat3d: no visible global function definition for ‘triangles3d’
    boat3d: no visible global function definition for ‘quads3d’
    boat3d: no visible global function definition for ‘decorate3d’
    boat3d: no visible global function definition for ‘scatterplot3d’
    Undefined global functions or variables:
     bg3d clear3d decorate3d open3d quads3d rgl.cur rgl.set scatterplot3d
     triangles3d
Flavor: r-devel-osx-x86_64-clang

Version: 0.10.3
Check: R code for possible problems
Result: NOTE
    boat3d: no visible global function definition for ‘rgl.cur’
    boat3d: no visible global function definition for ‘open3d’
    boat3d: no visible global function definition for ‘clear3d’
    boat3d: no visible global function definition for ‘bg3d’
    boat3d: no visible global function definition for ‘rgl.set’
    boat3d: no visible global function definition for ‘triangles3d’
    boat3d: no visible global function definition for ‘quads3d’
    boat3d: no visible global function definition for ‘decorate3d’
    boat3d: no visible global function definition for ‘scatterplot3d’
Flavors: r-patched-linux-x86_64, r-patched-solaris-sparc, r-patched-solaris-x86, r-release-linux-x86_64, r-release-osx-x86_64-mavericks, r-release-windows-ix86+x86_64, r-oldrel-windows-ix86+x86_64