CRAN Package Check Results for Package orientlib

Last updated on 2014-10-20 23:47:07.

Flavor Version Tinstall Tcheck Ttotal Status Flags
r-devel-linux-x86_64-debian-clang 0.10.3 1.04 15.55 16.59 NOTE
r-devel-linux-x86_64-debian-gcc 0.10.3 1.09 15.63 16.72 NOTE
r-devel-linux-x86_64-fedora-clang 0.10.3 35.23 NOTE
r-devel-linux-x86_64-fedora-gcc 0.10.3 34.02 NOTE
r-devel-osx-x86_64-clang 0.10.3 34.26 NOTE
r-devel-windows-ix86+x86_64 0.10.3 3.00 24.00 27.00 NOTE
r-patched-linux-x86_64 0.10.3 1.17 15.98 17.15 NOTE
r-patched-solaris-sparc 0.10.3 181.20 NOTE
r-patched-solaris-x86 0.10.3 44.90 NOTE
r-release-linux-ix86 0.10.3 1.48 21.55 23.03 OK
r-release-linux-x86_64 0.10.3 1.13 16.14 17.26 OK
r-release-osx-x86_64-mavericks 0.10.3 OK
r-release-windows-ix86+x86_64 0.10.3 3.00 23.00 26.00 OK
r-oldrel-windows-ix86+x86_64 0.10.3 3.00 26.00 29.00 OK

Check Details

Version: 0.10.3
Check: R code for possible problems
Result: NOTE
    boat3d: no visible global function definition for ‘rgl.cur’
    boat3d: no visible global function definition for ‘open3d’
    boat3d: no visible global function definition for ‘clear3d’
    boat3d: no visible global function definition for ‘bg3d’
    boat3d: no visible global function definition for ‘rgl.set’
    boat3d: no visible global function definition for ‘triangles3d’
    boat3d: no visible global function definition for ‘quads3d’
    boat3d: no visible global function definition for ‘decorate3d’
    boat3d: no visible global function definition for ‘scatterplot3d’
Flavors: r-devel-linux-x86_64-debian-clang, r-devel-linux-x86_64-debian-gcc, r-devel-linux-x86_64-fedora-clang, r-devel-linux-x86_64-fedora-gcc, r-devel-osx-x86_64-clang, r-devel-windows-ix86+x86_64, r-patched-linux-x86_64, r-patched-solaris-sparc, r-patched-solaris-x86