CRAN Package Check Results for Package orientlib

Last updated on 2015-05-23 17:48:49.

Flavor Version Tinstall Tcheck Ttotal Status Flags
r-devel-linux-x86_64-debian-clang 0.10.3 1.05 14.84 15.90 NOTE
r-devel-linux-x86_64-debian-gcc 0.10.3 1.02 14.20 15.22 NOTE
r-devel-linux-x86_64-fedora-clang 0.10.3 30.60 NOTE
r-devel-linux-x86_64-fedora-gcc 0.10.3 29.38 NOTE
r-devel-osx-x86_64-clang 0.10.3 30.62 NOTE
r-devel-windows-ix86+x86_64 0.10.3 4.00 23.00 27.00 NOTE
r-patched-linux-x86_64 0.10.3 0.96 14.35 15.31 NOTE
r-patched-solaris-sparc 0.10.3 178.80 NOTE
r-patched-solaris-x86 0.10.3 41.30 NOTE
r-release-linux-x86_64 0.10.3 1.38 15.24 16.62 NOTE
r-release-osx-x86_64-mavericks 0.10.3 NOTE
r-release-osx-x86_64-snowleopard 0.10.3 NOTE
r-release-windows-ix86+x86_64 0.10.3 3.00 22.00 25.00 NOTE
r-oldrel-windows-ix86+x86_64 0.10.3 4.00 26.00 30.00 NOTE

Check Details

Version: 0.10.3
Check: R code for possible problems
Result: NOTE
    boat3d: no visible global function definition for ‘rgl.cur’
    boat3d: no visible global function definition for ‘open3d’
    boat3d: no visible global function definition for ‘clear3d’
    boat3d: no visible global function definition for ‘bg3d’
    boat3d: no visible global function definition for ‘rgl.set’
    boat3d: no visible global function definition for ‘triangles3d’
    boat3d: no visible global function definition for ‘quads3d’
    boat3d: no visible global function definition for ‘decorate3d’
    boat3d: no visible global function definition for ‘scatterplot3d’
Flavors: r-devel-linux-x86_64-debian-clang, r-devel-linux-x86_64-debian-gcc, r-devel-linux-x86_64-fedora-clang, r-devel-linux-x86_64-fedora-gcc, r-devel-osx-x86_64-clang, r-devel-windows-ix86+x86_64, r-patched-linux-x86_64, r-patched-solaris-sparc, r-patched-solaris-x86, r-release-linux-x86_64, r-release-osx-x86_64-mavericks, r-release-osx-x86_64-snowleopard, r-release-windows-ix86+x86_64, r-oldrel-windows-ix86+x86_64