CRAN Package Check Results for Package orientlib

Last updated on 2015-04-27 15:46:39.

Flavor Version Tinstall Tcheck Ttotal Status Flags
r-devel-linux-x86_64-debian-clang 0.10.3 1.00 14.47 15.47 NOTE
r-devel-linux-x86_64-debian-gcc 0.10.3 0.96 14.80 15.76 NOTE
r-devel-linux-x86_64-fedora-clang 0.10.3 31.39 NOTE
r-devel-linux-x86_64-fedora-gcc 0.10.3 28.38 NOTE
r-devel-osx-x86_64-clang 0.10.3 30.39 NOTE
r-devel-windows-ix86+x86_64 0.10.3 3.00 25.00 28.00 NOTE
r-patched-linux-x86_64 0.10.3 1.02 14.44 15.46 NOTE
r-patched-solaris-sparc 0.10.3 184.30 NOTE
r-patched-solaris-x86 0.10.3 40.20 NOTE
r-release-linux-x86_64 0.10.3 0.96 14.24 15.20 NOTE
r-release-osx-x86_64-mavericks 0.10.3 NOTE
r-release-osx-x86_64-snowleopard 0.10.3 NOTE
r-release-windows-ix86+x86_64 0.10.3 4.00 30.00 34.00 NOTE
r-oldrel-windows-ix86+x86_64 0.10.3 2.00 24.00 26.00 NOTE

Check Details

Version: 0.10.3
Check: R code for possible problems
Result: NOTE
    boat3d: no visible global function definition for ‘rgl.cur’
    boat3d: no visible global function definition for ‘open3d’
    boat3d: no visible global function definition for ‘clear3d’
    boat3d: no visible global function definition for ‘bg3d’
    boat3d: no visible global function definition for ‘rgl.set’
    boat3d: no visible global function definition for ‘triangles3d’
    boat3d: no visible global function definition for ‘quads3d’
    boat3d: no visible global function definition for ‘decorate3d’
    boat3d: no visible global function definition for ‘scatterplot3d’
Flavors: r-devel-linux-x86_64-debian-clang, r-devel-linux-x86_64-debian-gcc, r-devel-linux-x86_64-fedora-clang, r-devel-linux-x86_64-fedora-gcc, r-devel-osx-x86_64-clang, r-devel-windows-ix86+x86_64, r-patched-solaris-sparc, r-patched-solaris-x86, r-release-linux-x86_64, r-release-osx-x86_64-mavericks, r-release-osx-x86_64-snowleopard, r-release-windows-ix86+x86_64, r-oldrel-windows-ix86+x86_64