CRAN Package Check Results for Package orientlib

Last updated on 2014-09-20 03:48:47.

Flavor Version Tinstall Tcheck Ttotal Status Flags
r-devel-linux-x86_64-debian-clang 0.10.3 1.04 15.09 16.14 NOTE
r-devel-linux-x86_64-debian-gcc 0.10.3 1.43 15.05 16.48 NOTE
r-devel-linux-x86_64-fedora-clang 0.10.3 34.74 NOTE
r-devel-linux-x86_64-fedora-gcc 0.10.3 32.45 NOTE
r-devel-osx-x86_64-clang 0.10.3 33.50 NOTE
r-devel-windows-ix86+x86_64 0.10.3 3.00 24.00 27.00 NOTE
r-patched-linux-x86_64 0.10.3 1.07 15.83 16.90 OK
r-patched-solaris-sparc 0.10.3 192.10 OK
r-patched-solaris-x86 0.10.3 44.60 OK
r-release-linux-ix86 0.10.3 1.49 21.66 23.15 OK
r-release-linux-x86_64 0.10.3 1.11 16.06 17.17 OK
r-release-osx-x86_64-mavericks 0.10.3 OK
r-release-windows-ix86+x86_64 0.10.3 3.00 25.00 28.00 OK
r-oldrel-windows-ix86+x86_64 0.10.3 3.00 24.00 27.00 OK

Check Details

Version: 0.10.3
Check: R code for possible problems
Result: NOTE
    boat3d: no visible global function definition for ‘rgl.cur’
    boat3d: no visible global function definition for ‘open3d’
    boat3d: no visible global function definition for ‘clear3d’
    boat3d: no visible global function definition for ‘bg3d’
    boat3d: no visible global function definition for ‘rgl.set’
    boat3d: no visible global function definition for ‘triangles3d’
    boat3d: no visible global function definition for ‘quads3d’
    boat3d: no visible global function definition for ‘decorate3d’
    boat3d: no visible global function definition for ‘scatterplot3d’
Flavors: r-devel-linux-x86_64-debian-clang, r-devel-linux-x86_64-debian-gcc, r-devel-linux-x86_64-fedora-clang, r-devel-linux-x86_64-fedora-gcc, r-devel-osx-x86_64-clang, r-devel-windows-ix86+x86_64