CRAN Package Check Results for Package orientlib

Last updated on 2016-09-27 11:48:55.

Flavor Version Tinstall Tcheck Ttotal Status Flags
r-devel-linux-x86_64-debian-clang 0.10.3 0.96 14.36 15.32 NOTE
r-devel-linux-x86_64-debian-gcc 0.10.3 0.94 14.56 15.49 NOTE
r-devel-linux-x86_64-fedora-clang 0.10.3 27.16 NOTE
r-devel-linux-x86_64-fedora-gcc 0.10.3 25.73 NOTE
r-devel-macos-x86_64-clang 0.10.3 22.48 NOTE
r-devel-windows-ix86+x86_64 0.10.3 5.00 32.00 37.00 NOTE
r-patched-linux-x86_64 0.10.3 0.86 14.63 15.49 NOTE
r-patched-solaris-sparc 0.10.3 166.50 NOTE
r-patched-solaris-x86 0.10.3 35.20 NOTE
r-release-linux-x86_64 0.10.3 0.91 14.93 15.83 NOTE
r-release-osx-x86_64-mavericks 0.10.3 NOTE
r-release-windows-ix86+x86_64 0.10.3 5.00 51.00 56.00 NOTE
r-oldrel-windows-ix86+x86_64 0.10.3 6.00 39.00 45.00 NOTE

Check Details

Version: 0.10.3
Check: R code for possible problems
Result: NOTE
    boat3d: no visible global function definition for ‘rgl.cur’
    boat3d: no visible global function definition for ‘open3d’
    boat3d: no visible global function definition for ‘clear3d’
    boat3d: no visible global function definition for ‘bg3d’
    boat3d: no visible global function definition for ‘rgl.set’
    boat3d: no visible global function definition for ‘triangles3d’
    boat3d: no visible global function definition for ‘quads3d’
    boat3d: no visible global function definition for ‘decorate3d’
    boat3d: no visible global function definition for ‘scatterplot3d’
    orientlm: no visible global function definition for ‘model.matrix’
    orientlm: no visible global function definition for ‘lm’
    Undefined global functions or variables:
     bg3d clear3d decorate3d lm model.matrix open3d quads3d rgl.cur
     rgl.set scatterplot3d triangles3d
    Consider adding
     importFrom("stats", "lm", "model.matrix")
    to your NAMESPACE file.
Flavors: r-devel-linux-x86_64-debian-clang, r-devel-linux-x86_64-debian-gcc, r-devel-linux-x86_64-fedora-clang, r-devel-linux-x86_64-fedora-gcc, r-devel-macos-x86_64-clang, r-devel-windows-ix86+x86_64, r-patched-linux-x86_64, r-patched-solaris-sparc, r-patched-solaris-x86, r-release-linux-x86_64, r-release-osx-x86_64-mavericks, r-release-windows-ix86+x86_64

Version: 0.10.3
Check: R code for possible problems
Result: NOTE
    boat3d: no visible global function definition for 'rgl.cur'
    boat3d: no visible global function definition for 'open3d'
    boat3d: no visible global function definition for 'clear3d'
    boat3d: no visible global function definition for 'bg3d'
    boat3d: no visible global function definition for 'rgl.set'
    boat3d: no visible global function definition for 'triangles3d'
    boat3d: no visible global function definition for 'quads3d'
    boat3d: no visible global function definition for 'decorate3d'
    boat3d: no visible global function definition for 'scatterplot3d'
Flavor: r-oldrel-windows-ix86+x86_64