CRAN Package Check Results for Package orientlib

Last updated on 2014-08-29 17:47:38.

Flavor Version Tinstall Tcheck Ttotal Status Flags
r-devel-linux-x86_64-debian-clang 0.10.3 1.09 14.40 15.49 NOTE
r-devel-linux-x86_64-debian-gcc 0.10.3 1.23 13.82 15.05 NOTE
r-devel-linux-x86_64-fedora-clang 0.10.3 34.22 NOTE
r-devel-linux-x86_64-fedora-gcc 0.10.3 32.60 NOTE
r-devel-osx-x86_64-clang 0.10.3 31.22 NOTE
r-devel-windows-ix86+x86_64 0.10.3 3.00 23.00 26.00 NOTE
r-patched-linux-x86_64 0.10.3 1.10 14.20 15.30 OK
r-patched-solaris-sparc 0.10.3 192.10 OK
r-patched-solaris-x86 0.10.3 47.90 OK
r-release-linux-ix86 0.10.3 1.48 22.74 24.22 OK
r-release-linux-x86_64 0.10.3 1.10 14.81 15.91 OK
r-release-osx-x86_64-mavericks 0.10.3 OK
r-release-windows-ix86+x86_64 0.10.3 3.00 24.00 27.00 OK
r-oldrel-windows-ix86+x86_64 0.10.3 3.00 33.00 36.00 OK

Check Details

Version: 0.10.3
Check: R code for possible problems
Result: NOTE
    boat3d: no visible global function definition for ‘rgl.cur’
    boat3d: no visible global function definition for ‘open3d’
    boat3d: no visible global function definition for ‘clear3d’
    boat3d: no visible global function definition for ‘bg3d’
    boat3d: no visible global function definition for ‘rgl.set’
    boat3d: no visible global function definition for ‘triangles3d’
    boat3d: no visible global function definition for ‘quads3d’
    boat3d: no visible global function definition for ‘decorate3d’
    boat3d: no visible global function definition for ‘scatterplot3d’
Flavors: r-devel-linux-x86_64-debian-clang, r-devel-linux-x86_64-debian-gcc, r-devel-linux-x86_64-fedora-clang, r-devel-linux-x86_64-fedora-gcc, r-devel-osx-x86_64-clang, r-devel-windows-ix86+x86_64