CRAN Package Check Results for Package orloca.es

Last updated on 2014-04-23 07:55:04.

Flavor Version Tinstall Tcheck Ttotal Status Flags
r-devel-linux-x86_64-debian-clang 4.1 0.85 9.74 10.59 OK
r-devel-linux-x86_64-debian-gcc 4.1 0.79 9.89 10.68 OK
r-devel-linux-x86_64-fedora-clang 4.1 22.01 OK
r-devel-linux-x86_64-fedora-gcc 4.1 22.47 OK
r-devel-osx-x86_64-clang 4.1 23.00 OK
r-devel-osx-x86_64-gcc 4.1 OK
r-devel-windows-ix86+x86_64 4.1 2.00 17.00 19.00 OK
r-patched-linux-x86_64 4.1 0.79 9.93 10.72 OK
r-patched-solaris-sparc 4.1 131.00 OK
r-patched-solaris-x86 4.1 29.20 OK
r-release-linux-ix86 4.1 2.00 19.00 21.00 OK
r-release-linux-x86_64 4.1 0.84 9.53 10.36 OK
r-release-osx-x86_64-mavericks 4.1 WARN
r-release-osx-x86_64-snowleopard 4.1 OK
r-release-windows-ix86+x86_64 4.1 3.00 23.00 26.00 OK
r-oldrel-windows-ix86+x86_64 4.1 3.00 19.00 22.00 OK

Check Details

Version: 4.1
Check: PDF version of manual
Result: WARNING
    LaTeX errors when creating PDF version.
    This typically indicates Rd problems.
    LaTeX errors found:
    ! LaTeX Error: File `upquote.sty' not found.
    
    Type X to quit or <RETURN> to proceed,
    or enter new name. (Default extension: sty)
    
    8f6c72b/Rd2.tex:8: ==> Fatal error occurred, no output PDF file produced!
Flavor: r-release-osx-x86_64-mavericks