CRAN Package Check Results for Package orloca

Last updated on 2014-12-19 23:47:02.

Flavor Version Tinstall Tcheck Ttotal Status Flags
r-devel-linux-x86_64-debian-clang 4.2 0.92 15.83 16.75 NOTE
r-devel-linux-x86_64-debian-gcc 4.2 0.84 16.35 17.19 NOTE
r-devel-linux-x86_64-fedora-clang 4.2 37.34 NOTE
r-devel-linux-x86_64-fedora-gcc 4.2 33.36 NOTE
r-devel-osx-x86_64-clang 4.2 34.06 NOTE
r-devel-windows-ix86+x86_64 4.2 6.00 27.00 33.00 NOTE
r-patched-linux-x86_64 4.2 0.89 18.13 19.02 NOTE
r-patched-solaris-sparc 4.2 224.70 NOTE
r-patched-solaris-x86 4.2 52.70 NOTE
r-release-linux-ix86 4.2 1.19 24.13 25.32 NOTE
r-release-linux-x86_64 4.2 0.90 18.06 18.96 NOTE
r-release-osx-x86_64-mavericks 4.2 OK
r-release-osx-x86_64-snowleopard 4.2 OK
r-release-windows-ix86+x86_64 4.2 3.00 29.00 32.00 NOTE
r-oldrel-windows-ix86+x86_64 4.2 3.00 31.00 34.00 OK

Check Details

Version: 4.2
Check: R code for possible problems
Result: NOTE
    zsuml2minucminf.loca.p: no visible global function definition for
     ‘ucminf’
    zsumlpminucminf.loca.p: no visible global function definition for
     ‘ucminf’
Flavors: r-devel-linux-x86_64-debian-clang, r-devel-linux-x86_64-debian-gcc, r-devel-linux-x86_64-fedora-clang, r-devel-linux-x86_64-fedora-gcc, r-devel-osx-x86_64-clang, r-devel-windows-ix86+x86_64, r-patched-linux-x86_64, r-patched-solaris-sparc, r-patched-solaris-x86, r-release-linux-ix86, r-release-linux-x86_64, r-release-windows-ix86+x86_64