CRAN Package Check Results for Package orloca

Last updated on 2014-08-31 09:48:24.

Flavor Version Tinstall Tcheck Ttotal Status Flags
r-devel-linux-x86_64-debian-clang 4.2 1.16 15.38 16.54 NOTE
r-devel-linux-x86_64-debian-gcc 4.2 0.88 15.62 16.50 NOTE
r-devel-linux-x86_64-fedora-clang 4.2 34.28 NOTE
r-devel-linux-x86_64-fedora-gcc 4.2 31.75 NOTE
r-devel-osx-x86_64-clang 4.2 32.53 NOTE
r-devel-windows-ix86+x86_64 4.2 3.00 24.00 27.00 NOTE
r-patched-linux-x86_64 4.2 0.92 17.22 18.14 OK
r-patched-solaris-sparc 4.2 233.10 OK
r-patched-solaris-x86 4.2 51.20 OK
r-release-linux-ix86 4.2 1.26 26.57 27.84 OK
r-release-linux-x86_64 4.2 0.94 18.09 19.03 OK
r-release-osx-x86_64-mavericks 4.2 OK
r-release-osx-x86_64-snowleopard 4.2 OK
r-release-windows-ix86+x86_64 4.2 3.00 28.00 31.00 OK
r-oldrel-windows-ix86+x86_64 4.2 3.00 31.00 34.00 OK

Check Details

Version: 4.2
Check: R code for possible problems
Result: NOTE
    zsuml2minucminf.loca.p: no visible global function definition for
     ‘ucminf’
    zsumlpminucminf.loca.p: no visible global function definition for
     ‘ucminf’
Flavors: r-devel-linux-x86_64-debian-clang, r-devel-linux-x86_64-debian-gcc, r-devel-linux-x86_64-fedora-clang, r-devel-linux-x86_64-fedora-gcc, r-devel-osx-x86_64-clang, r-devel-windows-ix86+x86_64