CRAN Package Check Results for Package orloca

Last updated on 2014-11-28 03:47:40.

Flavor Version Tinstall Tcheck Ttotal Status Flags
r-devel-linux-x86_64-debian-clang 4.2 0.96 16.26 17.22 NOTE
r-devel-linux-x86_64-debian-gcc 4.2 0.92 16.33 17.24 NOTE
r-devel-linux-x86_64-fedora-clang 4.2 35.64 NOTE
r-devel-linux-x86_64-fedora-gcc 4.2 37.00 NOTE
r-devel-osx-x86_64-clang 4.2 34.18 NOTE
r-devel-windows-ix86+x86_64 4.2 3.00 24.00 27.00 NOTE
r-patched-linux-x86_64 4.2 0.88 17.82 18.71 NOTE
r-patched-solaris-sparc 4.2 224.70 NOTE
r-patched-solaris-x86 4.2 51.30 NOTE
r-release-linux-ix86 4.2 1.24 24.24 25.47 NOTE
r-release-linux-x86_64 4.2 0.90 17.62 18.51 NOTE
r-release-osx-x86_64-mavericks 4.2 OK
r-release-osx-x86_64-snowleopard 4.2 OK
r-release-windows-ix86+x86_64 4.2 3.00 29.00 32.00 NOTE
r-oldrel-windows-ix86+x86_64 4.2 3.00 31.00 34.00 OK

Check Details

Version: 4.2
Check: R code for possible problems
Result: NOTE
    zsuml2minucminf.loca.p: no visible global function definition for
     ‘ucminf’
    zsumlpminucminf.loca.p: no visible global function definition for
     ‘ucminf’
Flavors: r-devel-linux-x86_64-debian-clang, r-devel-linux-x86_64-debian-gcc, r-devel-linux-x86_64-fedora-clang, r-devel-linux-x86_64-fedora-gcc, r-devel-osx-x86_64-clang, r-devel-windows-ix86+x86_64, r-patched-linux-x86_64, r-patched-solaris-sparc, r-patched-solaris-x86, r-release-linux-ix86, r-release-linux-x86_64, r-release-windows-ix86+x86_64