CRAN Package Check Results for Package orloca

Last updated on 2014-09-19 03:47:20.

Flavor Version Tinstall Tcheck Ttotal Status Flags
r-devel-linux-x86_64-debian-clang 4.2 0.87 15.57 16.44 NOTE
r-devel-linux-x86_64-debian-gcc 4.2 0.92 14.96 15.88 NOTE
r-devel-linux-x86_64-fedora-clang 4.2 33.52 NOTE
r-devel-linux-x86_64-fedora-gcc 4.2 32.12 NOTE
r-devel-osx-x86_64-clang 4.2 32.59 NOTE
r-devel-windows-ix86+x86_64 4.2 3.00 26.00 29.00 NOTE
r-patched-linux-x86_64 4.2 0.96 17.51 18.47 OK
r-patched-solaris-sparc 4.2 233.10 OK
r-patched-solaris-x86 4.2 49.70 OK
r-release-linux-ix86 4.2 1.27 25.14 26.42 OK
r-release-linux-x86_64 4.2 1.00 18.00 19.00 OK
r-release-osx-x86_64-mavericks 4.2 OK
r-release-osx-x86_64-snowleopard 4.2 OK
r-release-windows-ix86+x86_64 4.2 3.00 28.00 31.00 OK
r-oldrel-windows-ix86+x86_64 4.2 3.00 31.00 34.00 OK

Check Details

Version: 4.2
Check: R code for possible problems
Result: NOTE
    zsuml2minucminf.loca.p: no visible global function definition for
     ‘ucminf’
    zsumlpminucminf.loca.p: no visible global function definition for
     ‘ucminf’
Flavors: r-devel-linux-x86_64-debian-clang, r-devel-linux-x86_64-debian-gcc, r-devel-linux-x86_64-fedora-clang, r-devel-linux-x86_64-fedora-gcc, r-devel-osx-x86_64-clang, r-devel-windows-ix86+x86_64