CRAN Package Check Results for Package orloca

Last updated on 2019-09-23 13:46:25 CEST.

Flavor Version Tinstall Tcheck Ttotal Status Flags
r-devel-linux-x86_64-debian-clang 4.8 3.74 34.67 38.41 OK
r-devel-linux-x86_64-debian-gcc 4.8 2.89 27.50 30.39 OK
r-devel-linux-x86_64-fedora-clang 4.8 47.71 NOTE
r-devel-linux-x86_64-fedora-gcc 4.8 47.86 NOTE
r-devel-windows-ix86+x86_64 4.8 11.00 70.00 81.00 OK
r-patched-linux-x86_64 4.8 3.31 33.36 36.67 OK
r-patched-solaris-x86 4.8 68.50 NOTE
r-release-linux-x86_64 4.8 3.31 34.25 37.56 OK
r-release-windows-ix86+x86_64 4.8 11.00 64.00 75.00 OK
r-release-osx-x86_64 4.8 NOTE
r-oldrel-windows-ix86+x86_64 4.8 5.00 46.00 51.00 OK
r-oldrel-osx-x86_64 4.8 NOTE

Check Details

Version: 4.8
Check: dependencies in R code
Result: NOTE
    Namespaces in Imports field not imported from:
     ‘knitr’ ‘rmarkdown’
     All declared Imports should be used.
Flavors: r-devel-linux-x86_64-fedora-clang, r-devel-linux-x86_64-fedora-gcc, r-patched-solaris-x86, r-release-osx-x86_64, r-oldrel-osx-x86_64