CRAN Package Check Results for Package orloca

Last updated on 2014-04-23 07:55:04.

Flavor Version Tinstall Tcheck Ttotal Status Flags
r-devel-linux-x86_64-debian-clang 4.1 1.00 19.46 20.46 NOTE
r-devel-linux-x86_64-debian-gcc 4.1 1.02 19.19 20.21 NOTE
r-devel-linux-x86_64-fedora-clang 4.1 42.58 NOTE
r-devel-linux-x86_64-fedora-gcc 4.1 39.64 NOTE
r-devel-osx-x86_64-clang 4.1 40.19 NOTE
r-devel-osx-x86_64-gcc 4.1 NOTE
r-devel-windows-ix86+x86_64 4.1 3.00 27.00 30.00 NOTE
r-patched-linux-x86_64 4.1 0.99 19.73 20.72 NOTE
r-patched-solaris-sparc 4.1 256.40 NOTE
r-patched-solaris-x86 4.1 54.50 NOTE
r-release-linux-ix86 4.1 2.00 37.00 39.00 NOTE
r-release-linux-x86_64 4.1 1.00 19.36 20.36 NOTE
r-release-osx-x86_64-mavericks 4.1 WARN
r-release-windows-ix86+x86_64 4.1 5.00 39.00 44.00 NOTE
r-oldrel-windows-ix86+x86_64 4.1 3.00 32.00 35.00 NOTE

Check Details

Version: 4.1
Check: R code for possible problems
Result: NOTE
    zsumaux: no visible binding for global variable ‘.orloca.loca.p’
    zsumgraaux: no visible binding for global variable ‘.orloca.loca.p’
    zsumlpminucminf.loca.p : zzsum: no visible binding for global variable
     ‘lp’
    
    Found the following assignments to the global environment:
    File ‘orloca/R/czsummin.R’:
     assign(".orloca.loca.p", o, envir = sys.frame())
     assign(".orloca.loca.p", o, envir = sys.frame())
Flavors: r-devel-linux-x86_64-debian-clang, r-devel-linux-x86_64-debian-gcc, r-devel-linux-x86_64-fedora-clang, r-devel-osx-x86_64-clang, r-patched-linux-x86_64, r-release-linux-ix86, r-release-linux-x86_64

Version: 4.1
Check: top-level files
Result: NOTE
    Non-standard file/directory found at top level:
     ‘andalusia.ods’
Flavors: r-devel-linux-x86_64-fedora-clang, r-devel-linux-x86_64-fedora-gcc

Version: 4.1
Check: R code for possible problems
Result: NOTE
    zsumaux: no visible binding for global variable ‘.orloca.loca.p’
    zsumgraaux: no visible binding for global variable ‘.orloca.loca.p’
    zsumlpminucminf.loca.p : zzsum: no visible binding for global variable
     ‘lp’
Flavors: r-devel-linux-x86_64-fedora-gcc, r-devel-osx-x86_64-gcc, r-devel-windows-ix86+x86_64, r-patched-solaris-sparc, r-patched-solaris-x86, r-release-osx-x86_64-mavericks, r-release-windows-ix86+x86_64, r-oldrel-windows-ix86+x86_64

Version: 4.1
Check: Rd cross-references
Result: NOTE
    Package unavailable to check Rd xrefs: ‘orloca.es’
Flavor: r-devel-osx-x86_64-gcc

Version: 4.1
Check: PDF version of manual
Result: WARNING
    LaTeX errors when creating PDF version.
    This typically indicates Rd problems.
    LaTeX errors found:
    ! LaTeX Error: File `upquote.sty' not found.
    
    Type X to quit or <RETURN> to proceed,
    or enter new name. (Default extension: sty)
    
    56d6727/Rd2.tex:8: ==> Fatal error occurred, no output PDF file produced!
Flavor: r-release-osx-x86_64-mavericks