CRAN Package Check Results for Package orloca

Last updated on 2018-12-11 05:49:31 CET.

Flavor Version Tinstall Tcheck Ttotal Status Flags
r-devel-linux-x86_64-debian-clang 4.6 3.46 32.03 35.49 OK
r-devel-linux-x86_64-debian-gcc 4.6 2.61 25.19 27.80 OK
r-devel-linux-x86_64-fedora-clang 4.6 40.99 NOTE
r-devel-linux-x86_64-fedora-gcc 4.6 40.27 NOTE
r-devel-windows-ix86+x86_64 4.6 7.00 41.00 48.00 OK
r-patched-linux-x86_64 4.6 3.23 30.91 34.14 OK
r-patched-solaris-x86 4.6 64.90 NOTE
r-release-linux-x86_64 4.6 3.34 30.83 34.17 OK
r-release-windows-ix86+x86_64 4.6 8.00 42.00 50.00 OK
r-release-osx-x86_64 4.6 NOTE
r-oldrel-windows-ix86+x86_64 4.6 3.00 67.00 70.00 OK
r-oldrel-osx-x86_64 4.6 NOTE

Check Details

Version: 4.6
Check: dependencies in R code
Result: NOTE
    Namespace in Imports field not imported from: ‘knitr’
     All declared Imports should be used.
Flavors: r-devel-linux-x86_64-fedora-clang, r-devel-linux-x86_64-fedora-gcc, r-patched-solaris-x86, r-release-osx-x86_64, r-oldrel-osx-x86_64