CRAN Package Check Results for Package orloca

Last updated on 2015-02-27 04:46:53.

Flavor Version Tinstall Tcheck Ttotal Status Flags
r-devel-linux-x86_64-debian-clang 4.2 0.79 14.98 15.77 NOTE
r-devel-linux-x86_64-debian-gcc 4.2 0.76 14.66 15.42 NOTE
r-devel-linux-x86_64-fedora-clang 4.2 31.09 NOTE
r-devel-linux-x86_64-fedora-gcc 4.2 29.26 NOTE
r-devel-osx-x86_64-clang 4.2 32.13 NOTE
r-devel-windows-ix86+x86_64 4.2 4.00 26.00 30.00 NOTE
r-patched-linux-x86_64 4.2 1.45 16.20 17.66 NOTE
r-patched-solaris-sparc 4.2 230.20 NOTE
r-patched-solaris-x86 4.2 48.00 NOTE
r-release-linux-ix86 4.2 1.29 25.28 26.58 NOTE
r-release-linux-x86_64 4.2 0.93 0.26 1.19 OK
r-release-osx-x86_64-mavericks 4.2 NOTE
r-release-osx-x86_64-snowleopard 4.2 OK
r-release-windows-ix86+x86_64 4.2 3.00 29.00 32.00 NOTE
r-oldrel-windows-ix86+x86_64 4.2 3.00 31.00 34.00 OK

Check Details

Version: 4.2
Check: dependencies in R code
Result: NOTE
    'library' or 'require' calls in package code:
     ‘png’ ‘ucminf’
     Please use :: or requireNamespace() instead.
     See section 'Suggested packages' in the 'Writing R Extensions' manual.
Flavors: r-devel-linux-x86_64-debian-clang, r-devel-linux-x86_64-debian-gcc, r-devel-linux-x86_64-fedora-clang, r-devel-linux-x86_64-fedora-gcc, r-devel-osx-x86_64-clang, r-devel-windows-ix86+x86_64, r-patched-linux-x86_64, r-patched-solaris-sparc, r-patched-solaris-x86

Version: 4.2
Check: S3 generic/method consistency
Result: NOTE
    Found the following apparent S3 methods exported but not registered:
     as.matrix.loca.p contour.loca.p persp.loca.p plot.loca.p
    See section ‘Registering S3 methods’ in the ‘Writing R Extensions’
    manual.
Flavors: r-devel-linux-x86_64-debian-clang, r-devel-linux-x86_64-debian-gcc, r-devel-linux-x86_64-fedora-clang, r-devel-linux-x86_64-fedora-gcc, r-devel-osx-x86_64-clang

Version: 4.2
Check: R code for possible problems
Result: NOTE
    zsuml2minucminf.loca.p: no visible global function definition for
     ‘ucminf’
    zsumlpminucminf.loca.p: no visible global function definition for
     ‘ucminf’
Flavors: r-devel-linux-x86_64-debian-clang, r-devel-linux-x86_64-debian-gcc, r-devel-linux-x86_64-fedora-clang, r-devel-linux-x86_64-fedora-gcc, r-devel-osx-x86_64-clang, r-devel-windows-ix86+x86_64, r-patched-linux-x86_64, r-patched-solaris-sparc, r-patched-solaris-x86, r-release-linux-ix86, r-release-osx-x86_64-mavericks, r-release-windows-ix86+x86_64