CRAN Package Check Results for Package orloca

Last updated on 2015-04-26 19:47:25.

Flavor Version Tinstall Tcheck Ttotal Status Flags
r-devel-linux-x86_64-debian-clang 4.2 0.80 15.22 16.02 NOTE
r-devel-linux-x86_64-debian-gcc 4.2 0.82 14.90 15.72 NOTE
r-devel-linux-x86_64-fedora-clang 4.2 31.62 NOTE
r-devel-linux-x86_64-fedora-gcc 4.2 29.12 NOTE
r-devel-osx-x86_64-clang 4.2 31.95 NOTE
r-devel-windows-ix86+x86_64 4.2 4.00 25.00 29.00 NOTE
r-patched-linux-x86_64 4.2 0.75 14.64 15.40 NOTE
r-patched-solaris-sparc 4.2 199.10 NOTE
r-patched-solaris-x86 4.2 42.40 NOTE
r-release-linux-x86_64 4.2 0.84 14.86 15.70 NOTE
r-release-osx-x86_64-mavericks 4.2 NOTE
r-release-osx-x86_64-snowleopard 4.2 NOTE
r-release-windows-ix86+x86_64 4.2 2.00 30.00 32.00 NOTE
r-oldrel-windows-ix86+x86_64 4.2 6.00 26.00 32.00 NOTE

Check Details

Version: 4.2
Check: dependencies in R code
Result: NOTE
    'library' or 'require' calls in package code:
     ‘png’ ‘ucminf’
     Please use :: or requireNamespace() instead.
     See section 'Suggested packages' in the 'Writing R Extensions' manual.
Flavors: r-devel-linux-x86_64-debian-clang, r-devel-linux-x86_64-fedora-clang, r-devel-linux-x86_64-fedora-gcc, r-devel-osx-x86_64-clang, r-devel-windows-ix86+x86_64, r-patched-solaris-sparc, r-patched-solaris-x86, r-release-osx-x86_64-mavericks, r-release-osx-x86_64-snowleopard, r-release-windows-ix86+x86_64, r-oldrel-windows-ix86+x86_64

Version: 4.2
Check: S3 generic/method consistency
Result: NOTE
    Found the following apparent S3 methods exported but not registered:
     as.matrix.loca.p contour.loca.p persp.loca.p plot.loca.p
    See section ‘Registering S3 methods’ in the ‘Writing R Extensions’
    manual.
Flavors: r-devel-linux-x86_64-debian-clang, r-devel-linux-x86_64-fedora-clang, r-devel-linux-x86_64-fedora-gcc, r-devel-osx-x86_64-clang, r-patched-solaris-x86

Version: 4.2
Check: R code for possible problems
Result: NOTE
    zsuml2minucminf.loca.p: no visible global function definition for
     ‘ucminf’
    zsumlpminucminf.loca.p: no visible global function definition for
     ‘ucminf’
Flavors: r-devel-linux-x86_64-debian-clang, r-devel-linux-x86_64-fedora-clang, r-devel-linux-x86_64-fedora-gcc, r-devel-osx-x86_64-clang, r-devel-windows-ix86+x86_64, r-patched-solaris-sparc, r-patched-solaris-x86, r-release-osx-x86_64-mavericks, r-release-osx-x86_64-snowleopard, r-release-windows-ix86+x86_64, r-oldrel-windows-ix86+x86_64