CRAN Package Check Results for Package orloca

Last updated on 2019-06-19 22:49:42 CEST.

Flavor Version Tinstall Tcheck Ttotal Status Flags
r-devel-linux-x86_64-debian-clang 4.8 4.28 35.29 39.57 OK
r-devel-linux-x86_64-debian-gcc 4.8 3.15 28.35 31.50 OK
r-devel-linux-x86_64-fedora-clang 4.8 47.21 NOTE
r-devel-linux-x86_64-fedora-gcc 4.8 46.30 NOTE
r-devel-windows-ix86+x86_64 4.8 11.00 67.00 78.00 OK
r-patched-linux-x86_64 4.8 3.39 35.30 38.69 OK
r-patched-solaris-x86 4.8 71.80 NOTE
r-release-linux-x86_64 4.8 3.61 34.97 38.58 OK
r-release-windows-ix86+x86_64 4.8 16.00 63.00 79.00 OK
r-release-osx-x86_64 4.8 NOTE
r-oldrel-windows-ix86+x86_64 4.8 4.00 68.00 72.00 OK
r-oldrel-osx-x86_64 4.8 NOTE

Check Details

Version: 4.8
Check: dependencies in R code
Result: NOTE
    Namespaces in Imports field not imported from:
     ‘knitr’ ‘rmarkdown’
     All declared Imports should be used.
Flavors: r-devel-linux-x86_64-fedora-clang, r-devel-linux-x86_64-fedora-gcc, r-patched-solaris-x86, r-release-osx-x86_64, r-oldrel-osx-x86_64