CRAN Package Check Results for Package orloca

Last updated on 2022-11-30 10:51:44 CET.

Flavor Version Tinstall Tcheck Ttotal Status Flags
r-devel-linux-x86_64-debian-clang 4.10 6.36 48.12 54.48 OK
r-devel-linux-x86_64-debian-gcc 4.10 4.21 36.84 41.05 OK
r-devel-linux-x86_64-fedora-clang 4.10 79.91 NOTE
r-devel-linux-x86_64-fedora-gcc 4.10 90.24 NOTE
r-devel-windows-x86_64 4.10 29.00 92.00 121.00 OK
r-patched-linux-x86_64 4.10 4.41 42.83 47.24 OK
r-release-linux-x86_64 4.10 4.46 41.36 45.82 OK
r-release-macos-arm64 4.10 25.00 NOTE
r-release-macos-x86_64 4.10 33.00 NOTE
r-release-windows-x86_64 4.10 29.00 87.00 116.00 OK
r-oldrel-macos-arm64 4.10 33.00 NOTE
r-oldrel-macos-x86_64 4.10 47.00 NOTE
r-oldrel-windows-ix86+x86_64 4.10 10.00 470.00 480.00 OK

Check Details

Version: 4.10
Check: dependencies in R code
Result: NOTE
    Namespaces in Imports field not imported from:
     ‘knitr’ ‘rmarkdown’
     All declared Imports should be used.
Flavors: r-devel-linux-x86_64-fedora-clang, r-devel-linux-x86_64-fedora-gcc, r-release-macos-arm64, r-release-macos-x86_64, r-oldrel-macos-arm64, r-oldrel-macos-x86_64

Version: 4.10
Check: Rd cross-references
Result: NOTE
    Undeclared package ‘orloca.es’ in Rd xrefs
Flavor: r-devel-linux-x86_64-fedora-clang