CRAN Package Check Results for Package orloca

Last updated on 2015-03-29 08:49:15.

Flavor Version Tinstall Tcheck Ttotal Status Flags
r-devel-linux-x86_64-debian-clang 4.2 0.78 15.06 15.84 NOTE
r-devel-linux-x86_64-debian-gcc 4.2 1.04 14.98 16.03 NOTE
r-devel-linux-x86_64-fedora-clang 4.2 31.08 NOTE
r-devel-linux-x86_64-fedora-gcc 4.2 31.83 NOTE
r-devel-osx-x86_64-clang 4.2 35.65 NOTE
r-prerel-windows-ix86+x86_64 4.2 5.00 25.00 30.00 NOTE
r-prerel-linux-x86_64 4.2 1.10 14.61 15.72 NOTE
r-prerel-solaris-sparc 4.2 199.10 NOTE
r-prerel-solaris-x86 4.2 41.50 NOTE
r-release-linux-x86_64 4.2 0.88 16.42 17.31 NOTE
r-release-osx-x86_64-mavericks 4.2 NOTE
r-release-osx-x86_64-snowleopard 4.2 OK
r-release-windows-ix86+x86_64 4.2 6.00 26.00 32.00 NOTE
r-oldrel-windows-ix86+x86_64 4.2 3.00 31.00 34.00 OK

Check Details

Version: 4.2
Check: dependencies in R code
Result: NOTE
    'library' or 'require' calls in package code:
     ‘png’ ‘ucminf’
     Please use :: or requireNamespace() instead.
     See section 'Suggested packages' in the 'Writing R Extensions' manual.
Flavors: r-devel-linux-x86_64-debian-clang, r-devel-linux-x86_64-debian-gcc, r-devel-linux-x86_64-fedora-clang, r-devel-linux-x86_64-fedora-gcc, r-devel-osx-x86_64-clang, r-prerel-windows-ix86+x86_64, r-prerel-linux-x86_64, r-prerel-solaris-sparc, r-prerel-solaris-x86, r-release-linux-x86_64, r-release-windows-ix86+x86_64

Version: 4.2
Check: S3 generic/method consistency
Result: NOTE
    Found the following apparent S3 methods exported but not registered:
     as.matrix.loca.p contour.loca.p persp.loca.p plot.loca.p
    See section ‘Registering S3 methods’ in the ‘Writing R Extensions’
    manual.
Flavors: r-devel-linux-x86_64-debian-clang, r-devel-linux-x86_64-debian-gcc, r-devel-linux-x86_64-fedora-clang, r-devel-linux-x86_64-fedora-gcc, r-devel-osx-x86_64-clang, r-prerel-linux-x86_64

Version: 4.2
Check: R code for possible problems
Result: NOTE
    zsuml2minucminf.loca.p: no visible global function definition for
     ‘ucminf’
    zsumlpminucminf.loca.p: no visible global function definition for
     ‘ucminf’
Flavors: r-devel-linux-x86_64-debian-clang, r-devel-linux-x86_64-debian-gcc, r-devel-linux-x86_64-fedora-clang, r-devel-linux-x86_64-fedora-gcc, r-devel-osx-x86_64-clang, r-prerel-windows-ix86+x86_64, r-prerel-linux-x86_64, r-prerel-solaris-sparc, r-prerel-solaris-x86, r-release-linux-x86_64, r-release-osx-x86_64-mavericks, r-release-windows-ix86+x86_64