CRAN Package Check Results for Package orloca

Last updated on 2014-10-30 17:49:21.

Flavor Version Tinstall Tcheck Ttotal Status Flags
r-devel-linux-x86_64-debian-clang 4.2 0.87 16.80 17.67 NOTE
r-devel-linux-x86_64-debian-gcc 4.2 0.86 15.48 16.34 NOTE
r-devel-linux-x86_64-fedora-clang 4.2 34.86 NOTE
r-devel-linux-x86_64-fedora-gcc 4.2 32.71 NOTE
r-devel-osx-x86_64-clang 4.2 33.65 NOTE
r-devel-windows-ix86+x86_64 4.2 3.00 26.00 29.00 NOTE
r-patched-linux-x86_64 4.2 0.90 17.78 18.67 NOTE
r-patched-solaris-sparc 4.2 224.70 NOTE
r-patched-solaris-x86 4.2 51.30 NOTE
r-release-linux-ix86 4.2 1.28 25.33 26.61 OK
r-release-linux-x86_64 4.2 0.94 18.89 19.84 OK
r-release-osx-x86_64-mavericks 4.2 OK
r-release-osx-x86_64-snowleopard 4.2 OK
r-release-windows-ix86+x86_64 4.2 3.00 28.00 31.00 OK
r-oldrel-windows-ix86+x86_64 4.2 3.00 31.00 34.00 OK

Check Details

Version: 4.2
Check: R code for possible problems
Result: NOTE
    zsuml2minucminf.loca.p: no visible global function definition for
     ‘ucminf’
    zsumlpminucminf.loca.p: no visible global function definition for
     ‘ucminf’
Flavors: r-devel-linux-x86_64-debian-clang, r-devel-linux-x86_64-debian-gcc, r-devel-linux-x86_64-fedora-clang, r-devel-linux-x86_64-fedora-gcc, r-devel-osx-x86_64-clang, r-devel-windows-ix86+x86_64, r-patched-linux-x86_64, r-patched-solaris-sparc, r-patched-solaris-x86