CRAN Package Check Results for Package oro.dicom

Last updated on 2014-12-23 03:49:47.

Flavor Version Tinstall Tcheck Ttotal Status Flags
r-devel-linux-x86_64-debian-clang 0.4.1 1.94 40.90 42.84 NOTE
r-devel-linux-x86_64-debian-gcc 0.4.1 1.65 37.94 39.59 NOTE
r-devel-linux-x86_64-fedora-clang 0.4.1 86.55 NOTE
r-devel-linux-x86_64-fedora-gcc 0.4.1 82.96 NOTE
r-devel-osx-x86_64-clang 0.4.1 160.65 NOTE
r-devel-windows-ix86+x86_64 0.4.1 11.00 63.00 74.00 NOTE
r-patched-linux-x86_64 0.4.1 1.82 39.14 40.96 NOTE
r-patched-solaris-sparc 0.4.1 644.00 NOTE
r-patched-solaris-x86 0.4.1 123.00 NOTE
r-release-linux-ix86 0.4.1 2.45 52.03 54.48 NOTE
r-release-linux-x86_64 0.4.1 1.93 39.94 41.88 NOTE
r-release-osx-x86_64-mavericks 0.4.1 OK
r-release-osx-x86_64-snowleopard 0.4.1 OK
r-release-windows-ix86+x86_64 0.4.1 5.00 58.00 63.00 NOTE
r-oldrel-windows-ix86+x86_64 0.4.1 6.00 56.00 62.00 OK

Check Details

Version: 0.4.1
Check: R code for possible problems
Result: NOTE
    nextHeader: no visible global function definition for ‘hwrite’
    parseDICOMHeader: no visible binding for global variable ‘dicom.dic’
    parseDICOMHeader: no visible binding for global variable ‘dicom.VR’
Flavors: r-devel-linux-x86_64-debian-clang, r-devel-linux-x86_64-debian-gcc, r-devel-linux-x86_64-fedora-clang, r-devel-linux-x86_64-fedora-gcc, r-devel-osx-x86_64-clang, r-devel-windows-ix86+x86_64, r-patched-linux-x86_64, r-patched-solaris-sparc, r-patched-solaris-x86, r-release-linux-ix86, r-release-linux-x86_64, r-release-windows-ix86+x86_64