CRAN Package Check Results for Package oro.dicom

Last updated on 2014-08-22 03:48:03.

Flavor Version Tinstall Tcheck Ttotal Status Flags
r-devel-linux-x86_64-debian-clang 0.4.1 1.90 36.22 38.12 OK
r-devel-linux-x86_64-debian-gcc 0.4.1 1.76 35.93 37.69 OK
r-devel-linux-x86_64-fedora-clang 0.4.1 84.76 NOTE
r-devel-linux-x86_64-fedora-gcc 0.4.1 83.07 NOTE
r-devel-osx-x86_64-clang 0.4.1 151.41 NOTE
r-devel-windows-ix86+x86_64 0.4.1 5.00 58.00 63.00 OK
r-patched-linux-x86_64 0.4.1 1.83 36.36 38.19 OK
r-patched-solaris-sparc 0.4.1 610.30 OK
r-patched-solaris-x86 0.4.1 121.70 OK
r-release-linux-ix86 0.4.1 2.39 52.83 55.22 OK
r-release-linux-x86_64 0.4.1 1.89 38.18 40.08 OK
r-release-osx-x86_64-mavericks 0.4.1 OK
r-release-osx-x86_64-snowleopard 0.4.1 OK
r-release-windows-ix86+x86_64 0.4.1 6.00 79.00 85.00 OK
r-oldrel-windows-ix86+x86_64 0.4.1 9.00 78.00 87.00 OK

Check Details

Version: 0.4.1
Check: R code for possible problems
Result: NOTE
    nextHeader: no visible global function definition for ‘hwrite’
    parseDICOMHeader: no visible binding for global variable ‘dicom.dic’
    parseDICOMHeader: no visible binding for global variable ‘dicom.VR’
Flavors: r-devel-linux-x86_64-fedora-clang, r-devel-linux-x86_64-fedora-gcc, r-devel-osx-x86_64-clang