CRAN Package Check Results for Package oro.dicom

Last updated on 2014-09-16 19:48:38.

Flavor Version Tinstall Tcheck Ttotal Status Flags
r-devel-linux-x86_64-debian-clang 0.4.1 1.86 37.27 39.13 NOTE
r-devel-linux-x86_64-debian-gcc 0.4.1 1.84 39.24 41.07 NOTE
r-devel-linux-x86_64-fedora-clang 0.4.1 84.88 NOTE
r-devel-linux-x86_64-fedora-gcc 0.4.1 79.70 NOTE
r-devel-osx-x86_64-clang 0.4.1 150.87 NOTE
r-devel-windows-ix86+x86_64 0.4.1 6.00 52.00 58.00 NOTE
r-patched-linux-x86_64 0.4.1 2.00 37.18 39.18 OK
r-patched-solaris-sparc 0.4.1 610.30 OK
r-patched-solaris-x86 0.4.1 119.80 OK
r-release-linux-ix86 0.4.1 2.39 53.67 56.06 OK
r-release-linux-x86_64 0.4.1 1.86 38.65 40.52 OK
r-release-osx-x86_64-mavericks 0.4.1 OK
r-release-osx-x86_64-snowleopard 0.4.1 OK
r-release-windows-ix86+x86_64 0.4.1 6.00 60.00 66.00 OK
r-oldrel-windows-ix86+x86_64 0.4.1 7.00 56.00 63.00 OK

Check Details

Version: 0.4.1
Check: R code for possible problems
Result: NOTE
    nextHeader: no visible global function definition for ‘hwrite’
    parseDICOMHeader: no visible binding for global variable ‘dicom.dic’
    parseDICOMHeader: no visible binding for global variable ‘dicom.VR’
Flavors: r-devel-linux-x86_64-debian-clang, r-devel-linux-x86_64-debian-gcc, r-devel-linux-x86_64-fedora-clang, r-devel-linux-x86_64-fedora-gcc, r-devel-osx-x86_64-clang, r-devel-windows-ix86+x86_64