CRAN Package Check Results for Package oro.dicom

Last updated on 2018-05-24 16:52:32 CEST.

Flavor Version Tinstall Tcheck Ttotal Status Flags
r-devel-linux-x86_64-debian-clang 0.5.0 2.53 43.16 45.69 NOTE
r-devel-linux-x86_64-debian-gcc 0.5.0 2.18 36.90 39.08 NOTE
r-devel-linux-x86_64-fedora-clang 0.5.0 61.46 NOTE
r-devel-linux-x86_64-fedora-gcc 0.5.0 59.90 NOTE
r-devel-windows-ix86+x86_64 0.5.0 5.00 91.00 96.00 NOTE
r-patched-linux-x86_64 0.5.0 2.65 46.19 48.84 NOTE
r-patched-solaris-x86 0.5.0 93.80 NOTE
r-release-linux-x86_64 0.5.0 2.76 45.61 48.37 NOTE
r-release-windows-ix86+x86_64 0.5.0 7.00 67.00 74.00 NOTE
r-release-osx-x86_64 0.5.0 NOTE
r-oldrel-windows-ix86+x86_64 0.5.0 7.00 66.00 73.00 NOTE
r-oldrel-osx-x86_64 0.5.0 NOTE

Check Details

Version: 0.5.0
Check: R code for possible problems
Result: NOTE
    dicomTable: no visible global function definition for ‘txtProgressBar’
    dicomTable: no visible global function definition for
     ‘setTxtProgressBar’
    readDICOM: no visible global function definition for ‘txtProgressBar’
    readDICOM: no visible global function definition for
     ‘setTxtProgressBar’
    writeHeader: no visible global function definition for ‘write.table’
    Undefined global functions or variables:
     setTxtProgressBar txtProgressBar write.table
    Consider adding
     importFrom("utils", "setTxtProgressBar", "txtProgressBar",
     "write.table")
    to your NAMESPACE file.
Flavors: r-devel-linux-x86_64-debian-clang, r-devel-linux-x86_64-debian-gcc, r-devel-linux-x86_64-fedora-clang, r-devel-linux-x86_64-fedora-gcc, r-devel-windows-ix86+x86_64, r-patched-linux-x86_64, r-patched-solaris-x86, r-release-linux-x86_64, r-release-windows-ix86+x86_64, r-release-osx-x86_64, r-oldrel-windows-ix86+x86_64, r-oldrel-osx-x86_64