CRAN Package Check Results for Package oro.dicom

Last updated on 2015-01-25 23:52:17.

Flavor Version Tinstall Tcheck Ttotal Status Flags
r-devel-linux-x86_64-debian-clang 0.4.3 1.86 35.66 37.52 OK
r-devel-linux-x86_64-debian-gcc 0.4.3 1.60 36.66 38.25 OK
r-devel-linux-x86_64-fedora-clang 0.4.3 84.15 OK
r-devel-linux-x86_64-fedora-gcc 0.4.3 79.72 OK
r-devel-osx-x86_64-clang 0.4.3 157.29 OK
r-devel-windows-ix86+x86_64 0.4.3 7.00 63.00 70.00 OK
r-patched-linux-x86_64 0.4.3 1.86 38.10 39.96 OK
r-patched-solaris-sparc 0.4.3 557.30 OK
r-patched-solaris-x86 0.4.3 125.40 OK
r-release-linux-ix86 0.4.3 2.27 51.59 53.86 OK
r-release-linux-x86_64 0.4.3 1.82 39.71 41.53 OK
r-release-osx-x86_64-mavericks 0.4.3 NOTE
r-release-osx-x86_64-snowleopard 0.4.3 OK
r-release-windows-ix86+x86_64 0.4.3 7.00 57.00 64.00 OK
r-oldrel-windows-ix86+x86_64 0.4.3 7.00 55.00 62.00 NOTE

Check Details

Version: 0.4.3
Check: re-building of vignette outputs
Result: NOTE
    Error in re-building vignettes:
     ...
     Oblique acquisition in ImageOrientationPatient.
    Warning in is.coronal(imageOrientationPatient) :
     Oblique acquisition in ImageOrientationPatient.
    Warning in is.sagittal(imageOrientationPatient) :
     Oblique acquisition in ImageOrientationPatient.
    Error in texi2dvi(file = file, pdf = TRUE, clean = clean, quiet = quiet, :
     Running 'texi2dvi' on 'dicom.tex' failed.
    LaTeX errors:
    ! Undefined control sequence.
    l.15 x<9c><ed>\Al
     ^^SG^^W~<b1><89><cc>V<c2><de>^^Q^^T<b6><a1>&<d6>J^^P<a4>D!<c2>B*H<91>s<f0>9<b7><dc>z<e6>^^D<87><f6>^^BG<ae>\9r<ab>P%<84>^^O<95>"...
    The control sequence at the end of the top line
    of your error message was never \def'ed. If you have
    ! Undefined control sequence.
    l.15 ...<de>^^Q^^T<b6><a1>&<d6>J^^P<a4>D!<c2>B*H<91>s<f0>9<b7><dc>z<e6>^^D<87><f6>^^BG<ae>\9
     r<ab>P%<84>^^O<95>".(>`YTj<a4>^^U<b6><eb>?-<b4>...
    The control sequence at the end of the top line
    of your error message was never \def'ed. If you have
    ! Undefined control sequence.
    l.16 ...<83>/<be><f8>b^^O<8b>^^\<f0><d8><eb>61l^^W@y.<97>K<a5>R<d9>l<f6>ȑ#sss<b9>\nzz
     :^^H<d9>B<88>d2^^Y<bc>Q<e5>+<df><f7><a3>Ѩi<9a>B^^...
    The control sequence at the end of the top line
    of your error message was never \def'ed. If you
    Calls: buildVignettes -> texi2pdf -> texi2dvi
    Execution halted
Flavor: r-release-osx-x86_64-mavericks

Version: 0.4.3
Check: dependencies in R code
Result: NOTE
    Missing or unexported objects:
     'oro.dicom::dicom.VR' 'oro.dicom::dicom.dic'
    See the information on DESCRIPTION files in the chapter 'Creating R
    packages' of the 'Writing R Extensions' manual.
Flavor: r-oldrel-windows-ix86+x86_64