CRAN Package Check Results for Package oro.dicom

Last updated on 2014-11-24 17:48:50.

Flavor Version Tinstall Tcheck Ttotal Status Flags
r-devel-linux-x86_64-debian-clang 0.4.1 1.77 38.81 40.58 NOTE
r-devel-linux-x86_64-debian-gcc 0.4.1 1.83 37.47 39.30 NOTE
r-devel-linux-x86_64-fedora-clang 0.4.1 86.62 NOTE
r-devel-linux-x86_64-fedora-gcc 0.4.1 80.38 NOTE
r-devel-osx-x86_64-clang 0.4.1 156.76 NOTE
r-devel-windows-ix86+x86_64 0.4.1 5.00 54.00 59.00 NOTE
r-patched-linux-x86_64 0.4.1 1.86 39.28 41.14 NOTE
r-patched-solaris-sparc 0.4.1 606.10 NOTE
r-patched-solaris-x86 0.4.1 122.50 NOTE
r-release-linux-ix86 0.4.1 2.42 51.86 54.29 NOTE
r-release-linux-x86_64 0.4.1 1.82 38.46 40.28 NOTE
r-release-osx-x86_64-mavericks 0.4.1 OK
r-release-osx-x86_64-snowleopard 0.4.1 OK
r-release-windows-ix86+x86_64 0.4.1 6.00 60.00 66.00 NOTE
r-oldrel-windows-ix86+x86_64 0.4.1 7.00 56.00 63.00 OK

Check Details

Version: 0.4.1
Check: R code for possible problems
Result: NOTE
    nextHeader: no visible global function definition for ‘hwrite’
    parseDICOMHeader: no visible binding for global variable ‘dicom.dic’
    parseDICOMHeader: no visible binding for global variable ‘dicom.VR’
Flavors: r-devel-linux-x86_64-debian-clang, r-devel-linux-x86_64-debian-gcc, r-devel-linux-x86_64-fedora-clang, r-devel-linux-x86_64-fedora-gcc, r-devel-osx-x86_64-clang, r-devel-windows-ix86+x86_64, r-patched-linux-x86_64, r-patched-solaris-sparc, r-patched-solaris-x86, r-release-linux-ix86, r-release-linux-x86_64, r-release-windows-ix86+x86_64