CRAN Package Check Results for Package oro.nifti

Last updated on 2018-01-20 05:49:16 CET.

Flavor Version Tinstall Tcheck Ttotal Status Flags
r-devel-linux-x86_64-debian-clang 0.9.1 5.68 86.70 92.38 OK
r-devel-linux-x86_64-debian-gcc 0.9.1 4.77 65.92 70.69 OK
r-devel-linux-x86_64-fedora-clang 0.9.1 104.04 NOTE
r-devel-linux-x86_64-fedora-gcc 0.9.1 101.67 NOTE
r-devel-windows-ix86+x86_64 0.9.1 42.00 97.00 139.00 NOTE
r-patched-linux-x86_64 0.9.1 5.85 86.49 92.34 OK
r-patched-solaris-x86 0.9.1 140.60 NOTE
r-release-linux-x86_64 0.9.1 6.23 85.82 92.05 OK
r-release-windows-ix86+x86_64 0.9.1 20.00 98.00 118.00 NOTE
r-release-osx-x86_64 0.9.1 NOTE
r-oldrel-windows-ix86+x86_64 0.9.1 21.00 116.00 137.00 NOTE
r-oldrel-osx-x86_64 0.9.1 NOTE

Check Details

Version: 0.9.1
Check: installed package size
Result: NOTE
     installed size is 6.3Mb
     sub-directories of 1Mb or more:
     nifti 3.8Mb
Flavors: r-devel-linux-x86_64-fedora-clang, r-devel-linux-x86_64-fedora-gcc, r-devel-windows-ix86+x86_64, r-patched-solaris-x86, r-release-windows-ix86+x86_64, r-release-osx-x86_64, r-oldrel-windows-ix86+x86_64, r-oldrel-osx-x86_64