CRAN Package Check Results for Package oro.nifti

Last updated on 2017-11-19 18:47:46.

Flavor Version Tinstall Tcheck Ttotal Status Flags
r-devel-linux-x86_64-debian-clang 0.9.1 3.94 52.98 56.92 OK
r-devel-linux-x86_64-debian-gcc 0.9.1 5.12 53.85 58.98 OK
r-devel-linux-x86_64-fedora-clang 0.9.1 104.77 NOTE
r-devel-linux-x86_64-fedora-gcc 0.9.1 150.53 NOTE
r-devel-windows-ix86+x86_64 0.9.1 18.00 102.00 120.00 NOTE
r-patched-linux-x86_64 0.9.1 4.44 53.50 57.94 OK
r-patched-solaris-x86 0.9.1 130.10 NOTE
r-release-linux-x86_64 0.9.1 4.02 54.31 58.32 OK
r-release-windows-ix86+x86_64 0.9.1 13.00 127.00 140.00 NOTE
r-release-osx-x86_64 0.9.1 NOTE
r-oldrel-windows-ix86+x86_64 0.9.1 12.00 113.00 125.00 NOTE
r-oldrel-osx-x86_64 0.9.1 NOTE

Check Details

Version: 0.9.1
Check: installed package size
Result: NOTE
     installed size is 6.3Mb
     sub-directories of 1Mb or more:
     nifti 3.8Mb
Flavors: r-devel-linux-x86_64-fedora-clang, r-devel-linux-x86_64-fedora-gcc, r-devel-windows-ix86+x86_64, r-patched-solaris-x86, r-release-windows-ix86+x86_64, r-release-osx-x86_64, r-oldrel-windows-ix86+x86_64, r-oldrel-osx-x86_64