CRAN Package Check Results for Package oro.nifti

Last updated on 2022-12-04 02:49:22 CET.

Flavor Version Tinstall Tcheck Ttotal Status Flags
r-devel-linux-x86_64-debian-clang 0.11.4 17.05 127.72 144.77 OK
r-devel-linux-x86_64-debian-gcc 0.11.4 13.58 99.30 112.88 OK
r-devel-linux-x86_64-fedora-clang 0.11.4 194.78 NOTE
r-devel-linux-x86_64-fedora-gcc 0.11.4 188.48 OK
r-devel-windows-x86_64 0.11.4 267.00 191.00 458.00 NOTE
r-patched-linux-x86_64 0.11.4 19.63 115.10 134.73 OK
r-release-linux-x86_64 0.11.4 16.37 117.56 133.93 OK
r-release-macos-arm64 0.11.4 50.00 NOTE
r-release-macos-x86_64 0.11.4 67.00 NOTE
r-release-windows-x86_64 0.11.4 264.00 168.00 432.00 NOTE
r-oldrel-macos-arm64 0.11.4 50.00 NOTE
r-oldrel-macos-x86_64 0.11.4 67.00 NOTE
r-oldrel-windows-ix86+x86_64 0.11.4 36.00 156.00 192.00 NOTE

Check Details

Version: 0.11.4
Check: installed package size
Result: NOTE
     installed size is 6.7Mb
     sub-directories of 1Mb or more:
     R 1.0Mb
     nifti 3.8Mb
Flavors: r-devel-linux-x86_64-fedora-clang, r-devel-windows-x86_64, r-release-macos-arm64, r-release-macos-x86_64, r-release-windows-x86_64, r-oldrel-macos-arm64, r-oldrel-macos-x86_64, r-oldrel-windows-ix86+x86_64