CRAN Package Check Results for Package oro.nifti

Last updated on 2015-04-27 17:48:25.

Flavor Version Tinstall Tcheck Ttotal Status Flags
r-devel-linux-x86_64-debian-clang 0.4.3 2.14 91.56 93.70 NOTE
r-devel-linux-x86_64-debian-gcc 0.4.3 2.01 92.64 94.65 NOTE
r-devel-linux-x86_64-fedora-clang 0.4.3 193.52 NOTE
r-devel-linux-x86_64-fedora-gcc 0.4.3 183.66 NOTE
r-devel-osx-x86_64-clang 0.4.3 225.77 NOTE
r-devel-windows-ix86+x86_64 0.4.3 10.00 146.00 156.00 NOTE
r-patched-linux-x86_64 0.4.3 2.02 90.00 92.02 NOTE
r-patched-solaris-sparc 0.4.3 1209.10 NOTE
r-patched-solaris-x86 0.4.3 223.70 NOTE
r-release-linux-x86_64 0.4.3 1.97 91.66 93.64 NOTE
r-release-osx-x86_64-mavericks 0.4.3 NOTE
r-release-osx-x86_64-snowleopard 0.4.3 WARN
r-release-windows-ix86+x86_64 0.4.3 6.00 156.00 162.00 NOTE
r-oldrel-windows-ix86+x86_64 0.4.3 8.00 150.00 158.00 NOTE

Check Details

Version: 0.4.3
Check: installed package size
Result: NOTE
     installed size is 5.9Mb
     sub-directories of 1Mb or more:
     nifti 3.8Mb
Flavors: r-devel-linux-x86_64-debian-clang, r-devel-linux-x86_64-debian-gcc, r-devel-linux-x86_64-fedora-clang, r-devel-linux-x86_64-fedora-gcc, r-devel-osx-x86_64-clang, r-devel-windows-ix86+x86_64, r-patched-solaris-sparc, r-patched-solaris-x86, r-release-linux-x86_64, r-release-osx-x86_64-mavericks, r-release-osx-x86_64-snowleopard, r-release-windows-ix86+x86_64, r-oldrel-windows-ix86+x86_64

Version: 0.4.3
Check: S3 generic/method consistency
Result: NOTE
    Found the following apparent S3 methods exported but not registered:
     image.nifti
    See section ‘Registering S3 methods’ in the ‘Writing R Extensions’
    manual.
Flavors: r-devel-linux-x86_64-debian-clang, r-devel-linux-x86_64-debian-gcc, r-devel-linux-x86_64-fedora-clang, r-devel-linux-x86_64-fedora-gcc, r-devel-osx-x86_64-clang, r-patched-solaris-x86, r-release-linux-x86_64

Version: 0.4.3
Check: re-building of vignette outputs
Result: NOTE
    Error in re-building vignettes:
     ...
    oro.nifti: Rigorous - NIfTI+ANALYZE+AFNI Input / Output (version = 0.4.3)
    
    Error in texi2dvi(file = file, pdf = TRUE, clean = clean, quiet = quiet, :
     Running 'texi2dvi' on 'nifti.tex' failed.
    LaTeX errors:
    ! Undefined control sequence.
    l.15 x<9c><ed>\<cd>
     k^^S[^^[^^?L<95>:P'9<0b>Ko1M^^X<90><ca>U<92>\^^FD^^DI^^W<85><ba>r#<fe><0b>]<b9>r<a3>K<b7>ݸ^^U<bb>^^UA^^L...
    The control sequence at the end of the top line
    of your error message was never \def'ed. If you have
    ! Undefined control sequence.
    l.15 x<9c><ed>\<cd>k^^S[^^[^^?L<95>:P'9<0b>Ko1M^^X<90><ca>U<92>\^^F
     D^^DI^^W<85><ba>r#<fe><0b>]<b9>r<a3>K<b7>ݸ^^U<bb>^^UA^^L...
    The control sequence at the end of the top line
    of your error message was never \def'ed. If you have
    ! Undefined control sequence.
    l.15 ...!^^Dc^^L<f7>s<b9><dc><ce><ce>N<a5>Ry<fb><f6>-c^^L<8f>8<e7><9c><f3><e1><e1>aιl"[ !\<d7>
    
    The control sequence at the end of the top line
    of your error message was never \def'ed. If you have
    ! Undefined control sequence.
    l.19 !<96><96><96><aa><d5><ea><eb>ׯ?|<f8>^^@<af>ptW<b9>\<ae>
    
    Calls: buildVignettes -> texi2pdf -> texi2dvi
    Execution halted
Flavor: r-release-osx-x86_64-mavericks

Version: 0.4.3
Check: package dependencies
Result: NOTE
    Package suggested but not available for checking: ‘XML’
Flavor: r-release-osx-x86_64-snowleopard

Version: 0.4.3
Check: running R code from vignettes
Result: WARN
    Errors in running code in vignettes:
    when running code in ‘nifti.Rnw’
     ...
    
    > library("bitops")
    
    > library("XML")
    
     When sourcing ‘nifti.R’:
    Error: there is no package called ‘XML’
    Execution halted
Flavor: r-release-osx-x86_64-snowleopard

Version: 0.4.3
Check: re-building of vignette outputs
Result: NOTE
    Error in re-building vignettes:
     ...
    
    Error: processing vignette 'nifti.Rnw' failed with diagnostics:
     chunk 1 (label = preliminaries)
    Error in library("XML") : there is no package called ‘XML’
    Execution halted
Flavor: r-release-osx-x86_64-snowleopard