CRAN Package Check Results for Package oro.nifti

Last updated on 2018-05-25 08:48:44 CEST.

Flavor Version Tinstall Tcheck Ttotal Status Flags
r-devel-linux-x86_64-debian-clang 0.9.1 12.10 77.63 89.73 OK
r-devel-linux-x86_64-debian-gcc 0.9.1 13.23 67.20 80.43 OK
r-devel-linux-x86_64-fedora-clang 0.9.1 123.32 NOTE
r-devel-linux-x86_64-fedora-gcc 0.9.1 121.75 NOTE
r-devel-windows-ix86+x86_64 0.9.1 38.00 131.00 169.00 NOTE
r-patched-linux-x86_64 0.9.1 12.31 78.50 90.81 OK
r-patched-solaris-x86 0.9.1 150.60 NOTE
r-release-linux-x86_64 0.9.1 12.41 78.96 91.37 OK
r-release-windows-ix86+x86_64 0.9.1 29.00 93.00 122.00 NOTE
r-release-osx-x86_64 0.9.1 NOTE
r-oldrel-windows-ix86+x86_64 0.9.1 23.00 91.00 114.00 NOTE
r-oldrel-osx-x86_64 0.9.1 NOTE

Check Details

Version: 0.9.1
Check: installed package size
Result: NOTE
     installed size is 6.6Mb
     sub-directories of 1Mb or more:
     nifti 3.8Mb
Flavors: r-devel-linux-x86_64-fedora-clang, r-devel-linux-x86_64-fedora-gcc, r-devel-windows-ix86+x86_64, r-patched-solaris-x86, r-release-windows-ix86+x86_64, r-release-osx-x86_64, r-oldrel-windows-ix86+x86_64, r-oldrel-osx-x86_64