CRAN Package Check Results for Package oro.nifti

Last updated on 2016-02-10 11:55:22.

Flavor Version Tinstall Tcheck Ttotal Status Flags
r-devel-linux-x86_64-debian-gcc 0.5.2 3.79 71.45 75.24 NOTE
r-devel-linux-x86_64-fedora-clang 0.5.2 148.20 NOTE
r-devel-linux-x86_64-fedora-gcc 0.5.2 139.94 NOTE
r-devel-osx-x86_64-clang 0.5.2 209.83 NOTE
r-devel-windows-ix86+x86_64 0.5.2 38.00 128.00 166.00 NOTE
r-patched-linux-x86_64 0.5.2 3.87 105.76 109.64 NOTE
r-patched-solaris-sparc 0.5.2 1366.30 NOTE
r-patched-solaris-x86 0.5.2 264.40 NOTE
r-release-linux-x86_64 0.5.2 4.20 105.05 109.25 NOTE
r-release-osx-x86_64-mavericks 0.5.2 NOTE
r-release-windows-ix86+x86_64 0.5.2 19.00 189.00 208.00 NOTE
r-oldrel-windows-ix86+x86_64 0.5.2 24.00 213.00 237.00 NOTE

Check Details

Version: 0.5.2
Check: installed package size
Result: NOTE
     installed size is 6.6Mb
     sub-directories of 1Mb or more:
     nifti 3.8Mb
Flavors: r-devel-linux-x86_64-debian-gcc, r-devel-linux-x86_64-fedora-clang, r-devel-linux-x86_64-fedora-gcc, r-devel-osx-x86_64-clang, r-devel-windows-ix86+x86_64, r-patched-linux-x86_64, r-patched-solaris-sparc, r-patched-solaris-x86, r-release-linux-x86_64, r-release-osx-x86_64-mavericks, r-release-windows-ix86+x86_64, r-oldrel-windows-ix86+x86_64

Version: 0.5.2
Check: R code for possible problems
Result: NOTE
    hotmetal: no visible global function definition for ‘predict’
    tim.colors: no visible global function definition for ‘predict’
    Undefined global functions or variables:
     predict
    Consider adding
     importFrom("stats", "predict")
    to your NAMESPACE file.
Flavors: r-devel-linux-x86_64-debian-gcc, r-devel-linux-x86_64-fedora-clang, r-devel-linux-x86_64-fedora-gcc, r-devel-osx-x86_64-clang, r-devel-windows-ix86+x86_64