CRAN Package Check Results for Package oro.nifti

Last updated on 2022-07-05 11:49:59 CEST.

Flavor Version Tinstall Tcheck Ttotal Status Flags
r-devel-linux-x86_64-debian-clang 0.11.2 22.14 109.47 131.61 OK
r-devel-linux-x86_64-debian-gcc 0.11.2 15.93 81.93 97.86 OK
r-devel-linux-x86_64-fedora-clang 0.11.2 165.18 NOTE
r-devel-linux-x86_64-fedora-gcc 0.11.2 165.57 OK
r-devel-windows-x86_64 0.11.2 330.00 147.00 477.00 NOTE
r-patched-linux-x86_64 0.11.2 20.87 105.90 126.77 OK
r-release-linux-x86_64 0.11.2 16.61 102.73 119.34 OK
r-release-macos-arm64 0.11.2 48.00 NOTE
r-release-macos-x86_64 0.11.2 64.00 NOTE
r-release-windows-x86_64 0.11.2 277.00 152.00 429.00 NOTE
r-oldrel-macos-arm64 0.11.2 46.00 NOTE
r-oldrel-macos-x86_64 0.11.2 63.00 NOTE
r-oldrel-windows-ix86+x86_64 0.11.2 37.00 137.00 174.00 NOTE

Check Details

Version: 0.11.2
Check: installed package size
Result: NOTE
     installed size is 6.7Mb
     sub-directories of 1Mb or more:
     R 1.0Mb
     nifti 3.8Mb
Flavors: r-devel-linux-x86_64-fedora-clang, r-devel-windows-x86_64, r-release-macos-arm64, r-release-macos-x86_64, r-release-windows-x86_64, r-oldrel-macos-arm64, r-oldrel-macos-x86_64, r-oldrel-windows-ix86+x86_64