CRAN Package Check Results for Package oro.nifti

Last updated on 2015-01-29 05:48:28.

Flavor Version Tinstall Tcheck Ttotal Status Flags
r-devel-linux-x86_64-debian-clang 0.4.3 2.08 104.82 106.90 NOTE
r-devel-linux-x86_64-debian-gcc 0.4.3 2.20 95.71 97.91 NOTE
r-devel-linux-x86_64-fedora-clang 0.4.3 201.63 NOTE
r-devel-linux-x86_64-fedora-gcc 0.4.3 201.58 NOTE
r-devel-osx-x86_64-clang 0.4.3 237.54 NOTE
r-devel-windows-ix86+x86_64 0.4.3 8.00 143.00 151.00 NOTE
r-patched-linux-x86_64 0.4.3 2.36 100.70 103.06 NOTE
r-patched-solaris-sparc 0.4.3 1164.10 NOTE
r-patched-solaris-x86 0.4.3 253.50 NOTE
r-release-linux-ix86 0.4.3 2.69 124.15 126.84 NOTE
r-release-linux-x86_64 0.4.3 2.19 102.66 104.85 NOTE
r-release-osx-x86_64-mavericks 0.4.3 NOTE
r-release-osx-x86_64-snowleopard 0.4.3 NOTE
r-release-windows-ix86+x86_64 0.4.3 6.00 123.00 129.00 NOTE
r-oldrel-windows-ix86+x86_64 0.4.3 6.00 124.00 130.00 NOTE

Check Details

Version: 0.4.3
Check: installed package size
Result: NOTE
     installed size is 5.9Mb
     sub-directories of 1Mb or more:
     nifti 3.8Mb
Flavors: r-devel-linux-x86_64-debian-clang, r-devel-linux-x86_64-debian-gcc, r-devel-linux-x86_64-fedora-clang, r-devel-linux-x86_64-fedora-gcc, r-devel-osx-x86_64-clang, r-devel-windows-ix86+x86_64, r-patched-linux-x86_64, r-patched-solaris-sparc, r-patched-solaris-x86, r-release-linux-ix86, r-release-linux-x86_64, r-release-osx-x86_64-mavericks, r-release-osx-x86_64-snowleopard, r-release-windows-ix86+x86_64, r-oldrel-windows-ix86+x86_64

Version: 0.4.3
Check: S3 generic/method consistency
Result: NOTE
    Found the following apparent S3 methods exported but not registered:
     image.nifti
    See section ‘Registering S3 methods’ in the ‘Writing R Extensions’
    manual.
Flavors: r-devel-linux-x86_64-debian-clang, r-devel-linux-x86_64-debian-gcc, r-devel-linux-x86_64-fedora-clang, r-devel-linux-x86_64-fedora-gcc, r-devel-osx-x86_64-clang

Version: 0.4.3
Check: re-building of vignette outputs
Result: NOTE
    Error in re-building vignettes:
     ...
    oro.nifti: Rigorous - NIfTI+ANALYZE+AFNI Input / Output (version = 0.4.3)
    
    Error in texi2dvi(file = file, pdf = TRUE, clean = clean, quiet = quiet, :
     Running 'texi2dvi' on 'nifti.tex' failed.
    LaTeX errors:
    ! Undefined control sequence.
    l.15 x<9c><ed>\<cd>
     k^^S[^^[^^?L<95>:P'9<0b>Ko1M^^X<90><ca>U<92>\^^FD^^DI^^W<85><ba>r#<fe><0b>]<b9>r<a3>K<b7>ݸ^^U<bb>^^UA^^L...
    The control sequence at the end of the top line
    of your error message was never \def'ed. If you have
    ! Undefined control sequence.
    l.15 x<9c><ed>\<cd>k^^S[^^[^^?L<95>:P'9<0b>Ko1M^^X<90><ca>U<92>\^^F
     D^^DI^^W<85><ba>r#<fe><0b>]<b9>r<a3>K<b7>ݸ^^U<bb>^^UA^^L...
    The control sequence at the end of the top line
    of your error message was never \def'ed. If you have
    ! Undefined control sequence.
    l.15 ...!^^Dc^^L<f7>s<b9><dc><ce><ce>N<a5>Ry<fb><f6>-c^^L<8f>8<e7><9c><f3><e1><e1>aιl"[ !\<d7>
    
    The control sequence at the end of the top line
    of your error message was never \def'ed. If you have
    ! Undefined control sequence.
    l.19 !<96><96><96><aa><d5><ea><eb>ׯ?|<f8>^^@<af>ptW<b9>\<ae>
    
    Calls: buildVignettes -> texi2pdf -> texi2dvi
    Execution halted
Flavor: r-release-osx-x86_64-mavericks