CRAN Package Check Results for Package oro.nifti

Last updated on 2015-07-29 17:48:08.

Flavor Version Tinstall Tcheck Ttotal Status Flags
r-devel-linux-x86_64-debian-clang 0.5.2 4.20 107.25 111.44 NOTE
r-devel-linux-x86_64-debian-gcc 0.5.2 5.42 106.28 111.70 NOTE
r-devel-linux-x86_64-fedora-clang 0.5.2 219.45 NOTE
r-devel-linux-x86_64-fedora-gcc 0.5.2 209.86 NOTE
r-devel-osx-x86_64-clang 0.5.2 227.19 NOTE
r-devel-windows-ix86+x86_64 0.5.2 39.00 181.00 220.00 NOTE
r-patched-linux-x86_64 0.5.2 3.83 104.40 108.23 NOTE
r-patched-solaris-sparc 0.5.2 1405.60 NOTE
r-patched-solaris-x86 0.5.2 268.30 NOTE
r-release-linux-x86_64 0.5.2 3.75 102.80 106.55 NOTE
r-release-osx-x86_64-mavericks 0.5.2 NOTE
r-release-windows-ix86+x86_64 0.5.2 22.00 167.00 189.00 NOTE
r-oldrel-windows-ix86+x86_64 0.5.2 20.00 189.00 209.00 NOTE

Check Details

Version: 0.5.2
Check: installed package size
Result: NOTE
     installed size is 6.6Mb
     sub-directories of 1Mb or more:
     nifti 3.8Mb
Flavors: r-devel-linux-x86_64-debian-clang, r-devel-linux-x86_64-debian-gcc, r-devel-linux-x86_64-fedora-clang, r-devel-linux-x86_64-fedora-gcc, r-devel-osx-x86_64-clang, r-devel-windows-ix86+x86_64, r-patched-linux-x86_64, r-patched-solaris-sparc, r-patched-solaris-x86, r-release-linux-x86_64, r-release-osx-x86_64-mavericks, r-release-windows-ix86+x86_64, r-oldrel-windows-ix86+x86_64

Version: 0.5.2
Check: R code for possible problems
Result: NOTE
    hotmetal: no visible global function definition for ‘predict’
    tim.colors: no visible global function definition for ‘predict’
    Undefined global functions or variables:
     predict
    Consider adding
     importFrom("stats", "predict")
    to your NAMESPACE.
Flavors: r-devel-linux-x86_64-debian-clang, r-devel-linux-x86_64-debian-gcc, r-devel-linux-x86_64-fedora-clang, r-devel-linux-x86_64-fedora-gcc, r-devel-windows-ix86+x86_64