CRAN Package Check Results for Package oro.nifti

Last updated on 2016-08-27 17:53:33.

Flavor Version Tinstall Tcheck Ttotal Status Flags
r-devel-linux-x86_64-debian-clang 0.5.5.2 3.82 78.00 81.82 NOTE
r-devel-linux-x86_64-debian-gcc 0.5.5.2 5.06 95.14 100.20 NOTE
r-devel-linux-x86_64-fedora-clang 0.5.5.2 149.40 NOTE
r-devel-linux-x86_64-fedora-gcc 0.5.5.2 140.45 NOTE
r-devel-osx-x86_64-clang 0.5.5.2 148.88 NOTE
r-devel-windows-ix86+x86_64 0.5.5.2 13.00 131.00 144.00 NOTE
r-patched-linux-x86_64 0.5.5.2 3.56 72.52 76.07 NOTE
r-patched-solaris-sparc 0.5.5.2 878.00 NOTE
r-patched-solaris-x86 0.5.5.2 171.30 NOTE
r-release-linux-x86_64 0.5.5.2 4.25 74.89 79.14 NOTE
r-release-osx-x86_64-mavericks 0.5.5.2 NOTE
r-release-windows-ix86+x86_64 0.5.5.2 21.00 184.00 205.00 NOTE
r-oldrel-windows-ix86+x86_64 0.5.5.2 15.00 257.00 272.00 NOTE

Check Details

Version: 0.5.5.2
Check: installed package size
Result: NOTE
     installed size is 6.6Mb
     sub-directories of 1Mb or more:
     nifti 3.8Mb
Flavors: r-devel-linux-x86_64-debian-clang, r-devel-linux-x86_64-debian-gcc, r-devel-linux-x86_64-fedora-clang, r-devel-linux-x86_64-fedora-gcc, r-devel-osx-x86_64-clang, r-devel-windows-ix86+x86_64, r-patched-linux-x86_64, r-patched-solaris-sparc, r-patched-solaris-x86, r-release-linux-x86_64, r-release-osx-x86_64-mavericks, r-release-windows-ix86+x86_64, r-oldrel-windows-ix86+x86_64

Version: 0.5.5.2
Check: re-building of vignette outputs
Result: NOTE
    Error in re-building vignettes:
     ...
    Warning in grepl("(Rerun to get|biblatex.*\\(re\\)run)", readLines(log, :
     input string 420 is invalid in this locale
    Error in texi2dvi(file = file, pdf = TRUE, clean = clean, quiet = quiet, :
     Running 'texi2dvi' on 'nifti.tex' failed.
    LaTeX errors:
    ! Undefined control sequence.
    l.15 x<9c><ed>\<cd>
     k^^S[^^[^^?L<95>:P'9<0b>Ko1M^^X<90><ca>U<92>\^^FD^^DI^^W<85><ba>r#<fe><0b>]<b9>r<a3>K<b7>ݸ^^U<bb>^^UA^^L...
    The control sequence at the end of the top line
    of your error message was never \def'ed. If you have
    ! Undefined control sequence.
    l.15 x<9c><ed>\<cd>k^^S[^^[^^?L<95>:P'9<0b>Ko1M^^X<90><ca>U<92>\^^F
     D^^DI^^W<85><ba>r#<fe><0b>]<b9>r<a3>K<b7>ݸ^^U<bb>^^UA^^L...
    The control sequence at the end of the top line
    of your error message was never \def'ed. If you have
    ! Undefined control sequence.
    l.15 ...!^^Dc^^L<f7>s<b9><dc><ce><ce>N<a5>Ry<fb><f6>-c^^L<8f>8<e7><9c><f3><e1><e1>aιl"[ !\<d7>
    
    The control sequence at the end of the top line
    of your error message was never \def'ed. If you have
    ! Undefined control sequence.
    l.19 !<96><96><96><aa><d5><ea><eb>ׯ?|<f8>^^@<af>ptW<b9>\<ae>
    
    Calls: buildVignettes -> texi2pdf -> texi2dvi
    Execution halted
Flavor: r-release-osx-x86_64-mavericks