CRAN Package Check Results for Package oro.nifti

Last updated on 2014-09-23 11:48:17.

Flavor Version Tinstall Tcheck Ttotal Status Flags
r-devel-linux-x86_64-debian-clang 0.4.0 2.20 96.36 98.56 NOTE
r-devel-linux-x86_64-debian-gcc 0.4.0 2.08 94.94 97.02 NOTE
r-devel-linux-x86_64-fedora-clang 0.4.0 208.59 NOTE
r-devel-linux-x86_64-fedora-gcc 0.4.0 197.91 NOTE
r-devel-osx-x86_64-clang 0.4.0 219.79 NOTE
r-devel-windows-ix86+x86_64 0.4.0 7.00 147.00 154.00 NOTE
r-patched-linux-x86_64 0.4.0 2.18 102.42 104.60 NOTE
r-patched-solaris-sparc 0.4.0 1306.10 NOTE
r-patched-solaris-x86 0.4.0 243.20 NOTE
r-release-linux-ix86 0.4.0 2.92 128.83 131.74 NOTE
r-release-linux-x86_64 0.4.0 2.42 101.66 104.08 NOTE
r-release-osx-x86_64-mavericks 0.4.0 NOTE
r-release-osx-x86_64-snowleopard 0.4.0 NOTE
r-release-windows-ix86+x86_64 0.4.0 6.00 199.00 205.00 NOTE
r-oldrel-windows-ix86+x86_64 0.4.0 10.00 187.00 197.00 NOTE

Check Details

Version: 0.4.0
Check: installed package size
Result: NOTE
     installed size is 5.9Mb
     sub-directories of 1Mb or more:
     nifti 3.8Mb
Flavors: r-devel-linux-x86_64-debian-clang, r-devel-linux-x86_64-debian-gcc, r-devel-linux-x86_64-fedora-clang, r-devel-linux-x86_64-fedora-gcc, r-devel-osx-x86_64-clang, r-devel-windows-ix86+x86_64, r-patched-linux-x86_64, r-patched-solaris-sparc, r-patched-solaris-x86, r-release-linux-ix86, r-release-linux-x86_64, r-release-osx-x86_64-mavericks, r-release-osx-x86_64-snowleopard, r-release-windows-ix86+x86_64, r-oldrel-windows-ix86+x86_64

Version: 0.4.0
Check: dependencies in R code
Result: NOTE
    Unexported object imported by a ':::' call: ‘fmri:::connect.mask’
     See the note in ?`:::` about the use of this operator.
    See the information on DESCRIPTION files in the chapter ‘Creating R
    packages’ of the ‘Writing R Extensions’ manual.
Flavors: r-devel-linux-x86_64-debian-clang, r-devel-linux-x86_64-debian-gcc, r-devel-linux-x86_64-fedora-clang, r-devel-linux-x86_64-fedora-gcc, r-devel-osx-x86_64-clang, r-devel-windows-ix86+x86_64, r-patched-linux-x86_64, r-patched-solaris-sparc, r-patched-solaris-x86, r-release-linux-ix86, r-release-linux-x86_64, r-release-osx-x86_64-mavericks, r-release-osx-x86_64-snowleopard, r-release-windows-ix86+x86_64, r-oldrel-windows-ix86+x86_64

Version: 0.4.0
Check: R code for possible problems
Result: NOTE
    .listToNodes : <anonymous>: no visible global function definition for
     ‘newXMLNode’
    newAuditTrail: no visible global function definition for ‘newXMLNode’
    niftiAuditTrailCreated: no visible global function definition for
     ‘xmlChildren’
    niftiAuditTrailCreated: no visible global function definition for
     ‘xmlName’
    niftiAuditTrailCreated: no visible global function definition for
     ‘xmlValue’
    niftiAuditTrailCreated: no visible global function definition for
     ‘newXMLNode’
    niftiAuditTrailCreated : <anonymous>: no visible global function
     definition for ‘xmlRoot’
    niftiAuditTrailCreated : <anonymous>: no visible global function
     definition for ‘xmlParse’
    niftiAuditTrailCreated : <anonymous>: no visible global function
     definition for ‘saveXML’
    niftiAuditTrailCreated: no visible global function definition for
     ‘addChildren’
    niftiAuditTrailEvent: no visible global function definition for
     ‘newXMLNode’
    niftiAuditTrailEvent: no visible global function definition for
     ‘addChildren’
    niftiAuditTrailSystemNode: no visible global function definition for
     ‘newXMLNode’
    niftiAuditTrailSystemNodeEvent: no visible global function definition
     for ‘addChildren’
    niftiAuditTrailSystemNodeEvent: no visible global function definition
     for ‘newXMLTextNode’
    niftiAuditTrailToExtension: no visible global function definition for
     ‘saveXML’
    niftiExtensionToAuditTrail: no visible global function definition for
     ‘xmlRoot’
    niftiExtensionToAuditTrail: no visible global function definition for
     ‘xmlParse’
Flavors: r-devel-linux-x86_64-debian-clang, r-devel-linux-x86_64-debian-gcc, r-devel-linux-x86_64-fedora-clang, r-devel-linux-x86_64-fedora-gcc, r-devel-osx-x86_64-clang, r-devel-windows-ix86+x86_64