CRAN Package Check Results for Package oro.nifti

Last updated on 2014-07-23 15:47:49.

Flavor Version Tinstall Tcheck Ttotal Status Flags
r-devel-linux-x86_64-debian-clang 0.4.0 2.48 99.49 101.97 NOTE
r-devel-linux-x86_64-debian-gcc 0.4.0 2.15 100.08 102.23 NOTE
r-devel-linux-x86_64-fedora-clang 0.4.0 227.47 NOTE
r-devel-linux-x86_64-fedora-gcc 0.4.0 217.64 NOTE
r-devel-osx-x86_64-clang 0.4.0 189.00 NOTE
r-devel-windows-ix86+x86_64 0.4.0 7.00 149.00 156.00 NOTE
r-patched-linux-x86_64 0.4.0 2.19 97.55 99.74 NOTE
r-patched-solaris-sparc 0.4.0 1137.30 NOTE
r-patched-solaris-x86 0.4.0 245.90 NOTE
r-release-linux-ix86 0.4.0 2.86 148.90 151.76 NOTE
r-release-linux-x86_64 0.4.0 2.32 97.90 100.22 NOTE
r-release-osx-x86_64-mavericks 0.4.0 NOTE
r-release-osx-x86_64-snowleopard 0.4.0 NOTE
r-release-windows-ix86+x86_64 0.4.0 9.00 147.00 156.00 NOTE
r-oldrel-windows-ix86+x86_64 0.4.0 5.00 161.00 166.00 NOTE

Check Details

Version: 0.4.0
Check: installed package size
Result: NOTE
     installed size is 5.9Mb
     sub-directories of 1Mb or more:
     nifti 3.8Mb
Flavors: r-devel-linux-x86_64-debian-clang, r-devel-linux-x86_64-debian-gcc, r-devel-linux-x86_64-fedora-clang, r-devel-linux-x86_64-fedora-gcc, r-devel-osx-x86_64-clang, r-devel-windows-ix86+x86_64, r-patched-linux-x86_64, r-patched-solaris-sparc, r-patched-solaris-x86, r-release-linux-ix86, r-release-linux-x86_64, r-release-osx-x86_64-mavericks, r-release-osx-x86_64-snowleopard, r-release-windows-ix86+x86_64, r-oldrel-windows-ix86+x86_64

Version: 0.4.0
Check: dependencies in R code
Result: NOTE
    Unexported object imported by a ':::' call: ‘fmri:::connect.mask’
     See the note in ?`:::` about the use of this operator.
    See the information on DESCRIPTION files in the chapter ‘Creating R
    packages’ of the ‘Writing R Extensions’ manual.
Flavors: r-devel-linux-x86_64-debian-clang, r-devel-linux-x86_64-debian-gcc, r-devel-linux-x86_64-fedora-clang, r-devel-linux-x86_64-fedora-gcc, r-devel-osx-x86_64-clang, r-devel-windows-ix86+x86_64, r-patched-linux-x86_64, r-patched-solaris-sparc, r-patched-solaris-x86, r-release-linux-ix86, r-release-linux-x86_64, r-release-osx-x86_64-mavericks, r-release-osx-x86_64-snowleopard, r-release-windows-ix86+x86_64, r-oldrel-windows-ix86+x86_64