CRAN Package Check Results for Package oro.nifti

Last updated on 2015-09-05 09:46:59.

Flavor Version Tinstall Tcheck Ttotal Status Flags
r-devel-linux-x86_64-debian-clang 0.5.2 3.79 105.01 108.80 NOTE
r-devel-linux-x86_64-debian-gcc 0.5.2 3.87 110.07 113.94 NOTE
r-devel-linux-x86_64-fedora-clang 0.5.2 215.65 NOTE
r-devel-linux-x86_64-fedora-gcc 0.5.2 207.42 NOTE
r-devel-osx-x86_64-clang 0.5.2 244.64 NOTE
r-devel-windows-ix86+x86_64 0.5.2 40.00 175.00 215.00 NOTE
r-patched-linux-x86_64 0.5.2 3.90 104.39 108.28 NOTE
r-patched-solaris-sparc 0.5.2 1405.60 NOTE
r-patched-solaris-x86 0.5.2 270.30 NOTE
r-release-linux-x86_64 0.5.2 4.02 106.29 110.32 NOTE
r-release-osx-x86_64-mavericks 0.5.2 NOTE
r-release-windows-ix86+x86_64 0.5.2 20.00 239.00 259.00 NOTE
r-oldrel-windows-ix86+x86_64 0.5.2 24.00 259.00 283.00 NOTE

Check Details

Version: 0.5.2
Check: installed package size
Result: NOTE
     installed size is 6.6Mb
     sub-directories of 1Mb or more:
     nifti 3.8Mb
Flavors: r-devel-linux-x86_64-debian-clang, r-devel-linux-x86_64-debian-gcc, r-devel-linux-x86_64-fedora-clang, r-devel-linux-x86_64-fedora-gcc, r-devel-osx-x86_64-clang, r-devel-windows-ix86+x86_64, r-patched-linux-x86_64, r-patched-solaris-sparc, r-patched-solaris-x86, r-release-linux-x86_64, r-release-osx-x86_64-mavericks, r-release-windows-ix86+x86_64, r-oldrel-windows-ix86+x86_64

Version: 0.5.2
Check: R code for possible problems
Result: NOTE
    hotmetal: no visible global function definition for ‘predict’
    tim.colors: no visible global function definition for ‘predict’
    Undefined global functions or variables:
     predict
    Consider adding
     importFrom("stats", "predict")
    to your NAMESPACE.
Flavors: r-devel-linux-x86_64-debian-clang, r-devel-linux-x86_64-debian-gcc, r-devel-linux-x86_64-fedora-clang, r-devel-linux-x86_64-fedora-gcc, r-devel-windows-ix86+x86_64