CRAN Package Check Results for Package oro.nifti

Last updated on 2016-05-03 11:49:04.

Flavor Version Tinstall Tcheck Ttotal Status Flags
r-devel-linux-x86_64-debian-gcc 0.5.2 4.00 73.32 77.32 NOTE
r-devel-linux-x86_64-fedora-clang 0.5.2 149.21 NOTE
r-devel-linux-x86_64-fedora-gcc 0.5.2 138.13 NOTE
r-devel-osx-x86_64-clang 0.5.2 202.43 NOTE
r-devel-windows-ix86+x86_64 0.5.2 15.00 132.00 147.00 NOTE
r-patched-linux-x86_64 0.5.2 3.60 73.67 77.27 NOTE
r-patched-solaris-sparc 0.5.2 945.90 NOTE
r-patched-solaris-x86 0.5.2 175.60 NOTE
r-release-linux-x86_64 0.5.2 3.92 107.63 111.56 NOTE
r-release-osx-x86_64-mavericks 0.5.2 NOTE
r-release-windows-ix86+x86_64 0.5.2 16.00 242.00 258.00 NOTE
r-oldrel-windows-ix86+x86_64 0.5.2 21.00 206.00 227.00 NOTE

Check Details

Version: 0.5.2
Check: installed package size
Result: NOTE
     installed size is 6.6Mb
     sub-directories of 1Mb or more:
     nifti 3.8Mb
Flavors: r-devel-linux-x86_64-debian-gcc, r-devel-linux-x86_64-fedora-clang, r-devel-linux-x86_64-fedora-gcc, r-devel-osx-x86_64-clang, r-devel-windows-ix86+x86_64, r-patched-linux-x86_64, r-patched-solaris-sparc, r-patched-solaris-x86, r-release-linux-x86_64, r-release-osx-x86_64-mavericks, r-release-windows-ix86+x86_64, r-oldrel-windows-ix86+x86_64

Version: 0.5.2
Check: R code for possible problems
Result: NOTE
    hotmetal: no visible global function definition for ‘predict’
    tim.colors: no visible global function definition for ‘predict’
    Undefined global functions or variables:
     predict
    Consider adding
     importFrom("stats", "predict")
    to your NAMESPACE file.
Flavors: r-devel-linux-x86_64-debian-gcc, r-devel-linux-x86_64-fedora-clang, r-devel-linux-x86_64-fedora-gcc, r-devel-osx-x86_64-clang, r-devel-windows-ix86+x86_64, r-patched-linux-x86_64, r-patched-solaris-sparc, r-patched-solaris-x86