CRAN Package Check Results for Package oro.pet

Last updated on 2015-02-02 01:47:52.

Flavor Version Tinstall Tcheck Ttotal Status Flags
r-devel-linux-x86_64-debian-clang 0.2.3 1.22 17.62 18.84 NOTE
r-devel-linux-x86_64-debian-gcc 0.2.3 1.53 16.54 18.07 NOTE
r-devel-linux-x86_64-fedora-clang 0.2.3 41.77 NOTE
r-devel-linux-x86_64-fedora-gcc 0.2.3 37.49 NOTE
r-devel-osx-x86_64-clang 0.2.3 44.25 NOTE
r-devel-windows-ix86+x86_64 0.2.3 7.00 29.00 36.00 NOTE
r-patched-linux-x86_64 0.2.3 1.67 22.38 24.06 OK
r-patched-solaris-sparc 0.2.3 311.30 OK
r-patched-solaris-x86 0.2.3 64.50 OK
r-release-linux-ix86 0.2.3 1.90 28.84 30.74 OK
r-release-linux-x86_64 0.2.3 1.74 22.18 23.92 OK
r-release-osx-x86_64-mavericks 0.2.3 OK
r-release-osx-x86_64-snowleopard 0.2.3 OK
r-release-windows-ix86+x86_64 0.2.3 5.00 39.00 44.00 OK
r-oldrel-windows-ix86+x86_64 0.2.3 6.00 38.00 44.00 OK

Check Details

Version: 0.2.3
Check: dependencies in R code
Result: NOTE
    'library' or 'require' call to ‘msm’ in package code.
     Please use :: or requireNamespace() instead.
     See section 'Suggested packages' in the 'Writing R Extensions' manual.
Flavors: r-devel-linux-x86_64-debian-clang, r-devel-linux-x86_64-debian-gcc, r-devel-linux-x86_64-fedora-clang, r-devel-linux-x86_64-fedora-gcc, r-devel-osx-x86_64-clang, r-devel-windows-ix86+x86_64