CRAN Package Check Results for Package oro.pet

Last updated on 2014-07-25 12:47:36.

Flavor Version Tinstall Tcheck Ttotal Status Flags
r-devel-linux-x86_64-debian-clang 0.2.1 1.54 22.17 23.70 NOTE
r-devel-linux-x86_64-debian-gcc 0.2.1 1.54 21.24 22.78 NOTE
r-devel-linux-x86_64-fedora-clang 0.2.1 59.64 NOTE
r-devel-linux-x86_64-fedora-gcc 0.2.1 50.25 NOTE
r-devel-osx-x86_64-clang 0.2.1 46.06 NOTE
r-devel-windows-ix86+x86_64 0.2.1 5.00 35.00 40.00 OK
r-patched-linux-x86_64 0.2.1 1.55 22.52 24.08 NOTE
r-patched-solaris-sparc 0.2.1 291.30 NOTE
r-patched-solaris-x86 0.2.1 62.30 NOTE
r-release-linux-ix86 0.2.1 1.94 38.32 40.26 NOTE
r-release-linux-x86_64 0.2.1 1.58 22.68 24.26 NOTE
r-release-osx-x86_64-mavericks 0.2.1 NOTE
r-release-osx-x86_64-snowleopard 0.2.1 NOTE
r-release-windows-ix86+x86_64 0.2.1 5.00 37.00 42.00 OK
r-oldrel-windows-ix86+x86_64 0.2.1 5.00 31.00 36.00 OK

Check Details

Version: 0.2.1
Check: DESCRIPTION meta-information
Result: NOTE
    Deprecated license: BSD
Flavors: r-devel-linux-x86_64-debian-clang, r-devel-linux-x86_64-debian-gcc, r-devel-linux-x86_64-fedora-clang, r-devel-linux-x86_64-fedora-gcc, r-devel-osx-x86_64-clang, r-patched-linux-x86_64, r-patched-solaris-sparc, r-patched-solaris-x86, r-release-linux-ix86, r-release-linux-x86_64, r-release-osx-x86_64-mavericks, r-release-osx-x86_64-snowleopard