CRAN Package Check Results for Package oro.pet

Last updated on 2014-08-29 23:48:53.

Flavor Version Tinstall Tcheck Ttotal Status Flags
r-devel-linux-x86_64-debian-clang 0.2.1 1.99 20.27 22.26 NOTE
r-devel-linux-x86_64-debian-gcc 0.2.1 1.44 19.13 20.57 NOTE
r-devel-linux-x86_64-fedora-clang 0.2.1 48.06 NOTE
r-devel-linux-x86_64-fedora-gcc 0.2.1 44.63 NOTE
r-devel-osx-x86_64-clang 0.2.1 42.18 NOTE
r-devel-windows-ix86+x86_64 0.2.1 4.00 29.00 33.00 NOTE
r-patched-linux-x86_64 0.2.1 1.56 22.02 23.58 NOTE
r-patched-solaris-sparc 0.2.1 306.30 NOTE
r-patched-solaris-x86 0.2.1 64.80 NOTE
r-release-linux-ix86 0.2.1 1.93 29.31 31.24 NOTE
r-release-linux-x86_64 0.2.1 1.76 22.43 24.19 NOTE
r-release-osx-x86_64-mavericks 0.2.1 NOTE
r-release-osx-x86_64-snowleopard 0.2.1 NOTE
r-release-windows-ix86+x86_64 0.2.1 5.00 34.00 39.00 OK
r-oldrel-windows-ix86+x86_64 0.2.1 5.00 40.00 45.00 OK

Check Details

Version: 0.2.1
Check: DESCRIPTION meta-information
Result: NOTE
    Deprecated license: BSD
Flavors: r-devel-linux-x86_64-debian-clang, r-devel-linux-x86_64-debian-gcc, r-devel-linux-x86_64-fedora-clang, r-devel-linux-x86_64-fedora-gcc, r-devel-osx-x86_64-clang, r-patched-linux-x86_64, r-patched-solaris-sparc, r-patched-solaris-x86, r-release-linux-ix86, r-release-linux-x86_64, r-release-osx-x86_64-mavericks, r-release-osx-x86_64-snowleopard

Version: 0.2.1
Check: R code for possible problems
Result: NOTE
    .standardUptakeValue: no visible global function definition for
     ‘str2date’
    .standardUptakeValue: no visible global function definition for
     ‘str2time’
    hillEquation: no visible global function definition for
     ‘nls.lm.control’
    hillEquation: no visible global function definition for ‘nls.lm’
    multilinearReferenceTissueModel: no visible global function definition
     for ‘deltamethod’
    occupancy: no visible global function definition for ‘deltamethod’
    simplifiedReferenceTissueModel: no visible global function definition
     for ‘nls.lm.control’
    simplifiedReferenceTissueModel: no visible global function definition
     for ‘nls.lm’
    simplifiedReferenceTissueModel: no visible global function definition
     for ‘deltamethod’
Flavors: r-devel-linux-x86_64-debian-clang, r-devel-linux-x86_64-debian-gcc, r-devel-linux-x86_64-fedora-clang, r-devel-linux-x86_64-fedora-gcc, r-devel-osx-x86_64-clang, r-devel-windows-ix86+x86_64