CRAN Package Check Results for Package oro.pet

Last updated on 2016-05-25 23:47:58.

Flavor Version Tinstall Tcheck Ttotal Status Flags
r-devel-linux-x86_64-debian-gcc 0.2.3 1.39 19.44 20.83 NOTE
r-devel-linux-x86_64-fedora-clang 0.2.3 39.55 NOTE
r-devel-linux-x86_64-fedora-gcc 0.2.3 36.78 NOTE
r-devel-osx-x86_64-clang 0.2.3 44.45 NOTE
r-devel-windows-ix86+x86_64 0.2.3 5.00 42.00 47.00 NOTE
r-patched-linux-x86_64 0.2.3 1.39 19.21 20.60 NOTE
r-patched-solaris-sparc 0.2.3 248.70 NOTE
r-patched-solaris-x86 0.2.3 50.30 NOTE
r-release-linux-x86_64 0.2.3 1.34 19.17 20.51 NOTE
r-release-osx-x86_64-mavericks 0.2.3 NOTE
r-release-windows-ix86+x86_64 0.2.3 6.00 41.00 47.00 NOTE
r-oldrel-windows-ix86+x86_64 0.2.3 4.00 39.00 43.00 NOTE

Check Details

Version: 0.2.3
Check: dependencies in R code
Result: NOTE
    'library' or 'require' call to ‘msm’ in package code.
     Please use :: or requireNamespace() instead.
     See section 'Suggested packages' in the 'Writing R Extensions' manual.
Flavors: r-devel-linux-x86_64-debian-gcc, r-devel-linux-x86_64-fedora-clang, r-devel-linux-x86_64-fedora-gcc, r-devel-osx-x86_64-clang, r-devel-windows-ix86+x86_64, r-patched-linux-x86_64, r-patched-solaris-sparc, r-patched-solaris-x86, r-release-linux-x86_64, r-release-osx-x86_64-mavericks, r-release-windows-ix86+x86_64, r-oldrel-windows-ix86+x86_64

Version: 0.2.3
Check: R code for possible problems
Result: NOTE
    compartmentalModel : <anonymous>: no visible global function definition
     for ‘approx’
    hillEquation: no visible global function definition for ‘coef’
    hotSpotSUV: no visible global function definition for ‘median’
    multilinearReferenceTissueModel: no visible global function definition
     for ‘approx’
    multilinearReferenceTissueModel: no visible global function definition
     for ‘lsfit’
    multilinearReferenceTissueModel: no visible global function definition
     for ‘residuals’
    multilinearReferenceTissueModel: no visible global function definition
     for ‘coefficients’
    plotBindingPotential: no visible global function definition for ‘plot’
    plotBindingPotential: no visible global function definition for
     ‘abline’
    plotBindingPotential: no visible global function definition for ‘lsfit’
    plotBindingPotential: no visible global function definition for
     ‘points’
    simplifiedReferenceTissueModel: no visible global function definition
     for ‘coef’
    totalSUV: no visible global function definition for ‘median’
    Undefined global functions or variables:
     abline approx coef coefficients lsfit median plot points residuals
    Consider adding
     importFrom("graphics", "abline", "plot", "points")
     importFrom("stats", "approx", "coef", "coefficients", "lsfit",
     "median", "residuals")
    to your NAMESPACE file.
Flavors: r-devel-linux-x86_64-debian-gcc, r-devel-linux-x86_64-fedora-clang, r-devel-linux-x86_64-fedora-gcc, r-devel-osx-x86_64-clang, r-devel-windows-ix86+x86_64, r-patched-linux-x86_64, r-patched-solaris-sparc, r-patched-solaris-x86, r-release-linux-x86_64, r-release-osx-x86_64-mavericks, r-release-windows-ix86+x86_64