CRAN Package Check Results for Package oro.pet

Last updated on 2018-05-23 08:49:02 CEST.

Flavor Version Tinstall Tcheck Ttotal Status Flags
r-devel-linux-x86_64-debian-clang 0.2.6 4.63 76.18 80.81 OK
r-devel-linux-x86_64-debian-gcc 0.2.6 5.68 60.41 66.09 OK
r-devel-linux-x86_64-fedora-clang 0.2.6 101.69 NOTE
r-devel-linux-x86_64-fedora-gcc 0.2.6 96.97 NOTE
r-devel-windows-ix86+x86_64 0.2.6 14.00 111.00 125.00 OK
r-patched-linux-x86_64 0.2.6 5.99 63.12 69.11 OK
r-patched-solaris-x86 0.2.6 131.30 NOTE
r-release-linux-x86_64 0.2.6 4.16 62.05 66.21 OK
r-release-windows-ix86+x86_64 0.2.6 14.00 74.00 88.00 OK
r-release-osx-x86_64 0.2.6 NOTE
r-oldrel-windows-ix86+x86_64 0.2.6 15.00 72.00 87.00 OK
r-oldrel-osx-x86_64 0.2.6 NOTE

Check Details

Version: 0.2.6
Check: dependencies in R code
Result: NOTE
    Namespace in Imports field not imported from: ‘grDevices’
     All declared Imports should be used.
Flavors: r-devel-linux-x86_64-fedora-clang, r-devel-linux-x86_64-fedora-gcc, r-patched-solaris-x86, r-release-osx-x86_64, r-oldrel-osx-x86_64