CRAN Package Check Results for Package oro.pet

Last updated on 2014-04-23 12:48:23.

Flavor Version Tinstall Tcheck Ttotal Status Flags
r-devel-linux-x86_64-debian-clang 0.2.1 1.72 23.50 25.22 NOTE
r-devel-linux-x86_64-debian-gcc 0.2.1 1.67 23.40 25.07 NOTE
r-devel-linux-x86_64-fedora-clang 0.2.1 53.67 NOTE
r-devel-linux-x86_64-fedora-gcc 0.2.1 50.57 NOTE
r-devel-osx-x86_64-clang 0.2.1 47.81 NOTE
r-devel-osx-x86_64-gcc 0.2.1 NOTE
r-devel-windows-ix86+x86_64 0.2.1 4.00 35.00 39.00 OK
r-patched-linux-x86_64 0.2.1 1.62 23.00 24.62 NOTE
r-patched-solaris-sparc 0.2.1 291.30 NOTE
r-patched-solaris-x86 0.2.1 65.10 NOTE
r-release-linux-ix86 0.2.1 3.00 40.00 43.00 NOTE
r-release-linux-x86_64 0.2.1 1.64 23.20 24.83 NOTE
r-release-osx-x86_64-mavericks 0.2.1 WARN
r-release-osx-x86_64-snowleopard 0.2.1 NOTE
r-release-windows-ix86+x86_64 0.2.1 5.00 34.00 39.00 OK
r-oldrel-windows-ix86+x86_64 0.2.1 5.00 35.00 40.00 OK

Check Details

Version: 0.2.1
Check: DESCRIPTION meta-information
Result: NOTE
    Deprecated license: BSD
Flavors: r-devel-linux-x86_64-debian-clang, r-devel-linux-x86_64-debian-gcc, r-devel-linux-x86_64-fedora-clang, r-devel-linux-x86_64-fedora-gcc, r-devel-osx-x86_64-clang, r-devel-osx-x86_64-gcc, r-patched-linux-x86_64, r-patched-solaris-sparc, r-patched-solaris-x86, r-release-linux-ix86, r-release-linux-x86_64, r-release-osx-x86_64-mavericks, r-release-osx-x86_64-snowleopard

Version: 0.2.1
Check: PDF version of manual
Result: WARNING
    LaTeX errors when creating PDF version.
    This typically indicates Rd problems.
    LaTeX errors found:
    ! LaTeX Error: File `upquote.sty' not found.
    
    Type X to quit or <RETURN> to proceed,
    or enter new name. (Default extension: sty)
    
    37a21b0b/Rd2.tex:8: ==> Fatal error occurred, no output PDF file produced!
Flavor: r-release-osx-x86_64-mavericks