CRAN Package Check Results for Package oro.pet

Last updated on 2014-09-02 22:47:44.

Flavor Version Tinstall Tcheck Ttotal Status Flags
r-devel-linux-x86_64-debian-clang 0.2.1 1.61 22.00 23.60 NOTE
r-devel-linux-x86_64-debian-gcc 0.2.1 1.49 19.57 21.06 NOTE
r-devel-linux-x86_64-fedora-clang 0.2.1 48.08 NOTE
r-devel-linux-x86_64-fedora-gcc 0.2.1 43.80 NOTE
r-devel-osx-x86_64-clang 0.2.1 41.71 NOTE
r-devel-windows-ix86+x86_64 0.2.1 5.00 30.00 35.00 NOTE
r-patched-linux-x86_64 0.2.1 1.55 21.88 23.43 NOTE
r-patched-solaris-sparc 0.2.1 306.30 NOTE
r-patched-solaris-x86 0.2.1 63.10 NOTE
r-release-linux-ix86 0.2.1 1.95 29.23 31.18 NOTE
r-release-linux-x86_64 0.2.1 1.57 23.05 24.62 NOTE
r-release-osx-x86_64-mavericks 0.2.1 NOTE
r-release-osx-x86_64-snowleopard 0.2.1 NOTE
r-release-windows-ix86+x86_64 0.2.1 4.00 36.00 40.00 OK
r-oldrel-windows-ix86+x86_64 0.2.1 5.00 33.00 38.00 OK

Check Details

Version: 0.2.1
Check: DESCRIPTION meta-information
Result: NOTE
    Deprecated license: BSD
Flavors: r-devel-linux-x86_64-debian-clang, r-devel-linux-x86_64-debian-gcc, r-devel-linux-x86_64-fedora-clang, r-devel-linux-x86_64-fedora-gcc, r-devel-osx-x86_64-clang, r-patched-linux-x86_64, r-patched-solaris-sparc, r-patched-solaris-x86, r-release-linux-ix86, r-release-linux-x86_64, r-release-osx-x86_64-mavericks, r-release-osx-x86_64-snowleopard

Version: 0.2.1
Check: R code for possible problems
Result: NOTE
    .standardUptakeValue: no visible global function definition for
     ‘str2date’
    .standardUptakeValue: no visible global function definition for
     ‘str2time’
    hillEquation: no visible global function definition for
     ‘nls.lm.control’
    hillEquation: no visible global function definition for ‘nls.lm’
    multilinearReferenceTissueModel: no visible global function definition
     for ‘deltamethod’
    occupancy: no visible global function definition for ‘deltamethod’
    simplifiedReferenceTissueModel: no visible global function definition
     for ‘nls.lm.control’
    simplifiedReferenceTissueModel: no visible global function definition
     for ‘nls.lm’
    simplifiedReferenceTissueModel: no visible global function definition
     for ‘deltamethod’
Flavors: r-devel-linux-x86_64-debian-clang, r-devel-linux-x86_64-debian-gcc, r-devel-linux-x86_64-fedora-clang, r-devel-linux-x86_64-fedora-gcc, r-devel-osx-x86_64-clang, r-devel-windows-ix86+x86_64