CRAN Package Check Results for Package oro.pet

Last updated on 2015-03-31 08:51:29.

Flavor Version Tinstall Tcheck Ttotal Status Flags
r-devel-linux-x86_64-debian-clang 0.2.3 1.15 18.27 19.42 NOTE
r-devel-linux-x86_64-debian-gcc 0.2.3 1.12 17.47 18.60 NOTE
r-devel-linux-x86_64-fedora-clang 0.2.3 38.82 NOTE
r-devel-linux-x86_64-fedora-gcc 0.2.3 40.89 NOTE
r-devel-osx-x86_64-clang 0.2.3 41.82 NOTE
r-prerel-windows-ix86+x86_64 0.2.3 5.00 28.00 33.00 NOTE
r-prerel-linux-x86_64 0.2.3 1.56 17.11 18.66 NOTE
r-prerel-solaris-sparc 0.2.3 235.30 NOTE
r-prerel-solaris-x86 0.2.3 48.40 NOTE
r-release-linux-x86_64 0.2.3 1.56 22.62 24.17 NOTE
r-release-osx-x86_64-mavericks 0.2.3 OK
r-release-osx-x86_64-snowleopard 0.2.3 OK
r-release-windows-ix86+x86_64 0.2.3 6.00 38.00 44.00 NOTE
r-oldrel-windows-ix86+x86_64 0.2.3 6.00 37.00 43.00 OK

Check Details

Version: 0.2.3
Check: dependencies in R code
Result: NOTE
    'library' or 'require' call to ‘msm’ in package code.
     Please use :: or requireNamespace() instead.
     See section 'Suggested packages' in the 'Writing R Extensions' manual.
Flavors: r-devel-linux-x86_64-debian-clang, r-devel-linux-x86_64-debian-gcc, r-devel-linux-x86_64-fedora-clang, r-devel-linux-x86_64-fedora-gcc, r-devel-osx-x86_64-clang, r-prerel-windows-ix86+x86_64, r-prerel-linux-x86_64, r-prerel-solaris-sparc, r-prerel-solaris-x86, r-release-linux-x86_64, r-release-windows-ix86+x86_64