CRAN Package Check Results for Package oro.pet

Last updated on 2015-04-25 22:46:54.

Flavor Version Tinstall Tcheck Ttotal Status Flags
r-devel-linux-x86_64-debian-clang 0.2.3 1.14 17.63 18.77 NOTE
r-devel-linux-x86_64-debian-gcc 0.2.3 1.11 17.37 18.48 NOTE
r-devel-linux-x86_64-fedora-clang 0.2.3 39.37 NOTE
r-devel-linux-x86_64-fedora-gcc 0.2.3 35.21 NOTE
r-devel-osx-x86_64-clang 0.2.3 36.92 NOTE
r-devel-windows-ix86+x86_64 0.2.3 4.00 29.00 33.00 NOTE
r-patched-linux-x86_64 0.2.3 1.20 17.21 18.40 NOTE
r-patched-solaris-sparc 0.2.3 235.30 NOTE
r-patched-solaris-x86 0.2.3 49.20 NOTE
r-release-linux-x86_64 0.2.3 1.10 16.86 17.97 NOTE
r-release-osx-x86_64-mavericks 0.2.3 NOTE
r-release-osx-x86_64-snowleopard 0.2.3 NOTE
r-release-windows-ix86+x86_64 0.2.3 4.00 30.00 34.00 NOTE
r-oldrel-windows-ix86+x86_64 0.2.3 5.00 32.00 37.00 NOTE

Check Details

Version: 0.2.3
Check: dependencies in R code
Result: NOTE
    'library' or 'require' call to 'msm' in package code.
     Please use :: or requireNamespace() instead.
     See section 'Suggested packages' in the 'Writing R Extensions' manual.
Flavors: r-devel-windows-ix86+x86_64, r-release-windows-ix86+x86_64, r-oldrel-windows-ix86+x86_64