CRAN Package Check Results for Package oro.pet

Last updated on 2017-12-15 08:48:52 CET.

Flavor Version Tinstall Tcheck Ttotal Status Flags
r-devel-linux-x86_64-debian-clang 0.2.6 4.22 50.74 54.96 OK
r-devel-linux-x86_64-debian-gcc 0.2.6 2.69 45.82 48.51 OK
r-devel-linux-x86_64-fedora-clang 0.2.6 80.30 NOTE
r-devel-linux-x86_64-fedora-gcc 0.2.6 80.78 NOTE
r-devel-windows-ix86+x86_64 0.2.6 10.00 69.00 79.00 OK
r-patched-linux-x86_64 0.2.6 4.15 62.99 67.14 OK
r-patched-solaris-x86 0.2.6 126.10 NOTE
r-release-linux-x86_64 0.2.6 4.70 62.10 66.80 OK
r-release-windows-ix86+x86_64 0.2.6 8.00 69.00 77.00 OK
r-release-osx-x86_64 0.2.6 NOTE
r-oldrel-windows-ix86+x86_64 0.2.6 7.00 92.00 99.00 OK
r-oldrel-osx-x86_64 0.2.6 NOTE

Check Details

Version: 0.2.6
Check: dependencies in R code
Result: NOTE
    Namespace in Imports field not imported from: ‘grDevices’
     All declared Imports should be used.
Flavors: r-devel-linux-x86_64-fedora-clang, r-devel-linux-x86_64-fedora-gcc, r-patched-solaris-x86, r-release-osx-x86_64, r-oldrel-osx-x86_64