CRAN Package Check Results for Package oro.pet

Last updated on 2015-07-03 16:47:28.

Flavor Version Tinstall Tcheck Ttotal Status Flags
r-devel-linux-x86_64-debian-clang 0.2.3 1.52 19.99 21.51 NOTE
r-devel-linux-x86_64-debian-gcc 0.2.3 1.46 19.44 20.89 NOTE
r-devel-linux-x86_64-fedora-clang 0.2.3 42.45 NOTE
r-devel-linux-x86_64-fedora-gcc 0.2.3 40.15 NOTE
r-devel-osx-x86_64-clang 0.2.3 42.14 NOTE
r-devel-windows-ix86+x86_64 0.2.3 4.00 35.00 39.00 NOTE
r-patched-linux-x86_64 0.2.3 1.41 20.02 21.42 NOTE
r-patched-solaris-sparc 0.2.3 279.00 NOTE
r-patched-solaris-x86 0.2.3 58.60 NOTE
r-release-linux-x86_64 0.2.3 1.90 19.85 21.75 NOTE
r-release-osx-x86_64-mavericks 0.2.3 NOTE
r-release-windows-ix86+x86_64 0.2.3 7.00 36.00 43.00 NOTE
r-oldrel-windows-ix86+x86_64 0.2.3 7.00 46.00 53.00 NOTE

Check Details

Version: 0.2.3
Check: dependencies in R code
Result: NOTE
    'library' or 'require' call to ‘msm’ in package code.
     Please use :: or requireNamespace() instead.
     See section 'Suggested packages' in the 'Writing R Extensions' manual.
Flavors: r-devel-linux-x86_64-debian-clang, r-devel-linux-x86_64-debian-gcc, r-devel-linux-x86_64-fedora-clang, r-devel-linux-x86_64-fedora-gcc, r-devel-osx-x86_64-clang, r-devel-windows-ix86+x86_64, r-patched-linux-x86_64, r-patched-solaris-sparc, r-patched-solaris-x86, r-release-linux-x86_64, r-release-osx-x86_64-mavericks, r-release-windows-ix86+x86_64, r-oldrel-windows-ix86+x86_64

Version: 0.2.3
Check: R code for possible problems
Result: NOTE
    compartmentalModel : <anonymous>: no visible global function definition
     for ‘approx’
    hillEquation: no visible global function definition for ‘coef’
    hotSpotSUV: no visible global function definition for ‘median’
    multilinearReferenceTissueModel: no visible global function definition
     for ‘approx’
    multilinearReferenceTissueModel: no visible global function definition
     for ‘lsfit’
    multilinearReferenceTissueModel: no visible global function definition
     for ‘residuals’
    multilinearReferenceTissueModel: no visible global function definition
     for ‘coefficients’
    plotBindingPotential: no visible global function definition for ‘plot’
    plotBindingPotential: no visible global function definition for
     ‘abline’
    plotBindingPotential: no visible global function definition for ‘lsfit’
    plotBindingPotential: no visible global function definition for
     ‘points’
    simplifiedReferenceTissueModel: no visible global function definition
     for ‘coef’
    totalSUV: no visible global function definition for ‘median’
    Undefined global functions or variables:
     abline approx coef coefficients lsfit median plot points residuals
Flavors: r-devel-linux-x86_64-debian-clang, r-devel-linux-x86_64-debian-gcc, r-devel-linux-x86_64-fedora-clang, r-devel-linux-x86_64-fedora-gcc, r-devel-windows-ix86+x86_64