CRAN Package Check Results for Package oro.pet

Last updated on 2015-05-22 23:48:05.

Flavor Version Tinstall Tcheck Ttotal Status Flags
r-devel-linux-x86_64-debian-clang 0.2.3 1.42 20.69 22.10 NOTE
r-devel-linux-x86_64-debian-gcc 0.2.3 1.36 19.92 21.29 NOTE
r-devel-linux-x86_64-fedora-clang 0.2.3 45.78 NOTE
r-devel-linux-x86_64-fedora-gcc 0.2.3 42.52 NOTE
r-devel-osx-x86_64-clang 0.2.3 42.37 NOTE
r-devel-windows-ix86+x86_64 0.2.3 7.00 30.00 37.00 NOTE
r-patched-linux-x86_64 0.2.3 1.42 19.66 21.08 NOTE
r-patched-solaris-sparc 0.2.3 279.00 NOTE
r-patched-solaris-x86 0.2.3 58.50 NOTE
r-release-linux-x86_64 0.2.3 1.94 20.30 22.24 NOTE
r-release-osx-x86_64-mavericks 0.2.3 NOTE
r-release-osx-x86_64-snowleopard 0.2.3 NOTE
r-release-windows-ix86+x86_64 0.2.3 4.00 32.00 36.00 NOTE
r-oldrel-windows-ix86+x86_64 0.2.3 6.00 41.00 47.00 NOTE

Check Details

Version: 0.2.3
Check: dependencies in R code
Result: NOTE
    'library' or 'require' call to ‘msm’ in package code.
     Please use :: or requireNamespace() instead.
     See section 'Suggested packages' in the 'Writing R Extensions' manual.
Flavors: r-devel-linux-x86_64-debian-clang, r-devel-linux-x86_64-debian-gcc, r-devel-linux-x86_64-fedora-clang, r-devel-linux-x86_64-fedora-gcc, r-devel-osx-x86_64-clang, r-devel-windows-ix86+x86_64, r-patched-linux-x86_64, r-patched-solaris-sparc, r-patched-solaris-x86, r-release-linux-x86_64, r-release-osx-x86_64-mavericks, r-release-osx-x86_64-snowleopard, r-release-windows-ix86+x86_64, r-oldrel-windows-ix86+x86_64