CRAN Package Check Results for Package oro.pet

Last updated on 2017-10-18 08:48:22.

Flavor Version Tinstall Tcheck Ttotal Status Flags
r-devel-linux-x86_64-debian-clang 0.2.6 3.31 39.58 42.89 OK
r-devel-linux-x86_64-debian-gcc 0.2.6 3.76 42.00 45.77 OK
r-devel-linux-x86_64-fedora-clang 0.2.6 98.64 NOTE
r-devel-linux-x86_64-fedora-gcc 0.2.6 97.28 NOTE
r-devel-windows-ix86+x86_64 0.2.6 8.00 76.00 84.00 OK
r-patched-linux-x86_64 0.2.6 3.12 39.54 42.66 OK
r-patched-solaris-x86 0.2.6 132.10 NOTE
r-release-linux-x86_64 0.2.6 3.16 39.25 42.41 OK
r-release-windows-ix86+x86_64 0.2.6 12.00 71.00 83.00 OK
r-release-osx-x86_64 0.2.6 NOTE
r-oldrel-windows-ix86+x86_64 0.2.6 12.00 91.00 103.00 OK
r-oldrel-osx-x86_64 0.2.6 NOTE

Check Details

Version: 0.2.6
Check: dependencies in R code
Result: NOTE
    Namespace in Imports field not imported from: ‘grDevices’
     All declared Imports should be used.
Flavors: r-devel-linux-x86_64-fedora-clang, r-devel-linux-x86_64-fedora-gcc, r-patched-solaris-x86, r-release-osx-x86_64, r-oldrel-osx-x86_64