CRAN Package Check Results for Package orsk

Last updated on 2015-05-22 15:46:39.

Flavor Version Tinstall Tcheck Ttotal Status Flags
r-devel-linux-x86_64-debian-clang 1.0-1 0.87 39.97 40.84 NOTE
r-devel-linux-x86_64-debian-gcc 1.0-1 0.82 39.13 39.94 NOTE
r-devel-linux-x86_64-fedora-gcc 1.0-1 73.99 NOTE
r-devel-osx-x86_64-clang 1.0-1 67.05 NOTE
r-devel-windows-ix86+x86_64 1.0-1 7.00 65.00 72.00 NOTE
r-patched-linux-x86_64 1.0-1 0.81 49.74 50.54 NOTE
r-patched-solaris-sparc 1.0-1 330.20 NOTE
r-patched-solaris-x86 1.0-1 104.80 NOTE
r-release-linux-x86_64 1.0-1 0.80 39.64 40.44 NOTE
r-release-osx-x86_64-mavericks 1.0-1 NOTE
r-release-osx-x86_64-snowleopard 1.0-1 NOTE
r-release-windows-ix86+x86_64 1.0-1 5.00 58.00 63.00 NOTE
r-oldrel-windows-ix86+x86_64 1.0-1 6.00 54.00 60.00 OK

Check Details

Version: 1.0-1
Check: DESCRIPTION meta-information
Result: NOTE
    Malformed Description field: should contain one or more complete sentences.
Flavors: r-devel-linux-x86_64-debian-clang, r-devel-linux-x86_64-debian-gcc, r-devel-linux-x86_64-fedora-gcc, r-devel-osx-x86_64-clang, r-devel-windows-ix86+x86_64, r-patched-linux-x86_64, r-patched-solaris-sparc, r-patched-solaris-x86, r-release-linux-x86_64, r-release-osx-x86_64-mavericks, r-release-osx-x86_64-snowleopard, r-release-windows-ix86+x86_64