CRAN Package Check Results for Package orsk

Last updated on 2015-08-01 11:49:06.

Flavor Version Tinstall Tcheck Ttotal Status Flags
r-devel-linux-x86_64-debian-clang 1.0-1 0.91 38.58 39.49 NOTE
r-devel-linux-x86_64-debian-gcc 1.0-1 0.85 37.90 38.75 NOTE
r-devel-linux-x86_64-fedora-clang 1.0-1 73.66 NOTE
r-devel-linux-x86_64-fedora-gcc 1.0-1 73.84 NOTE
r-devel-osx-x86_64-clang 1.0-1 58.30 NOTE
r-devel-windows-ix86+x86_64 1.0-1 6.00 61.00 67.00 NOTE
r-patched-linux-x86_64 1.0-1 0.82 40.16 40.97 NOTE
r-patched-solaris-sparc 1.0-1 350.10 NOTE
r-patched-solaris-x86 1.0-1 104.60 NOTE
r-release-linux-x86_64 1.0-1 0.84 41.59 42.44 NOTE
r-release-osx-x86_64-mavericks 1.0-1 NOTE
r-release-windows-ix86+x86_64 1.0-1 9.00 91.00 100.00 NOTE
r-oldrel-windows-ix86+x86_64 1.0-1 7.00 75.00 82.00 OK

Check Details

Version: 1.0-1
Check: DESCRIPTION meta-information
Result: NOTE
    Malformed Description field: should contain one or more complete sentences.
Flavors: r-devel-linux-x86_64-debian-clang, r-devel-linux-x86_64-debian-gcc, r-devel-linux-x86_64-fedora-clang, r-devel-linux-x86_64-fedora-gcc, r-devel-osx-x86_64-clang, r-devel-windows-ix86+x86_64, r-patched-linux-x86_64, r-patched-solaris-sparc, r-patched-solaris-x86, r-release-linux-x86_64, r-release-osx-x86_64-mavericks, r-release-windows-ix86+x86_64

Version: 1.0-1
Check: R code for possible problems
Result: NOTE
    orsk: no visible global function definition for ‘qnorm’
    plot.orsk: no visible global function definition for ‘plot’
    Undefined global functions or variables:
     plot qnorm
    Consider adding
     importFrom("graphics", "plot")
     importFrom("stats", "qnorm")
    to your NAMESPACE.
Flavors: r-devel-linux-x86_64-debian-clang, r-devel-linux-x86_64-debian-gcc, r-devel-linux-x86_64-fedora-clang, r-devel-linux-x86_64-fedora-gcc, r-devel-windows-ix86+x86_64