CRAN Package Check Results for Package orsk

Last updated on 2015-04-19 11:51:15.

Flavor Version Tinstall Tcheck Ttotal Status Flags
r-devel-linux-x86_64-debian-clang 1.0-1 0.86 39.54 40.40 NOTE
r-devel-linux-x86_64-debian-gcc 1.0-1 0.82 40.65 41.46 NOTE
r-devel-linux-x86_64-fedora-clang 1.0-1 78.73 NOTE
r-devel-linux-x86_64-fedora-gcc 1.0-1 73.97 NOTE
r-devel-osx-x86_64-clang 1.0-1 67.12 NOTE
r-devel-windows-ix86+x86_64 1.0-1 6.00 60.00 66.00 NOTE
r-patched-linux-x86_64 1.0-1 0.86 41.50 42.36 NOTE
r-patched-solaris-sparc 1.0-1 330.20 NOTE
r-patched-solaris-x86 1.0-1 100.60 NOTE
r-release-linux-x86_64 1.0-1 0.79 40.72 41.51 NOTE
r-release-osx-x86_64-mavericks 1.0-1 NOTE
r-release-osx-x86_64-snowleopard 1.0-1 NOTE
r-release-windows-ix86+x86_64 1.0-1 3.00 64.00 67.00 NOTE
r-oldrel-windows-ix86+x86_64 1.0-1 5.00 83.00 88.00 OK

Check Details

Version: 1.0-1
Check: DESCRIPTION meta-information
Result: NOTE
    Malformed Description field: should contain one or more complete sentences.
Flavors: r-devel-linux-x86_64-debian-clang, r-devel-linux-x86_64-debian-gcc, r-devel-linux-x86_64-fedora-clang, r-devel-linux-x86_64-fedora-gcc, r-devel-osx-x86_64-clang, r-devel-windows-ix86+x86_64, r-patched-linux-x86_64, r-patched-solaris-sparc, r-patched-solaris-x86, r-release-linux-x86_64, r-release-osx-x86_64-mavericks, r-release-osx-x86_64-snowleopard, r-release-windows-ix86+x86_64