CRAN Package Check Results for Package orsk

Last updated on 2015-03-31 13:48:20.

Flavor Version Tinstall Tcheck Ttotal Status Flags
r-devel-linux-x86_64-debian-clang 1.0-1 0.85 46.18 47.03 NOTE
r-devel-linux-x86_64-debian-gcc 1.0-1 0.88 39.33 40.21 NOTE
r-devel-linux-x86_64-fedora-clang 1.0-1 76.67 NOTE
r-devel-linux-x86_64-fedora-gcc 1.0-1 89.35 NOTE
r-devel-osx-x86_64-clang 1.0-1 72.16 NOTE
r-prerel-windows-ix86+x86_64 1.0-1 6.00 58.00 64.00 NOTE
r-prerel-linux-x86_64 1.0-1 0.83 39.43 40.26 NOTE
r-prerel-solaris-sparc 1.0-1 330.20 NOTE
r-prerel-solaris-x86 1.0-1 99.50 NOTE
r-release-linux-x86_64 1.0-1 1.00 44.62 45.61 OK
r-release-osx-x86_64-mavericks 1.0-1 OK
r-release-osx-x86_64-snowleopard 1.0-1 OK
r-release-windows-ix86+x86_64 1.0-1 5.00 74.00 79.00 OK
r-oldrel-windows-ix86+x86_64 1.0-1 7.00 49.00 56.00 OK

Check Details

Version: 1.0-1
Check: DESCRIPTION meta-information
Result: NOTE
    Malformed Description field: should contain one or more complete sentences.
Flavors: r-devel-linux-x86_64-debian-clang, r-devel-linux-x86_64-debian-gcc, r-devel-linux-x86_64-fedora-clang, r-devel-linux-x86_64-fedora-gcc, r-devel-osx-x86_64-clang, r-prerel-windows-ix86+x86_64, r-prerel-linux-x86_64, r-prerel-solaris-sparc, r-prerel-solaris-x86