CRAN Package Check Results for Package orsk

Last updated on 2017-04-30 23:51:43.

Flavor Version Tinstall Tcheck Ttotal Status Flags
r-devel-linux-x86_64-debian-clang 1.0-2 0.93 32.85 33.78 NOTE
r-devel-linux-x86_64-debian-gcc 1.0-3 0.96 32.61 33.58 OK
r-devel-linux-x86_64-fedora-clang 1.0-3 41.46 OK --no-stop-on-test-error
r-devel-linux-x86_64-fedora-gcc 1.0-3 50.04 OK --no-stop-on-test-error
r-devel-windows-ix86+x86_64 1.0-3 7.00 86.00 93.00 OK
r-patched-linux-x86_64 1.0-2 0.96 38.57 39.53 NOTE
r-patched-solaris-sparc 1.0-2 265.10 OK
r-patched-solaris-x86 1.0-2 72.90 OK
r-release-linux-x86_64 1.0-3 1.04 32.39 33.42 OK
r-release-windows-ix86+x86_64 1.0-3 8.00 81.00 89.00 OK
r-release-osx-x86_64 1.0-3 OK
r-oldrel-windows-ix86+x86_64 1.0-3 7.00 62.00 69.00 OK
r-oldrel-osx-x86_64 1.0-3 OK

Check Details

Version: 1.0-2
Check: compiled code
Result: NOTE
    File ‘orsk/libs/orsk.so’:
     Found no calls to: ‘R_registerRoutines’, ‘R_useDynamicSymbols’
    
    It is good practice to register native routines and to disable symbol
    search.
    
    See ‘Writing portable packages’ in the ‘Writing R Extensions’ manual.
Flavors: r-devel-linux-x86_64-debian-clang, r-patched-linux-x86_64