CRAN Package Check Results for Package orsk

Last updated on 2015-06-30 22:47:28.

Flavor Version Tinstall Tcheck Ttotal Status Flags
r-devel-linux-x86_64-debian-clang 1.0-1 0.84 39.80 40.64 NOTE
r-devel-linux-x86_64-debian-gcc 1.0-1 0.77 39.94 40.70 NOTE
r-devel-linux-x86_64-fedora-clang 1.0-1 75.38 NOTE
r-devel-linux-x86_64-fedora-gcc 1.0-1 73.62 NOTE
r-devel-osx-x86_64-clang 1.0-1 64.94 NOTE
r-devel-windows-ix86+x86_64 1.0-1 8.00 65.00 73.00 NOTE
r-patched-linux-x86_64 1.0-1 0.78 39.32 40.10 NOTE
r-patched-solaris-sparc 1.0-1 347.20 NOTE
r-patched-solaris-x86 1.0-1 105.00 NOTE
r-release-linux-x86_64 1.0-1 0.80 39.77 40.57 NOTE
r-release-osx-x86_64-mavericks 1.0-1 NOTE
r-release-windows-ix86+x86_64 1.0-1 7.00 70.00 77.00 NOTE
r-oldrel-windows-ix86+x86_64 1.0-1 8.00 93.00 101.00 OK

Check Details

Version: 1.0-1
Check: DESCRIPTION meta-information
Result: NOTE
    Malformed Description field: should contain one or more complete sentences.
Flavors: r-devel-linux-x86_64-debian-clang, r-devel-linux-x86_64-debian-gcc, r-devel-linux-x86_64-fedora-clang, r-devel-linux-x86_64-fedora-gcc, r-devel-osx-x86_64-clang, r-devel-windows-ix86+x86_64, r-patched-linux-x86_64, r-patched-solaris-sparc, r-patched-solaris-x86, r-release-linux-x86_64, r-release-osx-x86_64-mavericks, r-release-windows-ix86+x86_64

Version: 1.0-1
Check: R code for possible problems
Result: NOTE
    orsk: no visible global function definition for ‘qnorm’
    plot.orsk: no visible global function definition for ‘plot’
Flavors: r-devel-linux-x86_64-debian-clang, r-devel-linux-x86_64-debian-gcc, r-devel-linux-x86_64-fedora-clang, r-devel-linux-x86_64-fedora-gcc, r-devel-windows-ix86+x86_64