CRAN Package Check Results for Package orsk

Last updated on 2017-02-22 03:47:38.

Flavor Version Tinstall Tcheck Ttotal Status Flags
r-devel-linux-x86_64-debian-clang 1.0-2 1.00 32.68 33.68 NOTE
r-devel-linux-x86_64-debian-gcc 1.0-2 0.96 32.40 33.36 NOTE
r-devel-linux-x86_64-fedora-clang 1.0-2 59.69 NOTE --no-stop-on-test-error
r-devel-linux-x86_64-fedora-gcc 1.0-2 58.23 NOTE --no-stop-on-test-error
r-devel-macos-x86_64-clang 1.0-2 45.21 NOTE --no-stop-on-test-error
r-devel-windows-ix86+x86_64 1.0-2 9.00 87.00 96.00 OK
r-patched-linux-x86_64 1.0-2 0.88 25.96 26.85 OK
r-patched-solaris-sparc 1.0-2 211.10 OK
r-patched-solaris-x86 1.0-2 60.20 OK
r-release-linux-x86_64 1.0-2 0.93 25.74 26.67 OK
r-release-osx-x86_64-mavericks 1.0-2 OK
r-release-windows-ix86+x86_64 1.0-2 16.00 74.00 90.00 OK
r-oldrel-windows-ix86+x86_64 1.0-2 8.00 137.00 145.00 OK

Check Details

Version: 1.0-2
Check: compiled code
Result: NOTE
    File ‘orsk/libs/orsk.so’:
     Found no calls to: ‘R_registerRoutines’, ‘R_useDynamicSymbols’
    
    It is good practice to register native routines and to disable symbol
    search.
    
    See ‘Writing portable packages’ in the ‘Writing R Extensions’ manual.
Flavors: r-devel-linux-x86_64-debian-clang, r-devel-linux-x86_64-debian-gcc

Version: 1.0-2
Flags: --no-stop-on-test-error
Check: compiled code
Result: NOTE
    File ‘orsk/libs/orsk.so’:
     Found no calls to: ‘R_registerRoutines’, ‘R_useDynamicSymbols’
    
    It is good practice to register native routines and to disable symbol
    search.
    
    See ‘Writing portable packages’ in the ‘Writing R Extensions’ manual.
Flavors: r-devel-linux-x86_64-fedora-clang, r-devel-linux-x86_64-fedora-gcc, r-devel-macos-x86_64-clang