CRAN Package Check Results for Package orthogonalsplinebasis

Last updated on 2019-04-25 15:54:09 CEST.

Flavor Version Tinstall Tcheck Ttotal Status Flags
r-devel-linux-x86_64-debian-clang 0.1.6 2.53 23.31 25.84 NOTE
r-devel-linux-x86_64-debian-gcc 0.1.6 2.21 19.14 21.35 NOTE
r-devel-linux-x86_64-fedora-clang 0.1.6 31.26 NOTE
r-devel-linux-x86_64-fedora-gcc 0.1.6 30.06 NOTE
r-devel-windows-ix86+x86_64 0.1.6 8.00 36.00 44.00 NOTE
r-patched-linux-x86_64 0.1.6 2.78 23.55 26.33 NOTE
r-patched-solaris-x86 0.1.6 48.00 NOTE
r-release-linux-x86_64 0.1.6 2.01 22.60 24.61 NOTE
r-release-windows-ix86+x86_64 0.1.6 4.00 37.00 41.00 NOTE
r-release-osx-x86_64 0.1.6 NOTE
r-oldrel-windows-ix86+x86_64 0.1.6 3.00 49.00 52.00 NOTE
r-oldrel-osx-x86_64 0.1.6 NOTE

Check Details

Version: 0.1.6
Check: R code for possible problems
Result: NOTE
    plot.SplineBasis: no visible global function definition for 'matplot'
    plot,SplineBasis-matrix: no visible global function definition for
     'matplot'
    plot,SplineBasis-missing: no visible global function definition for
     'matplot'
    Undefined global functions or variables:
     matplot
    Consider adding
     importFrom("graphics", "matplot")
    to your NAMESPACE file.
Flavors: r-devel-linux-x86_64-debian-clang, r-devel-linux-x86_64-debian-gcc, r-devel-linux-x86_64-fedora-clang, r-devel-linux-x86_64-fedora-gcc, r-devel-windows-ix86+x86_64, r-patched-linux-x86_64, r-patched-solaris-x86, r-release-linux-x86_64, r-release-windows-ix86+x86_64, r-release-osx-x86_64, r-oldrel-windows-ix86+x86_64, r-oldrel-osx-x86_64