CRAN Package Check Results for Package orthogonalsplinebasis

Last updated on 2019-07-22 13:47:02 CEST.

Flavor Version Tinstall Tcheck Ttotal Status Flags
r-devel-linux-x86_64-debian-clang 0.1.6 2.65 24.01 26.66 NOTE
r-devel-linux-x86_64-debian-gcc 0.1.6 2.23 19.46 21.69 NOTE
r-devel-linux-x86_64-fedora-clang 0.1.6 31.77 NOTE
r-devel-linux-x86_64-fedora-gcc 0.1.6 30.55 NOTE
r-devel-windows-ix86+x86_64 0.1.6 6.00 37.00 43.00 NOTE
r-patched-linux-x86_64 0.1.6 2.02 23.53 25.55 NOTE
r-patched-solaris-x86 0.1.6 50.80 NOTE
r-release-linux-x86_64 0.1.6 2.20 23.46 25.66 NOTE
r-release-windows-ix86+x86_64 0.1.6 6.00 51.00 57.00 NOTE
r-release-osx-x86_64 0.1.6 NOTE
r-oldrel-windows-ix86+x86_64 0.1.6 4.00 37.00 41.00 NOTE
r-oldrel-osx-x86_64 0.1.6 NOTE

Check Details

Version: 0.1.6
Check: R code for possible problems
Result: NOTE
    plot.SplineBasis: no visible global function definition for 'matplot'
    plot,SplineBasis-matrix: no visible global function definition for
     'matplot'
    plot,SplineBasis-missing: no visible global function definition for
     'matplot'
    Undefined global functions or variables:
     matplot
    Consider adding
     importFrom("graphics", "matplot")
    to your NAMESPACE file.
Flavors: r-devel-linux-x86_64-debian-clang, r-devel-linux-x86_64-debian-gcc, r-devel-linux-x86_64-fedora-clang, r-devel-linux-x86_64-fedora-gcc, r-devel-windows-ix86+x86_64, r-patched-linux-x86_64, r-patched-solaris-x86, r-release-linux-x86_64, r-release-windows-ix86+x86_64, r-release-osx-x86_64, r-oldrel-windows-ix86+x86_64, r-oldrel-osx-x86_64