CRAN Package Check Results for Package orthopolynom

Last updated on 2015-07-31 15:47:37.

Flavor Version Tinstall Tcheck Ttotal Status Flags
r-devel-linux-x86_64-debian-clang 1.0-5 1.49 18.38 19.87 NOTE
r-devel-linux-x86_64-debian-gcc 1.0-5 1.96 17.87 19.83 NOTE
r-devel-linux-x86_64-fedora-clang 1.0-5 37.62 NOTE
r-devel-linux-x86_64-fedora-gcc 1.0-5 34.83 NOTE
r-devel-osx-x86_64-clang 1.0-5 36.32 NOTE
r-devel-windows-ix86+x86_64 1.0-5 7.00 47.00 54.00 NOTE
r-patched-linux-x86_64 1.0-5 1.32 18.67 19.98 NOTE
r-patched-solaris-sparc 1.0-5 241.70 NOTE
r-patched-solaris-x86 1.0-5 49.90 NOTE
r-release-linux-x86_64 1.0-5 1.32 18.12 19.44 NOTE
r-release-osx-x86_64-mavericks 1.0-5 NOTE
r-release-windows-ix86+x86_64 1.0-5 5.00 38.00 43.00 NOTE
r-oldrel-windows-ix86+x86_64 1.0-5 8.00 36.00 44.00 NOTE

Check Details

Version: 1.0-5
Check: dependencies in R code
Result: NOTE
    'library' or 'require' call to ‘polynom’ which was already attached by Depends.
     Please remove these calls from your code.
    Package in Depends field not imported from: ‘polynom’
     These packages need to be imported from (in the NAMESPACE file)
     for when this namespace is loaded but not attached.
Flavors: r-devel-linux-x86_64-debian-clang, r-devel-linux-x86_64-debian-gcc, r-devel-linux-x86_64-fedora-clang, r-devel-linux-x86_64-fedora-gcc, r-devel-osx-x86_64-clang, r-devel-windows-ix86+x86_64, r-patched-linux-x86_64, r-patched-solaris-sparc, r-patched-solaris-x86, r-release-linux-x86_64, r-release-osx-x86_64-mavericks, r-release-windows-ix86+x86_64, r-oldrel-windows-ix86+x86_64

Version: 1.0-5
Check: R code for possible problems
Result: NOTE
    chebyshev.c.polynomials: no visible global function definition for
     ‘polynomial’
    chebyshev.s.polynomials: no visible global function definition for
     ‘polynomial’
    chebyshev.t.polynomials: no visible global function definition for
     ‘polynomial’
    chebyshev.u.polynomials: no visible global function definition for
     ‘polynomial’
    gegenbauer.polynomials: no visible global function definition for
     ‘polynomial’
    ghermite.h.polynomials: no visible global function definition for
     ‘polynomial’
    glaguerre.polynomials: no visible global function definition for
     ‘polynomial’
    hermite.h.polynomials: no visible global function definition for
     ‘polynomial’
    hermite.he.polynomials: no visible global function definition for
     ‘polynomial’
    jacobi.g.polynomials: no visible global function definition for
     ‘polynomial’
    jacobi.p.polynomials: no visible global function definition for
     ‘polynomial’
    legendre.polynomials: no visible global function definition for
     ‘polynomial’
    monic.polynomials: no visible global function definition for
     ‘polynomial’
    orthogonal.polynomials: no visible global function definition for
     ‘polynomial’
    orthonormal.polynomials: no visible global function definition for
     ‘polynomial’
    polynomial.derivatives: no visible global function definition for
     ‘deriv’
    polynomial.integrals: no visible global function definition for
     ‘integral’
    polynomial.values: no visible global function definition for ‘predict’
    schebyshev.t.polynomials: no visible global function definition for
     ‘polynomial’
    schebyshev.u.polynomials: no visible global function definition for
     ‘polynomial’
    slegendre.polynomials: no visible global function definition for
     ‘polynomial’
    Undefined global functions or variables:
     deriv integral polynomial predict
    Consider adding
     importFrom("stats", "deriv", "predict")
    to your NAMESPACE.
Flavors: r-devel-linux-x86_64-debian-clang, r-devel-linux-x86_64-debian-gcc, r-devel-linux-x86_64-fedora-clang, r-devel-linux-x86_64-fedora-gcc, r-devel-windows-ix86+x86_64

Version: 1.0-5
Check: R code for possible problems
Result: NOTE
    chebyshev.c.polynomials: no visible global function definition for
     ‘polynomial’
    chebyshev.s.polynomials: no visible global function definition for
     ‘polynomial’
    chebyshev.t.polynomials: no visible global function definition for
     ‘polynomial’
    chebyshev.u.polynomials: no visible global function definition for
     ‘polynomial’
    gegenbauer.polynomials: no visible global function definition for
     ‘polynomial’
    ghermite.h.polynomials: no visible global function definition for
     ‘polynomial’
    glaguerre.polynomials: no visible global function definition for
     ‘polynomial’
    hermite.h.polynomials: no visible global function definition for
     ‘polynomial’
    hermite.he.polynomials: no visible global function definition for
     ‘polynomial’
    jacobi.g.polynomials: no visible global function definition for
     ‘polynomial’
    jacobi.p.polynomials: no visible global function definition for
     ‘polynomial’
    legendre.polynomials: no visible global function definition for
     ‘polynomial’
    monic.polynomials: no visible global function definition for
     ‘polynomial’
    orthogonal.polynomials: no visible global function definition for
     ‘polynomial’
    orthonormal.polynomials: no visible global function definition for
     ‘polynomial’
    polynomial.integrals: no visible global function definition for
     ‘integral’
    schebyshev.t.polynomials: no visible global function definition for
     ‘polynomial’
    schebyshev.u.polynomials: no visible global function definition for
     ‘polynomial’
    slegendre.polynomials: no visible global function definition for
     ‘polynomial’
    Undefined global functions or variables:
     integral polynomial
Flavor: r-devel-osx-x86_64-clang

Version: 1.0-5
Check: R code for possible problems
Result: NOTE
    chebyshev.c.polynomials: no visible global function definition for
     ‘polynomial’
    chebyshev.s.polynomials: no visible global function definition for
     ‘polynomial’
    chebyshev.t.polynomials: no visible global function definition for
     ‘polynomial’
    chebyshev.u.polynomials: no visible global function definition for
     ‘polynomial’
    gegenbauer.polynomials: no visible global function definition for
     ‘polynomial’
    ghermite.h.polynomials: no visible global function definition for
     ‘polynomial’
    glaguerre.polynomials: no visible global function definition for
     ‘polynomial’
    hermite.h.polynomials: no visible global function definition for
     ‘polynomial’
    hermite.he.polynomials: no visible global function definition for
     ‘polynomial’
    jacobi.g.polynomials: no visible global function definition for
     ‘polynomial’
    jacobi.p.polynomials: no visible global function definition for
     ‘polynomial’
    legendre.polynomials: no visible global function definition for
     ‘polynomial’
    monic.polynomials: no visible global function definition for
     ‘polynomial’
    orthogonal.polynomials: no visible global function definition for
     ‘polynomial’
    orthonormal.polynomials: no visible global function definition for
     ‘polynomial’
    polynomial.integrals: no visible global function definition for
     ‘integral’
    schebyshev.t.polynomials: no visible global function definition for
     ‘polynomial’
    schebyshev.u.polynomials: no visible global function definition for
     ‘polynomial’
    slegendre.polynomials: no visible global function definition for
     ‘polynomial’
Flavors: r-patched-linux-x86_64, r-patched-solaris-sparc, r-patched-solaris-x86, r-release-linux-x86_64, r-release-osx-x86_64-mavericks, r-release-windows-ix86+x86_64, r-oldrel-windows-ix86+x86_64