CRAN Package Check Results for Package orthopolynom

Last updated on 2017-01-20 23:50:39.

Flavor Version Tinstall Tcheck Ttotal Status Flags
r-devel-linux-x86_64-debian-clang 1.0-5 1.49 21.74 23.22 NOTE
r-devel-linux-x86_64-debian-gcc 1.0-5 1.45 21.32 22.77 NOTE
r-devel-linux-x86_64-fedora-clang 1.0-5 39.46 NOTE --no-stop-on-test-error
r-devel-linux-x86_64-fedora-gcc 1.0-5 37.14 NOTE --no-stop-on-test-error
r-devel-macos-x86_64-clang 1.0-5 35.84 NOTE --no-stop-on-test-error
r-devel-windows-ix86+x86_64 1.0-5 6.00 46.00 52.00 NOTE
r-patched-linux-x86_64 1.0-5 1.20 19.34 20.55 NOTE
r-patched-solaris-sparc 1.0-5 226.60 NOTE
r-patched-solaris-x86 1.0-5 44.00 NOTE
r-release-linux-x86_64 1.0-5 1.22 19.91 21.13 NOTE
r-release-osx-x86_64-mavericks 1.0-5 NOTE
r-release-windows-ix86+x86_64 1.0-5 8.00 53.00 61.00 NOTE
r-oldrel-windows-ix86+x86_64 1.0-5 9.00 54.00 63.00 NOTE

Check Details

Version: 1.0-5
Check: dependencies in R code
Result: NOTE
    'library' or 'require' call to ‘polynom’ which was already attached by Depends.
     Please remove these calls from your code.
    Package in Depends field not imported from: ‘polynom’
     These packages need to be imported from (in the NAMESPACE file)
     for when this namespace is loaded but not attached.
Flavors: r-devel-linux-x86_64-debian-clang, r-devel-linux-x86_64-debian-gcc, r-devel-windows-ix86+x86_64, r-patched-linux-x86_64, r-patched-solaris-sparc, r-patched-solaris-x86, r-release-linux-x86_64, r-release-osx-x86_64-mavericks, r-release-windows-ix86+x86_64, r-oldrel-windows-ix86+x86_64

Version: 1.0-5
Check: R code for possible problems
Result: NOTE
    chebyshev.c.polynomials: no visible global function definition for
     ‘polynomial’
    chebyshev.s.polynomials: no visible global function definition for
     ‘polynomial’
    chebyshev.t.polynomials: no visible global function definition for
     ‘polynomial’
    chebyshev.u.polynomials: no visible global function definition for
     ‘polynomial’
    gegenbauer.polynomials: no visible global function definition for
     ‘polynomial’
    ghermite.h.polynomials: no visible global function definition for
     ‘polynomial’
    glaguerre.polynomials: no visible global function definition for
     ‘polynomial’
    hermite.h.polynomials: no visible global function definition for
     ‘polynomial’
    hermite.he.polynomials: no visible global function definition for
     ‘polynomial’
    jacobi.g.polynomials: no visible global function definition for
     ‘polynomial’
    jacobi.p.polynomials: no visible global function definition for
     ‘polynomial’
    legendre.polynomials: no visible global function definition for
     ‘polynomial’
    monic.polynomials: no visible global function definition for
     ‘polynomial’
    orthogonal.polynomials: no visible global function definition for
     ‘polynomial’
    orthonormal.polynomials: no visible global function definition for
     ‘polynomial’
    polynomial.derivatives: no visible global function definition for
     ‘deriv’
    polynomial.integrals: no visible global function definition for
     ‘integral’
    polynomial.values: no visible global function definition for ‘predict’
    schebyshev.t.polynomials: no visible global function definition for
     ‘polynomial’
    schebyshev.u.polynomials: no visible global function definition for
     ‘polynomial’
    slegendre.polynomials: no visible global function definition for
     ‘polynomial’
    Undefined global functions or variables:
     deriv integral polynomial predict
    Consider adding
     importFrom("stats", "deriv", "predict")
    to your NAMESPACE file.
Flavors: r-devel-linux-x86_64-debian-clang, r-devel-linux-x86_64-debian-gcc, r-devel-windows-ix86+x86_64, r-patched-linux-x86_64, r-patched-solaris-sparc, r-patched-solaris-x86, r-release-linux-x86_64, r-release-osx-x86_64-mavericks, r-release-windows-ix86+x86_64

Version: 1.0-5
Flags: --no-stop-on-test-error
Check: dependencies in R code
Result: NOTE
    'library' or 'require' call to ‘polynom’ which was already attached by Depends.
     Please remove these calls from your code.
    Package in Depends field not imported from: ‘polynom’
     These packages need to be imported from (in the NAMESPACE file)
     for when this namespace is loaded but not attached.
Flavors: r-devel-linux-x86_64-fedora-clang, r-devel-linux-x86_64-fedora-gcc, r-devel-macos-x86_64-clang

Version: 1.0-5
Flags: --no-stop-on-test-error
Check: R code for possible problems
Result: NOTE
    chebyshev.c.polynomials: no visible global function definition for
     ‘polynomial’
    chebyshev.s.polynomials: no visible global function definition for
     ‘polynomial’
    chebyshev.t.polynomials: no visible global function definition for
     ‘polynomial’
    chebyshev.u.polynomials: no visible global function definition for
     ‘polynomial’
    gegenbauer.polynomials: no visible global function definition for
     ‘polynomial’
    ghermite.h.polynomials: no visible global function definition for
     ‘polynomial’
    glaguerre.polynomials: no visible global function definition for
     ‘polynomial’
    hermite.h.polynomials: no visible global function definition for
     ‘polynomial’
    hermite.he.polynomials: no visible global function definition for
     ‘polynomial’
    jacobi.g.polynomials: no visible global function definition for
     ‘polynomial’
    jacobi.p.polynomials: no visible global function definition for
     ‘polynomial’
    legendre.polynomials: no visible global function definition for
     ‘polynomial’
    monic.polynomials: no visible global function definition for
     ‘polynomial’
    orthogonal.polynomials: no visible global function definition for
     ‘polynomial’
    orthonormal.polynomials: no visible global function definition for
     ‘polynomial’
    polynomial.derivatives: no visible global function definition for
     ‘deriv’
    polynomial.integrals: no visible global function definition for
     ‘integral’
    polynomial.values: no visible global function definition for ‘predict’
    schebyshev.t.polynomials: no visible global function definition for
     ‘polynomial’
    schebyshev.u.polynomials: no visible global function definition for
     ‘polynomial’
    slegendre.polynomials: no visible global function definition for
     ‘polynomial’
    Undefined global functions or variables:
     deriv integral polynomial predict
    Consider adding
     importFrom("stats", "deriv", "predict")
    to your NAMESPACE file.
Flavors: r-devel-linux-x86_64-fedora-clang, r-devel-linux-x86_64-fedora-gcc, r-devel-macos-x86_64-clang

Version: 1.0-5
Check: R code for possible problems
Result: NOTE
    chebyshev.c.polynomials: no visible global function definition for
     'polynomial'
    chebyshev.s.polynomials: no visible global function definition for
     'polynomial'
    chebyshev.t.polynomials: no visible global function definition for
     'polynomial'
    chebyshev.u.polynomials: no visible global function definition for
     'polynomial'
    gegenbauer.polynomials: no visible global function definition for
     'polynomial'
    ghermite.h.polynomials: no visible global function definition for
     'polynomial'
    glaguerre.polynomials: no visible global function definition for
     'polynomial'
    hermite.h.polynomials: no visible global function definition for
     'polynomial'
    hermite.he.polynomials: no visible global function definition for
     'polynomial'
    jacobi.g.polynomials: no visible global function definition for
     'polynomial'
    jacobi.p.polynomials: no visible global function definition for
     'polynomial'
    legendre.polynomials: no visible global function definition for
     'polynomial'
    monic.polynomials: no visible global function definition for
     'polynomial'
    orthogonal.polynomials: no visible global function definition for
     'polynomial'
    orthonormal.polynomials: no visible global function definition for
     'polynomial'
    polynomial.integrals: no visible global function definition for
     'integral'
    schebyshev.t.polynomials: no visible global function definition for
     'polynomial'
    schebyshev.u.polynomials: no visible global function definition for
     'polynomial'
    slegendre.polynomials: no visible global function definition for
     'polynomial'
Flavor: r-oldrel-windows-ix86+x86_64