CRAN Package Check Results for Package orthopolynom

Last updated on 2014-04-23 17:47:49.

Flavor Version Tinstall Tcheck Ttotal Status Flags
r-devel-linux-x86_64-debian-clang 1.0-5 1.52 19.81 21.33 NOTE
r-devel-linux-x86_64-debian-gcc 1.0-5 1.42 20.80 22.22 NOTE
r-devel-linux-x86_64-fedora-clang 1.0-5 41.90 NOTE
r-devel-linux-x86_64-fedora-gcc 1.0-5 41.11 NOTE
r-devel-osx-x86_64-clang 1.0-5 41.00 NOTE
r-devel-osx-x86_64-gcc 1.0-5 NOTE
r-devel-windows-ix86+x86_64 1.0-5 4.00 29.00 33.00 NOTE
r-patched-linux-x86_64 1.0-5 1.41 20.17 21.58 NOTE
r-patched-solaris-sparc 1.0-5 233.60 NOTE
r-patched-solaris-x86 1.0-5 52.30 NOTE
r-release-linux-ix86 1.0-5 3.00 36.00 39.00 NOTE
r-release-linux-x86_64 1.0-5 1.46 20.03 21.49 NOTE
r-release-osx-x86_64-mavericks 1.0-5 NOTE
r-release-windows-ix86+x86_64 1.0-5 7.00 42.00 49.00 NOTE
r-oldrel-windows-ix86+x86_64 1.0-5 5.00 36.00 41.00 NOTE

Check Details

Version: 1.0-5
Check: dependencies in R code
Result: NOTE
    'library' or 'require' call to ‘polynom’ which was already attached by Depends.
     Please remove these calls from your code.
    Package in Depends field not imported from: ‘polynom’
     These packages need to be imported from (in the NAMESPACE file)
     for when this namespace is loaded but not attached.
    See the information on DESCRIPTION files in the chapter ‘Creating R
    packages’ of the ‘Writing R Extensions’ manual.
Flavors: r-devel-linux-x86_64-debian-clang, r-devel-linux-x86_64-debian-gcc, r-devel-linux-x86_64-fedora-clang, r-devel-linux-x86_64-fedora-gcc, r-devel-osx-x86_64-clang, r-devel-osx-x86_64-gcc, r-devel-windows-ix86+x86_64, r-patched-linux-x86_64, r-patched-solaris-sparc, r-patched-solaris-x86, r-release-linux-ix86, r-release-linux-x86_64, r-release-osx-x86_64-mavericks, r-release-windows-ix86+x86_64, r-oldrel-windows-ix86+x86_64