CRAN Package Check Results for Package osDesign

Last updated on 2014-04-20 21:46:52.

Flavor Version Tinstall Tcheck Ttotal Status Flags
r-devel-linux-x86_64-debian-clang 1.6 1.15 35.69 36.84 OK
r-devel-linux-x86_64-debian-gcc 1.6 1.16 37.73 38.89 OK
r-devel-linux-x86_64-fedora-clang 1.6 72.99 NOTE
r-devel-linux-x86_64-fedora-gcc 1.6 69.84 NOTE
r-devel-macosx-x86_64-clang 1.6 59.62 OK
r-devel-macosx-x86_64-gcc 1.6 OK
r-devel-windows-ix86+x86_64 1.6 3.00 50.00 53.00 OK
r-patched-linux-x86_64 1.6 1.16 35.43 36.59 OK
r-patched-solaris-sparc 1.6 394.80 OK
r-patched-solaris-x86 1.6 77.70 OK
r-release-linux-ix86 OK
r-release-linux-x86_64 1.6 1.16 35.79 36.95 OK
r-release-windows-ix86+x86_64 1.6 5.00 70.00 75.00 OK
r-oldrel-windows-ix86+x86_64 1.6 3.00 61.00 64.00 OK

Check Details

Version: 1.6
Check: Rd line widths
Result: NOTE
    Rd file 'infants.Rd':
     \examples lines wider than 100 characters:
     listAgg <- list(year=infants$year, smoker=infants$smoker, teen=infants$teen, lowgain=infants$lowgain, race=infants$race, male=infants$m ... [TRUNCATED]
    
    Rd file 'tpsSim.Rd':
     \examples lines wider than 100 characters:
     ## * note the use of 'etaTerms' to restrict to specific variables (the majority of which are created)
     fitM <- glm(death ~ smoker + teen + race + male + lowgain + lbw + weeks, data=infants, family=binomial)
    
    These lines will be truncated in the PDF manual.
Flavors: r-devel-linux-x86_64-fedora-clang, r-devel-linux-x86_64-fedora-gcc