CRAN Package Check Results for Package osDesign

Last updated on 2015-07-01 17:47:47.

Flavor Version Tinstall Tcheck Ttotal Status Flags
r-devel-linux-x86_64-debian-clang 1.7 1.72 19.96 21.69 NOTE
r-devel-linux-x86_64-debian-gcc 1.7 1.69 19.69 21.38 NOTE
r-devel-linux-x86_64-fedora-clang 1.7 38.85 NOTE
r-devel-linux-x86_64-fedora-gcc 1.7 36.53 NOTE
r-devel-osx-x86_64-clang 1.7 40.61 OK
r-devel-windows-ix86+x86_64 1.7 11.00 47.00 58.00 OK
r-patched-linux-x86_64 1.7 1.62 20.59 22.21 OK
r-patched-solaris-sparc 1.7 271.30 OK
r-patched-solaris-x86 1.7 55.70 OK
r-release-linux-x86_64 1.7 1.55 20.87 22.42 OK
r-release-osx-x86_64-mavericks 1.7 OK
r-release-windows-ix86+x86_64 1.7 11.00 43.00 54.00 OK
r-oldrel-windows-ix86+x86_64 1.7 13.00 40.00 53.00 OK

Check Details

Version: 1.7
Check: R code for possible problems
Result: NOTE
    ML: no visible global function definition for ‘glm’
    ML: no visible binding for global variable ‘binomial’
    ML: no visible global function definition for ‘glm.control’
    PL: no visible global function definition for ‘glm’
    PL: no visible binding for global variable ‘binomial’
    PL: no visible global function definition for ‘glm.control’
    WL: no visible global function definition for ‘glm’
    WL: no visible binding for global variable ‘binomial’
    WL: no visible global function definition for ‘glm.control’
    beta0: no visible global function definition for ‘optimize’
    ccPower: no visible global function definition for ‘as.formula’
    ccPower: no visible global function definition for ‘rbinom’
    ccPower: no visible global function definition for ‘glm’
    ccPower: Error while checking: invalid ‘envir’ argument
    ccSim: no visible global function definition for ‘as.formula’
    ccSim: no visible global function definition for ‘rbinom’
    ccSim: no visible global function definition for ‘glm’
    ccSim: Error while checking: invalid ‘envir’ argument
    evalOC: no visible binding for global variable ‘median’
    evalOC: no visible binding for global variable ‘sd’
    evalOC: no visible binding for global variable ‘var’
    evalOC: no visible global function definition for ‘qnorm’
    hybdes: no visible global function definition for ‘nlm’
    hybdesEco: no visible global function definition for ‘nlm’
    log.altdecomp.beta: no visible global function definition for ‘dbinom’
    log.altdecomp.beta: no visible global function definition for ‘dnorm’
    log.altdecomp.beta: no visible global function definition for ‘dpois’
    log.altdecompECO.beta: no visible global function definition for
     ‘dbinom’
    log.altdecompECO.beta: no visible global function definition for
     ‘dnorm’
    log.altdecompECO.beta: no visible global function definition for
     ‘dpois’
    log.ecportion.beta: no visible global function definition for ‘dbinom’
    log.ecportion.beta: no visible global function definition for ‘dnorm’
    log.ecportion.beta: no visible global function definition for ‘dpois’
    log.ecportionECO.beta: no visible global function definition for
     ‘dbinom’
    log.ecportionECO.beta: no visible global function definition for
     ‘dnorm’
    log.ecportionECO.beta: no visible global function definition for
     ‘dpois’
    plotPower: no visible global function definition for ‘plot’
    plotPower: no visible global function definition for ‘axis’
    plotPower: no visible global function definition for ‘lines’
    plotPower: no visible global function definition for ‘legend’
    rXhyper: no visible global function definition for ‘runif’
    summary.tps: no visible global function definition for ‘pnorm’
    tps: no visible global function definition for ‘model.extract’
    tps: no visible global function definition for ‘model.matrix’
    tpsPower: no visible global function definition for ‘as.formula’
    tpsPower: no visible global function definition for ‘rbinom’
    tpsPower: no visible global function definition for ‘glm’
    tpsPower: Error while checking: invalid ‘envir’ argument
    tpsSim: no visible global function definition for ‘combn’
    tpsSim: no visible global function definition for ‘as.formula’
    tpsSim: no visible global function definition for ‘rbinom’
    tpsSim: no visible global function definition for ‘glm’
    tpsSim: Error while checking: invalid ‘envir’ argument
Flavors: r-devel-linux-x86_64-debian-clang, r-devel-linux-x86_64-debian-gcc, r-devel-linux-x86_64-fedora-clang, r-devel-linux-x86_64-fedora-gcc