CRAN Package Check Results for Package osDesign

Last updated on 2014-07-29 13:47:01.

Flavor Version Tinstall Tcheck Ttotal Status Flags
r-devel-linux-x86_64-debian-clang 1.6 1.11 34.72 35.83 OK
r-devel-linux-x86_64-debian-gcc 1.6 1.12 34.32 35.44 OK
r-devel-linux-x86_64-fedora-clang 1.6 79.72 NOTE
r-devel-linux-x86_64-fedora-gcc 1.6 69.46 NOTE
r-devel-osx-x86_64-clang 1.6 60.39 OK
r-devel-windows-ix86+x86_64 1.6 3.00 53.00 56.00 OK
r-patched-linux-x86_64 1.6 1.09 33.57 34.66 OK
r-patched-solaris-sparc 1.6 394.80 OK
r-patched-solaris-x86 1.6 78.10 OK
r-release-linux-ix86 1.6 1.62 42.98 44.60 OK
r-release-linux-x86_64 1.6 1.12 34.38 35.50 OK
r-release-osx-x86_64-mavericks 1.6 OK
r-release-windows-ix86+x86_64 1.6 4.00 50.00 54.00 OK
r-oldrel-windows-ix86+x86_64 1.6 3.00 61.00 64.00 OK

Check Details

Version: 1.6
Check: Rd line widths
Result: NOTE
    Rd file 'infants.Rd':
     \examples lines wider than 100 characters:
     listAgg <- list(year=infants$year, smoker=infants$smoker, teen=infants$teen, lowgain=infants$lowgain, race=infants$race, male=infants$m ... [TRUNCATED]
    
    Rd file 'tpsSim.Rd':
     \examples lines wider than 100 characters:
     ## * note the use of 'etaTerms' to restrict to specific variables (the majority of which are created)
     fitM <- glm(death ~ smoker + teen + race + male + lowgain + lbw + weeks, data=infants, family=binomial)
    
    These lines will be truncated in the PDF manual.
Flavors: r-devel-linux-x86_64-fedora-clang, r-devel-linux-x86_64-fedora-gcc