CRAN Package Check Results for Package osDesign

Last updated on 2015-08-30 17:48:21.

Flavor Version Tinstall Tcheck Ttotal Status Flags
r-devel-linux-x86_64-debian-clang 1.7 1.62 20.46 22.08 NOTE
r-devel-linux-x86_64-debian-gcc 1.7 1.58 19.92 21.50 NOTE
r-devel-linux-x86_64-fedora-clang 1.7 41.28 NOTE
r-devel-linux-x86_64-fedora-gcc 1.7 37.75 NOTE
r-devel-osx-x86_64-clang 1.7 38.09 OK
r-devel-windows-ix86+x86_64 1.7 17.00 36.00 53.00 NOTE
r-patched-linux-x86_64 1.7 1.58 21.12 22.70 OK
r-patched-solaris-sparc 1.7 267.20 OK
r-patched-solaris-x86 1.7 59.50 OK
r-release-linux-x86_64 1.7 1.59 20.67 22.26 OK
r-release-osx-x86_64-mavericks 1.7 OK
r-release-windows-ix86+x86_64 1.7 11.00 38.00 49.00 OK
r-oldrel-windows-ix86+x86_64 1.7 13.00 40.00 53.00 OK

Check Details

Version: 1.7
Check: R code for possible problems
Result: NOTE
    ML: no visible global function definition for ‘glm’
    ML: no visible binding for global variable ‘binomial’
    ML: no visible global function definition for ‘glm.control’
    PL: no visible global function definition for ‘glm’
    PL: no visible binding for global variable ‘binomial’
    PL: no visible global function definition for ‘glm.control’
    WL: no visible global function definition for ‘glm’
    WL: no visible binding for global variable ‘binomial’
    WL: no visible global function definition for ‘glm.control’
    beta0: no visible global function definition for ‘optimize’
    ccPower: no visible global function definition for ‘as.formula’
    ccPower: no visible global function definition for ‘rbinom’
    ccPower: no visible global function definition for ‘glm’
    ccPower: no visible global function definition for ‘binomial’
    ccSim: no visible global function definition for ‘as.formula’
    ccSim: no visible global function definition for ‘rbinom’
    ccSim: no visible global function definition for ‘glm’
    ccSim: no visible global function definition for ‘binomial’
    evalOC: no visible binding for global variable ‘median’
    evalOC: no visible binding for global variable ‘sd’
    evalOC: no visible binding for global variable ‘var’
    evalOC: no visible global function definition for ‘qnorm’
    hybdes: no visible global function definition for ‘nlm’
    hybdesEco: no visible global function definition for ‘nlm’
    log.altdecomp.beta: no visible global function definition for ‘dbinom’
    log.altdecomp.beta: no visible global function definition for ‘dnorm’
    log.altdecomp.beta: no visible global function definition for ‘dpois’
    log.altdecompECO.beta: no visible global function definition for
     ‘dbinom’
    log.altdecompECO.beta: no visible global function definition for
     ‘dnorm’
    log.altdecompECO.beta: no visible global function definition for
     ‘dpois’
    log.ecportion.beta: no visible global function definition for ‘dbinom’
    log.ecportion.beta: no visible global function definition for ‘dnorm’
    log.ecportion.beta: no visible global function definition for ‘dpois’
    log.ecportionECO.beta: no visible global function definition for
     ‘dbinom’
    log.ecportionECO.beta: no visible global function definition for
     ‘dnorm’
    log.ecportionECO.beta: no visible global function definition for
     ‘dpois’
    plotPower: no visible global function definition for ‘plot’
    plotPower: no visible global function definition for ‘axis’
    plotPower: no visible global function definition for ‘lines’
    plotPower: no visible global function definition for ‘legend’
    rXhyper: no visible global function definition for ‘runif’
    summary.tps: no visible global function definition for ‘pnorm’
    tps: no visible global function definition for ‘model.extract’
    tps: no visible global function definition for ‘model.matrix’
    tpsPower: no visible global function definition for ‘as.formula’
    tpsPower: no visible global function definition for ‘rbinom’
    tpsPower: no visible global function definition for ‘glm’
    tpsPower: no visible global function definition for ‘binomial’
    tpsPower: no visible global function definition for ‘qnorm’
    tpsSim: no visible global function definition for ‘combn’
    tpsSim: no visible global function definition for ‘as.formula’
    tpsSim: no visible global function definition for ‘rbinom’
    tpsSim: no visible global function definition for ‘glm’
    tpsSim: no visible global function definition for ‘binomial’
    tpsSim: no visible global function definition for ‘qnorm’
    Undefined global functions or variables:
     as.formula axis binomial combn dbinom dnorm dpois glm glm.control
     legend lines median model.extract model.matrix nlm optimize plot
     pnorm qnorm rbinom runif sd var
    Consider adding
     importFrom("graphics", "axis", "legend", "lines", "plot")
     importFrom("stats", "as.formula", "binomial", "dbinom", "dnorm",
     "dpois", "glm", "glm.control", "median", "model.extract",
     "model.matrix", "nlm", "optimize", "pnorm", "qnorm",
     "rbinom", "runif", "sd", "var")
     importFrom("utils", "combn")
    to your NAMESPACE.
Flavors: r-devel-linux-x86_64-debian-clang, r-devel-linux-x86_64-debian-gcc, r-devel-linux-x86_64-fedora-clang, r-devel-linux-x86_64-fedora-gcc, r-devel-windows-ix86+x86_64