CRAN Package Check Results for Package osDesign

Last updated on 2017-06-25 22:48:03.

Flavor Version Tinstall Tcheck Ttotal Status Flags
r-devel-linux-x86_64-debian-clang 1.7 1.99 24.05 26.04 NOTE
r-devel-linux-x86_64-debian-gcc 1.7 1.88 23.98 25.86 NOTE
r-devel-linux-x86_64-fedora-clang 1.7 43.94 NOTE
r-devel-linux-x86_64-fedora-gcc 1.7 41.77 NOTE
r-devel-windows-ix86+x86_64 1.7 14.00 46.00 60.00 NOTE
r-patched-linux-x86_64 1.7 1.82 23.64 25.46 NOTE
r-patched-solaris-sparc 1.7 272.10 NOTE
r-patched-solaris-x86 1.7 53.80 NOTE
r-release-linux-x86_64 1.7 1.91 24.06 25.98 NOTE
r-release-windows-ix86+x86_64 1.7 10.00 47.00 57.00 NOTE
r-release-osx-x86_64 1.7 NOTE
r-oldrel-windows-ix86+x86_64 1.7 8.00 45.00 53.00 NOTE
r-oldrel-osx-x86_64 1.7 NOTE

Additional issues

rchk

Check Details

Version: 1.7
Check: R code for possible problems
Result: NOTE
    ML: no visible global function definition for ‘glm’
    ML: no visible binding for global variable ‘binomial’
    ML: no visible global function definition for ‘glm.control’
    PL: no visible global function definition for ‘glm’
    PL: no visible binding for global variable ‘binomial’
    PL: no visible global function definition for ‘glm.control’
    WL: no visible global function definition for ‘glm’
    WL: no visible binding for global variable ‘binomial’
    WL: no visible global function definition for ‘glm.control’
    beta0: no visible global function definition for ‘optimize’
    ccPower: no visible global function definition for ‘as.formula’
    ccPower: no visible global function definition for ‘rbinom’
    ccPower: no visible global function definition for ‘glm’
    ccPower: no visible global function definition for ‘binomial’
    ccSim: no visible global function definition for ‘as.formula’
    ccSim: no visible global function definition for ‘rbinom’
    ccSim: no visible global function definition for ‘glm’
    ccSim: no visible global function definition for ‘binomial’
    evalOC: no visible binding for global variable ‘median’
    evalOC: no visible binding for global variable ‘sd’
    evalOC: no visible binding for global variable ‘var’
    evalOC: no visible global function definition for ‘qnorm’
    hybdes: no visible global function definition for ‘nlm’
    hybdesEco: no visible global function definition for ‘nlm’
    log.altdecomp.beta: no visible global function definition for ‘dbinom’
    log.altdecomp.beta: no visible global function definition for ‘dnorm’
    log.altdecomp.beta: no visible global function definition for ‘dpois’
    log.altdecompECO.beta: no visible global function definition for
     ‘dbinom’
    log.altdecompECO.beta: no visible global function definition for
     ‘dnorm’
    log.altdecompECO.beta: no visible global function definition for
     ‘dpois’
    log.ecportion.beta: no visible global function definition for ‘dbinom’
    log.ecportion.beta: no visible global function definition for ‘dnorm’
    log.ecportion.beta: no visible global function definition for ‘dpois’
    log.ecportionECO.beta: no visible global function definition for
     ‘dbinom’
    log.ecportionECO.beta: no visible global function definition for
     ‘dnorm’
    log.ecportionECO.beta: no visible global function definition for
     ‘dpois’
    plotPower: no visible global function definition for ‘plot’
    plotPower: no visible global function definition for ‘axis’
    plotPower: no visible global function definition for ‘lines’
    plotPower: no visible global function definition for ‘legend’
    rXhyper: no visible global function definition for ‘runif’
    summary.tps: no visible global function definition for ‘pnorm’
    tps: no visible global function definition for ‘model.extract’
    tps: no visible global function definition for ‘model.matrix’
    tpsPower: no visible global function definition for ‘as.formula’
    tpsPower: no visible global function definition for ‘rbinom’
    tpsPower: no visible global function definition for ‘glm’
    tpsPower: no visible global function definition for ‘binomial’
    tpsPower: no visible global function definition for ‘qnorm’
    tpsSim: no visible global function definition for ‘combn’
    tpsSim: no visible global function definition for ‘as.formula’
    tpsSim: no visible global function definition for ‘rbinom’
    tpsSim: no visible global function definition for ‘glm’
    tpsSim: no visible global function definition for ‘binomial’
    tpsSim: no visible global function definition for ‘qnorm’
    Undefined global functions or variables:
     as.formula axis binomial combn dbinom dnorm dpois glm glm.control
     legend lines median model.extract model.matrix nlm optimize plot
     pnorm qnorm rbinom runif sd var
    Consider adding
     importFrom("graphics", "axis", "legend", "lines", "plot")
     importFrom("stats", "as.formula", "binomial", "dbinom", "dnorm",
     "dpois", "glm", "glm.control", "median", "model.extract",
     "model.matrix", "nlm", "optimize", "pnorm", "qnorm",
     "rbinom", "runif", "sd", "var")
     importFrom("utils", "combn")
    to your NAMESPACE file.
Flavors: r-devel-linux-x86_64-debian-clang, r-devel-linux-x86_64-debian-gcc, r-devel-linux-x86_64-fedora-clang, r-devel-linux-x86_64-fedora-gcc, r-devel-windows-ix86+x86_64, r-patched-linux-x86_64, r-patched-solaris-sparc, r-patched-solaris-x86, r-release-linux-x86_64, r-release-windows-ix86+x86_64, r-release-osx-x86_64, r-oldrel-windows-ix86+x86_64, r-oldrel-osx-x86_64

Version: 1.7
Check: compiled code
Result: NOTE
    File ‘osDesign/libs/osDesign.so’:
     Found no calls to: ‘R_registerRoutines’, ‘R_useDynamicSymbols’
    
    It is good practice to register native routines and to disable symbol
    search.
    
    See ‘Writing portable packages’ in the ‘Writing R Extensions’ manual.
Flavors: r-devel-linux-x86_64-debian-clang, r-devel-linux-x86_64-debian-gcc, r-devel-linux-x86_64-fedora-clang, r-devel-linux-x86_64-fedora-gcc, r-patched-linux-x86_64, r-release-linux-x86_64