CRAN Package Check Results for Package osmar

Last updated on 2015-02-27 05:48:09.

Flavor Version Tinstall Tcheck Ttotal Status Flags
r-devel-linux-x86_64-debian-clang 1.1-7 1.78 26.42 28.20 NOTE
r-devel-linux-x86_64-debian-gcc 1.1-7 1.69 23.87 25.56 NOTE
r-devel-linux-x86_64-fedora-clang 1.1-7 54.84 NOTE
r-devel-linux-x86_64-fedora-gcc 1.1-7 51.37 NOTE
r-devel-osx-x86_64-clang 1.1-7 51.36 NOTE
r-devel-windows-ix86+x86_64 1.1-7 9.00 37.00 46.00 NOTE
r-patched-linux-x86_64 1.1-7 2.17 30.88 33.05 NOTE
r-patched-solaris-sparc 1.1-7 400.70 NOTE
r-patched-solaris-x86 1.1-7 89.40 NOTE
r-release-linux-ix86 1.1-7 2.52 38.18 40.71 NOTE
r-release-linux-x86_64 1.1-7 2.51 0.26 2.77 OK
r-release-osx-x86_64-mavericks 1.1-7 NOTE
r-release-osx-x86_64-snowleopard 1.1-7 NOTE
r-release-windows-ix86+x86_64 1.1-7 9.00 49.00 58.00 NOTE
r-oldrel-windows-ix86+x86_64 1.1-7 7.00 46.00 53.00 NOTE

Check Details

Version: 1.1-7
Check: dependencies in R code
Result: NOTE
    'library' or 'require' calls in package code:
     ‘igraph’ ‘sp’
     Please use :: or requireNamespace() instead.
     See section 'Suggested packages' in the 'Writing R Extensions' manual.
Flavors: r-devel-linux-x86_64-debian-clang, r-devel-linux-x86_64-debian-gcc, r-devel-linux-x86_64-fedora-clang, r-devel-linux-x86_64-fedora-gcc, r-devel-osx-x86_64-clang, r-devel-windows-ix86+x86_64, r-patched-linux-x86_64, r-patched-solaris-sparc, r-patched-solaris-x86

Version: 1.1-7
Check: R code for possible problems
Result: NOTE
    as_igraph : <anonymous>: no visible global function definition for
     ‘distHaversine’
    as_igraph: no visible global function definition for ‘graph.edgelist’
    as_igraph: no visible global function definition for ‘E’
    as_igraph: no visible global function definition for ‘E<-’
    as_sp_lines: no visible global function definition for ‘Lines’
    as_sp_points: no visible global function definition for
     ‘SpatialPointsDataFrame’
    as_sp_polygons: no visible global function definition for ‘Polygons’
    as_sp_polygons: no visible global function definition for
     ‘SpatialPolygons’
    as_sp_polygons: no visible global function definition for
     ‘SpatialPolygonsDataFrame’
    make_SLDF: no visible global function definition for ‘SpatialLines’
    make_SLDF: no visible global function definition for
     ‘SpatialLinesDataFrame’
    osm_crs: no visible global function definition for ‘CRS’
    ways_nodes2Line: no visible global function definition for ‘Line’
    ways_nodes2Polygon: no visible global function definition for ‘Polygon’
Flavors: r-devel-linux-x86_64-debian-clang, r-devel-linux-x86_64-debian-gcc, r-devel-linux-x86_64-fedora-clang, r-devel-linux-x86_64-fedora-gcc, r-devel-osx-x86_64-clang, r-devel-windows-ix86+x86_64, r-patched-linux-x86_64, r-patched-solaris-sparc, r-patched-solaris-x86, r-release-linux-ix86, r-release-osx-x86_64-mavericks, r-release-windows-ix86+x86_64

Version: 1.1-7
Check: data for non-ASCII characters
Result: NOTE
     Note: found 80 marked UTF-8 strings
Flavors: r-devel-linux-x86_64-debian-clang, r-devel-linux-x86_64-debian-gcc, r-devel-linux-x86_64-fedora-clang, r-devel-linux-x86_64-fedora-gcc, r-devel-osx-x86_64-clang, r-devel-windows-ix86+x86_64, r-patched-linux-x86_64, r-patched-solaris-sparc, r-patched-solaris-x86, r-release-linux-ix86, r-release-osx-x86_64-mavericks, r-release-osx-x86_64-snowleopard, r-release-windows-ix86+x86_64, r-oldrel-windows-ix86+x86_64