CRAN Package Check Results for Package osmar

Last updated on 2016-10-01 12:47:56.

Flavor Version Tinstall Tcheck Ttotal Status Flags
r-devel-linux-x86_64-debian-clang 1.1-7 1.79 25.51 27.30 NOTE
r-devel-linux-x86_64-debian-gcc 1.1-7 1.66 24.98 26.64 NOTE
r-devel-linux-x86_64-fedora-clang 1.1-7 50.28 NOTE
r-devel-linux-x86_64-fedora-gcc 1.1-7 43.53 NOTE
r-devel-macos-x86_64-clang 1.1-7 37.83 NOTE
r-devel-windows-ix86+x86_64 1.1-7 5.00 60.00 65.00 NOTE
r-patched-linux-x86_64 1.1-7 1.77 24.61 26.38 NOTE
r-patched-solaris-sparc 1.1-7 289.90 NOTE
r-patched-solaris-x86 1.1-7 62.40 NOTE
r-release-linux-x86_64 1.1-7 1.71 24.47 26.18 NOTE
r-release-osx-x86_64-mavericks 1.1-7 NOTE
r-release-windows-ix86+x86_64 1.1-7 5.00 65.00 70.00 NOTE
r-oldrel-windows-ix86+x86_64 1.1-7 12.00 63.00 75.00 NOTE

Check Details

Version: 1.1-7
Check: dependencies in R code
Result: NOTE
    'library' or 'require' calls in package code:
     ‘igraph’ ‘sp’
     Please use :: or requireNamespace() instead.
     See section 'Suggested packages' in the 'Writing R Extensions' manual.
Flavors: r-devel-linux-x86_64-debian-clang, r-devel-linux-x86_64-debian-gcc, r-devel-linux-x86_64-fedora-clang, r-devel-linux-x86_64-fedora-gcc, r-devel-macos-x86_64-clang, r-devel-windows-ix86+x86_64, r-patched-linux-x86_64, r-patched-solaris-sparc, r-patched-solaris-x86, r-release-linux-x86_64, r-release-osx-x86_64-mavericks, r-release-windows-ix86+x86_64, r-oldrel-windows-ix86+x86_64

Version: 1.1-7
Check: R code for possible problems
Result: NOTE
    as_igraph : <anonymous>: no visible global function definition for
     ‘distHaversine’
    as_igraph: no visible global function definition for ‘graph.edgelist’
    as_igraph: no visible global function definition for ‘E’
    as_igraph: no visible global function definition for ‘E<-’
    as_sp_lines: no visible global function definition for ‘Lines’
    as_sp_points: no visible global function definition for
     ‘SpatialPointsDataFrame’
    as_sp_polygons: no visible global function definition for ‘Polygons’
    as_sp_polygons: no visible global function definition for
     ‘SpatialPolygons’
    as_sp_polygons: no visible global function definition for
     ‘SpatialPolygonsDataFrame’
    make_SLDF: no visible global function definition for ‘SpatialLines’
    make_SLDF: no visible global function definition for
     ‘SpatialLinesDataFrame’
    osm_crs: no visible global function definition for ‘CRS’
    plot.osmar: no visible global function definition for ‘gray’
    plot_nodes: no visible global function definition for ‘points’
    plot_nodes: no visible global function definition for ‘plot’
    plot_ways: no visible global function definition for ‘plot’
    plot_ways: no visible global function definition for ‘lines’
    ways_nodes2Line: no visible global function definition for ‘Line’
    ways_nodes2Polygon: no visible global function definition for ‘Polygon’
    Undefined global functions or variables:
     CRS E E<- Line Lines Polygon Polygons SpatialLines
     SpatialLinesDataFrame SpatialPointsDataFrame SpatialPolygons
     SpatialPolygonsDataFrame distHaversine graph.edgelist gray lines plot
     points
    Consider adding
     importFrom("grDevices", "gray")
     importFrom("graphics", "lines", "plot", "points")
    to your NAMESPACE file.
Flavors: r-devel-linux-x86_64-debian-clang, r-devel-linux-x86_64-debian-gcc, r-devel-linux-x86_64-fedora-clang, r-devel-linux-x86_64-fedora-gcc, r-devel-macos-x86_64-clang, r-devel-windows-ix86+x86_64, r-patched-linux-x86_64, r-patched-solaris-sparc, r-patched-solaris-x86, r-release-linux-x86_64, r-release-osx-x86_64-mavericks, r-release-windows-ix86+x86_64

Version: 1.1-7
Check: data for non-ASCII characters
Result: NOTE
     Note: found 80 marked UTF-8 strings
Flavors: r-devel-linux-x86_64-fedora-clang, r-devel-linux-x86_64-fedora-gcc, r-devel-macos-x86_64-clang, r-patched-solaris-sparc, r-patched-solaris-x86, r-release-osx-x86_64-mavericks, r-oldrel-windows-ix86+x86_64

Version: 1.1-7
Check: R code for possible problems
Result: NOTE
    as_igraph : <anonymous>: no visible global function definition for
     'distHaversine'
    as_igraph: no visible global function definition for 'graph.edgelist'
    as_igraph: no visible global function definition for 'E'
    as_igraph: no visible global function definition for 'E<-'
    as_sp_lines: no visible global function definition for 'Lines'
    as_sp_points: no visible global function definition for
     'SpatialPointsDataFrame'
    as_sp_polygons: no visible global function definition for 'Polygons'
    as_sp_polygons: no visible global function definition for
     'SpatialPolygons'
    as_sp_polygons: no visible global function definition for
     'SpatialPolygonsDataFrame'
    make_SLDF: no visible global function definition for 'SpatialLines'
    make_SLDF: no visible global function definition for
     'SpatialLinesDataFrame'
    osm_crs: no visible global function definition for 'CRS'
    ways_nodes2Line: no visible global function definition for 'Line'
    ways_nodes2Polygon: no visible global function definition for 'Polygon'
Flavor: r-oldrel-windows-ix86+x86_64