CRAN Package Check Results for Package osmar

Last updated on 2015-03-29 11:51:22.

Flavor Version Tinstall Tcheck Ttotal Status Flags
r-devel-linux-x86_64-debian-clang 1.1-7 1.77 24.83 26.60 NOTE
r-devel-linux-x86_64-debian-gcc 1.1-7 1.71 24.32 26.02 NOTE
r-devel-linux-x86_64-fedora-clang 1.1-7 53.31 NOTE
r-devel-linux-x86_64-fedora-gcc 1.1-7 58.60 NOTE
r-devel-osx-x86_64-clang 1.1-7 55.07 NOTE
r-prerel-windows-ix86+x86_64 1.1-7 7.00 40.00 47.00 NOTE
r-prerel-linux-x86_64 1.1-7 1.71 24.06 25.76 NOTE
r-prerel-solaris-sparc 1.1-7 322.60 NOTE
r-prerel-solaris-x86 1.1-7 68.90 NOTE
r-release-linux-x86_64 1.1-7 2.19 31.06 33.25 NOTE
r-release-osx-x86_64-mavericks 1.1-7 NOTE
r-release-osx-x86_64-snowleopard 1.1-7 NOTE
r-release-windows-ix86+x86_64 1.1-7 7.00 49.00 56.00 NOTE
r-oldrel-windows-ix86+x86_64 1.1-7 8.00 48.00 56.00 NOTE

Check Details

Version: 1.1-7
Check: dependencies in R code
Result: NOTE
    'library' or 'require' calls in package code:
     ‘igraph’ ‘sp’
     Please use :: or requireNamespace() instead.
     See section 'Suggested packages' in the 'Writing R Extensions' manual.
Flavors: r-devel-linux-x86_64-debian-clang, r-devel-linux-x86_64-debian-gcc, r-devel-linux-x86_64-fedora-clang, r-devel-linux-x86_64-fedora-gcc, r-devel-osx-x86_64-clang, r-prerel-windows-ix86+x86_64, r-prerel-linux-x86_64, r-prerel-solaris-sparc, r-prerel-solaris-x86, r-release-linux-x86_64, r-release-windows-ix86+x86_64

Version: 1.1-7
Check: R code for possible problems
Result: NOTE
    as_igraph : <anonymous>: no visible global function definition for
     ‘distHaversine’
    as_igraph: no visible global function definition for ‘graph.edgelist’
    as_igraph: no visible global function definition for ‘E’
    as_igraph: no visible global function definition for ‘E<-’
    as_sp_lines: no visible global function definition for ‘Lines’
    as_sp_points: no visible global function definition for
     ‘SpatialPointsDataFrame’
    as_sp_polygons: no visible global function definition for ‘Polygons’
    as_sp_polygons: no visible global function definition for
     ‘SpatialPolygons’
    as_sp_polygons: no visible global function definition for
     ‘SpatialPolygonsDataFrame’
    make_SLDF: no visible global function definition for ‘SpatialLines’
    make_SLDF: no visible global function definition for
     ‘SpatialLinesDataFrame’
    osm_crs: no visible global function definition for ‘CRS’
    ways_nodes2Line: no visible global function definition for ‘Line’
    ways_nodes2Polygon: no visible global function definition for ‘Polygon’
Flavors: r-devel-linux-x86_64-debian-clang, r-devel-linux-x86_64-debian-gcc, r-devel-linux-x86_64-fedora-clang, r-devel-linux-x86_64-fedora-gcc, r-devel-osx-x86_64-clang, r-prerel-windows-ix86+x86_64, r-prerel-linux-x86_64, r-prerel-solaris-sparc, r-prerel-solaris-x86, r-release-linux-x86_64, r-release-osx-x86_64-mavericks, r-release-windows-ix86+x86_64

Version: 1.1-7
Check: data for non-ASCII characters
Result: NOTE
     Note: found 80 marked UTF-8 strings
Flavors: r-devel-linux-x86_64-debian-clang, r-devel-linux-x86_64-debian-gcc, r-devel-linux-x86_64-fedora-clang, r-devel-linux-x86_64-fedora-gcc, r-devel-osx-x86_64-clang, r-prerel-windows-ix86+x86_64, r-prerel-linux-x86_64, r-prerel-solaris-sparc, r-prerel-solaris-x86, r-release-linux-x86_64, r-release-osx-x86_64-mavericks, r-release-osx-x86_64-snowleopard, r-release-windows-ix86+x86_64, r-oldrel-windows-ix86+x86_64