CRAN Package Check Results for Package osmar

Last updated on 2014-11-26 15:47:34.

Flavor Version Tinstall Tcheck Ttotal Status Flags
r-devel-linux-x86_64-debian-clang 1.1-7 2.16 31.23 33.40 NOTE
r-devel-linux-x86_64-debian-gcc 1.1-7 2.02 30.31 32.34 NOTE
r-devel-linux-x86_64-fedora-clang 1.1-7 71.67 NOTE
r-devel-linux-x86_64-fedora-gcc 1.1-7 67.40 NOTE
r-devel-osx-x86_64-clang 1.1-7 61.46 NOTE
r-devel-windows-ix86+x86_64 1.1-7 7.00 43.00 50.00 NOTE
r-patched-linux-x86_64 1.1-7 2.55 30.44 32.99 NOTE
r-patched-solaris-sparc 1.1-7 376.40 NOTE
r-patched-solaris-x86 1.1-7 86.20 NOTE
r-release-linux-ix86 1.1-7 2.50 36.93 39.43 NOTE
r-release-linux-x86_64 1.1-7 2.14 30.65 32.79 NOTE
r-release-osx-x86_64-mavericks 1.1-7 NOTE
r-release-osx-x86_64-snowleopard 1.1-7 NOTE
r-release-windows-ix86+x86_64 1.1-7 7.00 50.00 57.00 NOTE
r-oldrel-windows-ix86+x86_64 1.1-7 8.00 43.00 51.00 NOTE

Check Details

Version: 1.1-7
Check: R code for possible problems
Result: NOTE
    as_igraph : <anonymous>: no visible global function definition for
     ‘distHaversine’
    as_igraph: no visible global function definition for ‘graph.edgelist’
    as_igraph: no visible global function definition for ‘E’
    as_igraph: no visible global function definition for ‘E<-’
    as_sp_lines: no visible global function definition for ‘Lines’
    as_sp_points: no visible global function definition for
     ‘SpatialPointsDataFrame’
    as_sp_polygons: no visible global function definition for ‘Polygons’
    as_sp_polygons: no visible global function definition for
     ‘SpatialPolygons’
    as_sp_polygons: no visible global function definition for
     ‘SpatialPolygonsDataFrame’
    make_SLDF: no visible global function definition for ‘SpatialLines’
    make_SLDF: no visible global function definition for
     ‘SpatialLinesDataFrame’
    osm_crs: no visible global function definition for ‘CRS’
    ways_nodes2Line: no visible global function definition for ‘Line’
    ways_nodes2Polygon: no visible global function definition for ‘Polygon’
Flavors: r-devel-linux-x86_64-debian-clang, r-devel-linux-x86_64-debian-gcc, r-devel-linux-x86_64-fedora-clang, r-devel-linux-x86_64-fedora-gcc, r-devel-osx-x86_64-clang, r-devel-windows-ix86+x86_64, r-patched-linux-x86_64, r-patched-solaris-sparc, r-patched-solaris-x86, r-release-linux-ix86, r-release-linux-x86_64, r-release-windows-ix86+x86_64

Version: 1.1-7
Check: data for non-ASCII characters
Result: NOTE
     Note: found 80 marked UTF-8 strings
Flavors: r-devel-linux-x86_64-debian-clang, r-devel-linux-x86_64-debian-gcc, r-devel-linux-x86_64-fedora-clang, r-devel-linux-x86_64-fedora-gcc, r-devel-osx-x86_64-clang, r-devel-windows-ix86+x86_64, r-patched-linux-x86_64, r-patched-solaris-sparc, r-patched-solaris-x86, r-release-linux-ix86, r-release-linux-x86_64, r-release-osx-x86_64-mavericks, r-release-osx-x86_64-snowleopard, r-release-windows-ix86+x86_64, r-oldrel-windows-ix86+x86_64