CRAN Package Check Results for Package osmar

Last updated on 2015-05-29 19:47:50.

Flavor Version Tinstall Tcheck Ttotal Status Flags
r-devel-linux-x86_64-debian-clang 1.1-7 1.77 24.44 26.21 NOTE
r-devel-linux-x86_64-debian-gcc 1.1-7 1.82 24.85 26.67 NOTE
r-devel-linux-x86_64-fedora-clang 1.1-7 54.04 NOTE
r-devel-linux-x86_64-fedora-gcc 1.1-7 50.11 NOTE
r-devel-osx-x86_64-clang 1.1-7 49.71 NOTE
r-devel-windows-ix86+x86_64 1.1-7 6.00 40.00 46.00 NOTE
r-patched-linux-x86_64 1.1-7 1.82 24.08 25.90 NOTE
r-patched-solaris-sparc 1.1-7 327.40 NOTE
r-patched-solaris-x86 1.1-7 74.80 NOTE
r-release-linux-x86_64 1.1-7 1.72 24.20 25.92 NOTE
r-release-osx-x86_64-mavericks 1.1-7 NOTE
r-release-osx-x86_64-snowleopard 1.1-7 ERROR
r-release-windows-ix86+x86_64 1.1-7 5.00 40.00 45.00 NOTE
r-oldrel-windows-ix86+x86_64 1.1-7 7.00 47.00 54.00 NOTE

Check Details

Version: 1.1-7
Check: dependencies in R code
Result: NOTE
    'library' or 'require' calls in package code:
     ‘igraph’ ‘sp’
     Please use :: or requireNamespace() instead.
     See section 'Suggested packages' in the 'Writing R Extensions' manual.
Flavors: r-devel-linux-x86_64-debian-clang, r-devel-linux-x86_64-debian-gcc, r-devel-linux-x86_64-fedora-clang, r-devel-linux-x86_64-fedora-gcc, r-devel-osx-x86_64-clang, r-devel-windows-ix86+x86_64, r-patched-linux-x86_64, r-patched-solaris-sparc, r-patched-solaris-x86, r-release-linux-x86_64, r-release-osx-x86_64-mavericks, r-release-windows-ix86+x86_64, r-oldrel-windows-ix86+x86_64

Version: 1.1-7
Check: R code for possible problems
Result: NOTE
    as_igraph : <anonymous>: no visible global function definition for
     ‘distHaversine’
    as_igraph: no visible global function definition for ‘graph.edgelist’
    as_igraph: no visible global function definition for ‘E’
    as_igraph: no visible global function definition for ‘E<-’
    as_sp_lines: no visible global function definition for ‘Lines’
    as_sp_points: no visible global function definition for
     ‘SpatialPointsDataFrame’
    as_sp_polygons: no visible global function definition for ‘Polygons’
    as_sp_polygons: no visible global function definition for
     ‘SpatialPolygons’
    as_sp_polygons: no visible global function definition for
     ‘SpatialPolygonsDataFrame’
    make_SLDF: no visible global function definition for ‘SpatialLines’
    make_SLDF: no visible global function definition for
     ‘SpatialLinesDataFrame’
    osm_crs: no visible global function definition for ‘CRS’
    ways_nodes2Line: no visible global function definition for ‘Line’
    ways_nodes2Polygon: no visible global function definition for ‘Polygon’
Flavors: r-devel-linux-x86_64-debian-clang, r-devel-linux-x86_64-debian-gcc, r-devel-linux-x86_64-fedora-clang, r-devel-linux-x86_64-fedora-gcc, r-devel-osx-x86_64-clang, r-devel-windows-ix86+x86_64, r-patched-linux-x86_64, r-patched-solaris-sparc, r-patched-solaris-x86, r-release-linux-x86_64, r-release-osx-x86_64-mavericks, r-release-windows-ix86+x86_64, r-oldrel-windows-ix86+x86_64

Version: 1.1-7
Check: data for non-ASCII characters
Result: NOTE
     Note: found 80 marked UTF-8 strings
Flavors: r-devel-linux-x86_64-debian-clang, r-devel-linux-x86_64-debian-gcc, r-devel-linux-x86_64-fedora-clang, r-devel-linux-x86_64-fedora-gcc, r-devel-osx-x86_64-clang, r-devel-windows-ix86+x86_64, r-patched-linux-x86_64, r-patched-solaris-sparc, r-patched-solaris-x86, r-release-linux-x86_64, r-release-osx-x86_64-mavericks, r-release-windows-ix86+x86_64, r-oldrel-windows-ix86+x86_64

Version: 1.1-7
Check: package dependencies
Result: ERROR
    Packages required but not available: ‘XML’ ‘geosphere’
    
    Package suggested but not available for checking: ‘igraph’
    
    See section ‘The DESCRIPTION file’ in the ‘Writing R Extensions’
    manual.
Flavor: r-release-osx-x86_64-snowleopard