CRAN Package Check Results for Package osmar

Last updated on 2014-07-29 07:49:00.

Flavor Version Tinstall Tcheck Ttotal Status Flags
r-devel-linux-x86_64-debian-clang 1.1-7 2.20 29.98 32.18 NOTE
r-devel-linux-x86_64-debian-gcc 1.1-7 2.81 29.26 32.08 NOTE
r-devel-linux-x86_64-fedora-clang 1.1-7 76.13 NOTE
r-devel-linux-x86_64-fedora-gcc 1.1-7 66.32 NOTE
r-devel-osx-x86_64-clang 1.1-7 59.69 NOTE
r-devel-windows-ix86+x86_64 1.1-7 8.00 44.00 52.00 NOTE
r-patched-linux-x86_64 1.1-7 2.20 29.39 31.59 NOTE
r-patched-solaris-sparc 1.1-7 377.50 NOTE
r-patched-solaris-x86 1.1-7 84.60 NOTE
r-release-linux-ix86 1.1-7 2.68 38.38 41.06 NOTE
r-release-linux-x86_64 1.1-7 2.28 30.00 32.28 NOTE
r-release-osx-x86_64-mavericks 1.1-7 NOTE
r-release-osx-x86_64-snowleopard 1.1-7 NOTE
r-release-windows-ix86+x86_64 1.1-7 7.00 50.00 57.00 NOTE
r-oldrel-windows-ix86+x86_64 1.1-7 7.00 46.00 53.00 NOTE

Check Details

Version: 1.1-7
Check: data for non-ASCII characters
Result: NOTE
     Note: found 80 marked UTF-8 strings
Flavors: r-devel-linux-x86_64-debian-clang, r-devel-linux-x86_64-debian-gcc, r-devel-linux-x86_64-fedora-clang, r-devel-linux-x86_64-fedora-gcc, r-devel-osx-x86_64-clang, r-devel-windows-ix86+x86_64, r-patched-linux-x86_64, r-patched-solaris-sparc, r-patched-solaris-x86, r-release-linux-ix86, r-release-linux-x86_64, r-release-osx-x86_64-mavericks, r-release-osx-x86_64-snowleopard, r-release-windows-ix86+x86_64, r-oldrel-windows-ix86+x86_64