CRAN Package Check Results for Package osmar

Last updated on 2014-04-18 09:49:23.

Flavor Version Tinstall Tcheck Ttotal Status Flags
r-devel-linux-x86_64-debian-clang 1.1-7 2.28 30.56 32.84 NOTE
r-devel-linux-x86_64-debian-gcc NOTE
r-devel-linux-x86_64-fedora-clang 1.1-7 73.70 NOTE
r-devel-linux-x86_64-fedora-gcc 1.1-7 67.61 NOTE
r-devel-macosx-x86_64-clang 1.1-7 62.76 NOTE
r-devel-macosx-x86_64-gcc 1.1-7 ERROR
r-devel-windows-ix86+x86_64 1.1-7 7.00 45.00 52.00 NOTE
r-patched-linux-x86_64 1.1-7 2.30 31.55 33.85 NOTE
r-patched-solaris-sparc 1.1-7 377.50 NOTE
r-patched-solaris-x86 1.1-7 90.40 NOTE
r-release-linux-ix86 1.1-7 5.00 53.00 58.00 NOTE
r-release-linux-x86_64 1.1-7 2.47 30.90 33.37 NOTE
r-release-macosx-x86_64 1.1-7 NOTE
r-release-windows-ix86+x86_64 1.1-7 6.00 46.00 52.00 NOTE
r-oldrel-windows-ix86+x86_64 1.1-7 7.00 43.00 50.00 NOTE

Check Details

Version: 1.1-7
Check: data for non-ASCII characters
Result: NOTE
     Note: found 80 marked UTF-8 strings
Flavors: r-devel-linux-x86_64-debian-clang, r-devel-linux-x86_64-debian-gcc, r-devel-linux-x86_64-fedora-clang, r-devel-linux-x86_64-fedora-gcc, r-devel-macosx-x86_64-clang, r-devel-windows-ix86+x86_64, r-patched-linux-x86_64, r-patched-solaris-sparc, r-patched-solaris-x86, r-release-linux-ix86, r-release-linux-x86_64, r-release-macosx-x86_64, r-release-windows-ix86+x86_64, r-oldrel-windows-ix86+x86_64

Version: 1.1-7
Check: package dependencies
Result: ERROR
    Packages required but not available: ‘XML’ ‘geosphere’
    
    Package suggested but not available for checking: ‘igraph’
    
    See the information on DESCRIPTION files in the chapter ‘Creating R
    packages’ of the ‘Writing R Extensions’ manual.
Flavor: r-devel-macosx-x86_64-gcc