CRAN Package Check Results for Package osmdata

Last updated on 2023-02-01 13:53:27 CET.

Flavor Version Tinstall Tcheck Ttotal Status Flags
r-devel-linux-x86_64-debian-clang 0.1.10 79.36 91.11 170.47 NOTE
r-devel-linux-x86_64-debian-gcc 0.1.10 71.96 69.47 141.43 NOTE
r-devel-linux-x86_64-fedora-clang 0.1.10 239.32 NOTE
r-devel-linux-x86_64-fedora-gcc 0.1.10 256.93 NOTE
r-devel-windows-x86_64 0.1.10 124.00 152.00 276.00 NOTE
r-patched-linux-x86_64 0.1.10 70.88 86.61 157.49 OK
r-release-linux-x86_64 0.1.10 69.81 83.17 152.98 OK
r-release-macos-arm64 0.1.10 71.00 NOTE
r-release-macos-x86_64 0.1.10 89.00 NOTE
r-release-windows-x86_64 0.1.10 115.00 162.00 277.00 NOTE
r-oldrel-macos-arm64 0.1.10 68.00 NOTE
r-oldrel-macos-x86_64 0.1.10 87.00 NOTE
r-oldrel-windows-ix86+x86_64 0.1.10 185.00 156.00 341.00 NOTE

Check Details

Version: 0.1.10
Check: C++ specification
Result: NOTE
     Specified C++11: please update to current default of C++17
Flavors: r-devel-linux-x86_64-debian-clang, r-devel-linux-x86_64-debian-gcc, r-devel-linux-x86_64-fedora-clang, r-devel-linux-x86_64-fedora-gcc, r-devel-windows-x86_64

Version: 0.1.10
Check: installed package size
Result: NOTE
     installed size is 5.9Mb
     sub-directories of 1Mb or more:
     doc 4.8Mb
Flavors: r-devel-linux-x86_64-fedora-clang, r-devel-windows-x86_64, r-release-macos-arm64, r-release-macos-x86_64, r-release-windows-x86_64, r-oldrel-macos-arm64, r-oldrel-macos-x86_64, r-oldrel-windows-ix86+x86_64