Last updated on 2022-05-16 20:52:51 CEST.
Flavor | Version | Tinstall | Tcheck | Ttotal | Status | Flags |
---|---|---|---|---|---|---|
r-devel-linux-x86_64-debian-clang | 0.4.0 | 7.04 | 109.06 | 116.10 | OK | |
r-devel-linux-x86_64-debian-gcc | 0.4.0 | 4.84 | 82.31 | 87.15 | OK | |
r-devel-linux-x86_64-fedora-clang | 0.4.0 | 131.90 | NOTE | |||
r-devel-linux-x86_64-fedora-gcc | 0.4.0 | 128.19 | NOTE | |||
r-devel-windows-x86_64 | 0.4.0 | 95.00 | 144.00 | 239.00 | OK | |
r-patched-linux-x86_64 | 0.4.0 | 7.10 | 104.19 | 111.29 | OK | |
r-release-linux-x86_64 | 0.4.0 | 6.62 | 103.27 | 109.89 | OK | |
r-release-macos-arm64 | 0.4.0 | 45.00 | NOTE | |||
r-release-macos-x86_64 | 0.4.0 | 64.00 | NOTE | |||
r-release-windows-x86_64 | 0.4.0 | 82.00 | 151.00 | 233.00 | OK | |
r-oldrel-macos-arm64 | 0.4.0 | 43.00 | NOTE | |||
r-oldrel-macos-x86_64 | 0.4.0 | 67.00 | NOTE | |||
r-oldrel-windows-ix86+x86_64 | 0.4.0 | 18.00 | 132.00 | 150.00 | OK |
Version: 0.4.0
Check: data for non-ASCII characters
Result: NOTE
Note: found 263 marked UTF-8 strings
Flavors: r-devel-linux-x86_64-fedora-clang, r-devel-linux-x86_64-fedora-gcc, r-release-macos-arm64, r-release-macos-x86_64, r-oldrel-macos-arm64, r-oldrel-macos-x86_64