CRAN Package Check Results for Package otinference

Last updated on 2020-08-10 20:47:00 CEST.

Flavor Version Tinstall Tcheck Ttotal Status Flags
r-devel-linux-x86_64-debian-clang 0.1.0 2.07 18.60 20.67 OK
r-devel-linux-x86_64-debian-gcc 0.1.0 1.56 14.74 16.30 OK
r-devel-linux-x86_64-fedora-clang 0.1.0 35.30 NOTE
r-devel-linux-x86_64-fedora-gcc 0.1.0 25.21 NOTE
r-devel-windows-ix86+x86_64 0.1.0 6.00 40.00 46.00 NOTE
r-patched-linux-x86_64 0.1.0 2.01 18.83 20.84 OK
r-patched-solaris-x86 0.1.0 38.70 NOTE
r-release-linux-x86_64 0.1.0 1.99 18.81 20.80 OK
r-release-macos-x86_64 0.1.0 NOTE
r-release-windows-ix86+x86_64 0.1.0 7.00 30.00 37.00 NOTE
r-oldrel-macos-x86_64 0.1.0 NOTE
r-oldrel-windows-ix86+x86_64 0.1.0 4.00 37.00 41.00 NOTE

Check Details

Version: 0.1.0
Check: package dependencies
Result: NOTE
    Package suggested but not available for checking: ‘Rcplex’
Flavors: r-devel-linux-x86_64-fedora-clang, r-devel-linux-x86_64-fedora-gcc, r-devel-windows-ix86+x86_64, r-patched-solaris-x86, r-release-macos-x86_64, r-release-windows-ix86+x86_64, r-oldrel-macos-x86_64, r-oldrel-windows-ix86+x86_64