CRAN Package Check Results for Package otsad

Last updated on 2020-08-12 19:50:00 CEST.

Flavor Version Tinstall Tcheck Ttotal Status Flags
r-devel-linux-x86_64-debian-clang 0.2.0 1.25 2.56 3.81 ERROR
r-devel-linux-x86_64-debian-gcc 0.2.0 5.30 54.32 59.62 OK
r-devel-linux-x86_64-fedora-clang 0.2.0 101.48 OK
r-devel-linux-x86_64-fedora-gcc 0.2.0 93.98 OK
r-devel-windows-ix86+x86_64 0.2.0 13.00 124.00 137.00 OK
r-patched-linux-x86_64 0.2.0 7.19 70.24 77.43 OK
r-patched-solaris-x86 0.2.0 123.30 OK
r-release-linux-x86_64 0.2.0 0.75 2.82 3.57 ERROR
r-release-macos-x86_64 0.2.0 OK
r-release-windows-ix86+x86_64 0.2.0 21.00 99.00 120.00 OK
r-oldrel-macos-x86_64 0.2.0 OK
r-oldrel-windows-ix86+x86_64 0.2.0 12.00 101.00 113.00 OK

Check Details

Version: 0.2.0
Check: package dependencies
Result: ERROR
    Package required but not available: 'plotly'
    
    See section 'The DESCRIPTION file' in the 'Writing R Extensions'
    manual.
Flavors: r-devel-linux-x86_64-debian-clang, r-release-linux-x86_64