CRAN Package Check Results for Package otsfeatures

Last updated on 2024-06-12 15:54:25 CEST.

Flavor Version Tinstall Tcheck Ttotal Status Flags
r-devel-linux-x86_64-debian-clang 1.0.0 6.09 39.29 45.38 OK
r-devel-linux-x86_64-debian-gcc 1.0.0 4.24 30.12 34.36 OK
r-devel-linux-x86_64-fedora-clang 1.0.0 57.57 NOTE
r-devel-linux-x86_64-fedora-gcc 1.0.0 53.81 NOTE
r-devel-windows-x86_64 1.0.0 6.00 55.00 61.00 OK
r-patched-linux-x86_64 1.0.0 4.99 37.58 42.57 OK
r-release-linux-x86_64 1.0.0 5.19 37.16 42.35 OK
r-release-macos-arm64 1.0.0 22.00 OK
r-release-macos-x86_64 1.0.0 30.00 OK
r-release-windows-x86_64 1.0.0 8.00 55.00 63.00 OK
r-oldrel-macos-arm64 1.0.0 25.00 OK
r-oldrel-macos-x86_64 1.0.0 30.00 OK
r-oldrel-windows-x86_64 1.0.0 8.00 60.00 68.00 OK

Check Details

Version: 1.0.0
Check: dependencies in R code
Result: NOTE Namespaces in Imports field not imported from: ‘Rdpack’ ‘astsa’ All declared Imports should be used. Flavors: r-devel-linux-x86_64-fedora-clang, r-devel-linux-x86_64-fedora-gcc