CRAN Package Check Results for Package ouch

Last updated on 2017-12-14 15:48:38 CET.

Flavor Version Tinstall Tcheck Ttotal Status Flags
r-devel-linux-x86_64-debian-clang 2.11-1 2.25 19.38 21.63 FAIL
r-devel-linux-x86_64-debian-gcc 2.11-1 1.76 17.39 19.15 FAIL
r-devel-linux-x86_64-fedora-clang 2.11-1 72.83 OK
r-devel-linux-x86_64-fedora-gcc 2.11-1 72.90 OK
r-devel-windows-ix86+x86_64 2.11-1 15.00 107.00 122.00 OK
r-patched-linux-x86_64 2.11-1 2.11 62.77 64.88 OK
r-patched-solaris-x86 2.11-1 93.30 OK
r-release-linux-x86_64 2.11-1 1.94 61.63 63.57 OK
r-release-windows-ix86+x86_64 2.11-1 11.00 156.00 167.00 OK
r-release-osx-x86_64 2.11-1 OK
r-oldrel-windows-ix86+x86_64 2.11-1 13.00 132.00 145.00 OK
r-oldrel-osx-x86_64 2.11-1 OK

Check Details

Version: 2.11-1
Check: pragmas in C/C++ headers and code
Result: FAIL
    
Flavors: r-devel-linux-x86_64-debian-clang, r-devel-linux-x86_64-debian-gcc