CRAN Package Check Results for Package ouch

Last updated on 2017-06-28 10:48:24.

Flavor Version Tinstall Tcheck Ttotal Status Flags
r-devel-linux-x86_64-debian-clang 2.9-2 1.79 18.35 20.14 NOTE
r-devel-linux-x86_64-debian-gcc 2.9-2 1.51 18.36 19.87 NOTE
r-devel-linux-x86_64-fedora-clang 2.9-2 34.53 NOTE
r-devel-linux-x86_64-fedora-gcc 2.9-2 33.31 NOTE
r-devel-windows-ix86+x86_64 2.9-2 11.00 42.00 53.00 OK
r-patched-linux-x86_64 2.9-2 1.98 18.54 20.53 NOTE
r-patched-solaris-sparc 2.9-2 205.30 OK
r-patched-solaris-x86 2.9-2 46.70 OK
r-release-linux-x86_64 2.9-2 1.44 18.49 19.93 NOTE
r-release-windows-ix86+x86_64 2.9-2 15.00 63.00 78.00 OK
r-release-osx-x86_64 2.9-2 OK
r-oldrel-windows-ix86+x86_64 2.9-2 10.00 58.00 68.00 OK
r-oldrel-osx-x86_64 2.9-2 OK

Check Details

Version: 2.9-2
Check: compiled code
Result: NOTE
    File ‘ouch/libs/ouch.so’:
     Found no calls to: ‘R_registerRoutines’, ‘R_useDynamicSymbols’
    
    It is good practice to register native routines and to disable symbol
    search.
    
    See ‘Writing portable packages’ in the ‘Writing R Extensions’ manual.
Flavors: r-devel-linux-x86_64-debian-clang, r-devel-linux-x86_64-debian-gcc, r-devel-linux-x86_64-fedora-clang, r-devel-linux-x86_64-fedora-gcc, r-patched-linux-x86_64, r-release-linux-x86_64