CRAN Package Check Results for Package ouch

Last updated on 2017-04-28 03:48:14.

Flavor Version Tinstall Tcheck Ttotal Status Flags
r-devel-linux-x86_64-debian-clang 2.9-2 1.69 18.49 20.18 NOTE
r-devel-linux-x86_64-debian-gcc 2.9-2 1.56 18.08 19.65 NOTE
r-devel-linux-x86_64-fedora-clang 2.9-2 35.64 NOTE --no-stop-on-test-error
r-devel-linux-x86_64-fedora-gcc 2.9-2 32.67 NOTE --no-stop-on-test-error
r-devel-windows-ix86+x86_64 2.9-2 8.00 61.00 69.00 OK
r-patched-linux-x86_64 2.9-2 1.60 18.49 20.09 NOTE
r-patched-solaris-sparc 2.9-2 205.30 OK
r-patched-solaris-x86 2.9-2 46.10 OK
r-release-linux-x86_64 2.9-2 1.59 18.29 19.88 NOTE
r-release-windows-ix86+x86_64 2.9-2 8.00 44.00 52.00 OK
r-release-osx-x86_64 2.9-2 OK
r-oldrel-windows-ix86+x86_64 2.9-2 14.00 42.00 56.00 OK
r-oldrel-osx-x86_64 2.9-2 OK

Check Details

Version: 2.9-2
Check: compiled code
Result: NOTE
    File ‘ouch/libs/ouch.so’:
     Found no calls to: ‘R_registerRoutines’, ‘R_useDynamicSymbols’
    
    It is good practice to register native routines and to disable symbol
    search.
    
    See ‘Writing portable packages’ in the ‘Writing R Extensions’ manual.
Flavors: r-devel-linux-x86_64-debian-clang, r-devel-linux-x86_64-debian-gcc, r-patched-linux-x86_64, r-release-linux-x86_64

Version: 2.9-2
Flags: --no-stop-on-test-error
Check: compiled code
Result: NOTE
    File ‘ouch/libs/ouch.so’:
     Found no calls to: ‘R_registerRoutines’, ‘R_useDynamicSymbols’
    
    It is good practice to register native routines and to disable symbol
    search.
    
    See ‘Writing portable packages’ in the ‘Writing R Extensions’ manual.
Flavors: r-devel-linux-x86_64-fedora-clang, r-devel-linux-x86_64-fedora-gcc