CRAN Package Check Results for Package outbreaker

Last updated on 2014-11-23 01:48:09.

Flavor Version Tinstall Tcheck Ttotal Status Flags
r-devel-linux-x86_64-debian-clang 1.1-3 5.05 42.82 47.86 WARN
r-devel-linux-x86_64-debian-gcc 1.1-3 5.26 39.82 45.08 WARN
r-devel-linux-x86_64-fedora-clang 1.1-3 94.49 WARN
r-devel-linux-x86_64-fedora-gcc 1.1-3 88.81 WARN
r-devel-osx-x86_64-clang 1.1-3 81.11 WARN
r-devel-windows-ix86+x86_64 1.1-3 23.00 94.00 117.00 WARN
r-patched-linux-x86_64 1.1-3 5.35 41.01 46.36 WARN
r-patched-solaris-sparc 1.1-3 557.60 WARN
r-patched-solaris-x86 1.1-3 120.90 WARN
r-release-linux-ix86 1.1-3 6.96 50.06 57.02 WARN
r-release-linux-x86_64 1.1-3 5.22 41.19 46.41 WARN
r-release-osx-x86_64-mavericks 1.1-3 ERROR
r-release-osx-x86_64-snowleopard 1.1-3 OK
r-release-windows-ix86+x86_64 1.1-3 33.00 97.00 130.00 WARN
r-oldrel-windows-ix86+x86_64 1.1-3 25.00 108.00 133.00 OK

Check Details

Version: 1.1-3
Check: dependencies in R code
Result: WARN
    'library' or 'require' call not declared from: ‘parallel’
    See the information on DESCRIPTION files in the chapter ‘Creating R
    packages’ of the ‘Writing R Extensions’ manual.
Flavors: r-devel-linux-x86_64-debian-clang, r-devel-linux-x86_64-debian-gcc, r-devel-linux-x86_64-fedora-clang, r-devel-linux-x86_64-fedora-gcc, r-devel-osx-x86_64-clang, r-devel-windows-ix86+x86_64, r-patched-linux-x86_64, r-patched-solaris-sparc, r-patched-solaris-x86, r-release-linux-ix86, r-release-linux-x86_64, r-release-windows-ix86+x86_64

Version: 1.1-3
Check: whether package can be installed
Result: ERROR
    Installation failed.
Flavor: r-release-osx-x86_64-mavericks