CRAN Package Check Results for Package outbreaker

Last updated on 2014-04-23 20:47:17.

Flavor Version Tinstall Tcheck Ttotal Status Flags
r-devel-linux-x86_64-debian-clang 1.1-1 4.88 42.90 47.77 OK
r-devel-linux-x86_64-debian-gcc 1.1-1 5.37 42.58 47.95 OK
r-devel-linux-x86_64-fedora-clang 1.1-1 97.14 OK
r-devel-linux-x86_64-fedora-gcc 1.1-1 93.25 OK
r-devel-osx-x86_64-clang 1.1-1 101.28 OK
r-devel-osx-x86_64-gcc 1.1-1 ERROR
r-devel-windows-ix86+x86_64 1.1-1 21.00 96.00 117.00 OK
r-patched-linux-x86_64 1.1-1 5.38 44.95 50.33 OK
r-patched-solaris-sparc 1.1-1 339.50 OK
r-patched-solaris-x86 1.1-1 124.20 OK
r-release-linux-ix86 1.1-1 10.00 78.00 88.00 OK
r-release-linux-x86_64 1.1-1 5.54 42.83 48.37 OK
r-release-osx-x86_64-mavericks 1.1-1 ERROR
r-release-osx-x86_64-snowleopard 1.1-1 OK
r-release-windows-ix86+x86_64 1.1-1 24.00 90.00 114.00 OK
r-oldrel-windows-ix86+x86_64 1.1-1 24.00 95.00 119.00 OK

Check Details

Version: 1.1-1
Check: package dependencies
Result: ERROR
    Packages required but not available: ‘igraph’ ‘adegenet’
    
    See the information on DESCRIPTION files in the chapter ‘Creating R
    packages’ of the ‘Writing R Extensions’ manual.
Flavor: r-devel-osx-x86_64-gcc

Version: 1.1-1
Check: whether package can be installed
Result: ERROR
    Installation failed.
    See ‘/Builds/CRAN-QA-Simon/packages/mavericks-x86_64/results/3.1/outbreaker.Rcheck/00install.out’ for details.
Flavor: r-release-osx-x86_64-mavericks