CRAN Package Check Results for Package outbreaker

Last updated on 2015-05-07 02:46:37.

Flavor Version Tinstall Tcheck Ttotal Status Flags
r-devel-linux-x86_64-debian-clang 1.1-5 3.81 28.56 32.38 OK
r-devel-linux-x86_64-debian-gcc 1.1-5 4.02 27.47 31.49 OK
r-devel-linux-x86_64-fedora-clang 1.1-5 68.24 OK
r-devel-linux-x86_64-fedora-gcc 1.1-5 60.23 OK
r-devel-osx-x86_64-clang 1.1-5 58.20 OK
r-devel-windows-ix86+x86_64 1.1-5 21.00 61.00 82.00 OK
r-patched-linux-x86_64 1.1-5 4.07 27.51 31.58 OK
r-patched-solaris-sparc 1.1-5 412.10 OK
r-patched-solaris-x86 1.1-5 89.70 OK
r-release-linux-x86_64 1.1-5 4.01 28.52 32.54 OK
r-release-osx-x86_64-mavericks 1.1-5 OK
r-release-osx-x86_64-snowleopard 1.1-5 ERROR
r-release-windows-ix86+x86_64 1.1-5 20.00 65.00 85.00 OK
r-oldrel-windows-ix86+x86_64 1.1-5 28.00 116.00 144.00 OK

Check Details

Version: 1.1-5
Check: package dependencies
Result: ERROR
    Packages required but not available: ‘igraph’ ‘adegenet’
    
    Package suggested but not available for checking: ‘OutbreakTools’
    
    See section ‘The DESCRIPTION file’ in the ‘Writing R Extensions’
    manual.
Flavor: r-release-osx-x86_64-snowleopard