CRAN Package Check Results for Package outbreaker

Last updated on 2017-01-16 17:49:25.

Flavor Version Tinstall Tcheck Ttotal Status Flags
r-devel-linux-x86_64-debian-clang 1.1-7 7.29 57.52 64.81 OK
r-devel-linux-x86_64-debian-gcc 1.1-7 7.39 57.01 64.40 OK
r-devel-linux-x86_64-fedora-clang 1.1-7 137.36 OK --no-stop-on-test-error
r-devel-linux-x86_64-fedora-gcc 1.1-7 131.28 NOTE --no-stop-on-test-error
r-devel-macos-x86_64-clang 1.1-7 104.21 OK --no-stop-on-test-error
r-devel-windows-ix86+x86_64 1.1-7 33.00 144.00 177.00 OK
r-patched-linux-x86_64 1.1-7 6.65 52.57 59.22 OK
r-patched-solaris-sparc 1.1-7 745.40 OK
r-patched-solaris-x86 1.1-7 173.80 OK
r-release-linux-x86_64 1.1-7 7.92 52.77 60.69 OK
r-release-osx-x86_64-mavericks 1.1-7 OK
r-release-windows-ix86+x86_64 1.1-7 47.00 127.00 174.00 OK
r-oldrel-windows-ix86+x86_64 1.1-7 31.00 212.00 243.00 OK

Check Details

Version: 1.1-7
Flags: --no-stop-on-test-error
Check: compiled code
Result: NOTE
    File ‘outbreaker/libs/outbreaker.so’:
     Found no calls to: ‘R_registerRoutines’, ‘R_useDynamicSymbols’
    
    It is good practice to use registered native symbols and disable symbol
    search.
    
    See ‘Writing portable packages’ in the ‘Writing R Extensions’ manual.
Flavor: r-devel-linux-x86_64-fedora-gcc