CRAN Package Check Results for Package outbreaker

Last updated on 2017-04-26 23:53:13.

Flavor Version Tinstall Tcheck Ttotal Status Flags
r-devel-linux-x86_64-debian-clang 1.1-7 7.43 58.67 66.11 NOTE
r-devel-linux-x86_64-debian-gcc 1.1-7 7.23 59.18 66.41 NOTE
r-devel-linux-x86_64-fedora-clang 1.1-7 151.38 NOTE --no-stop-on-test-error
r-devel-linux-x86_64-fedora-gcc 1.1-7 137.66 NOTE --no-stop-on-test-error
r-devel-windows-ix86+x86_64 1.1-7 47.00 143.00 190.00 OK
r-patched-linux-x86_64 1.1-7 7.05 58.32 65.38 NOTE
r-patched-solaris-sparc 1.1-7 829.50 OK
r-patched-solaris-x86 1.1-7 188.30 OK
r-release-linux-x86_64 1.1-7 6.87 58.25 65.12 NOTE
r-release-windows-ix86+x86_64 1.1-7 30.00 155.00 185.00 OK
r-release-osx-x86_64 1.1-7 OK
r-oldrel-windows-ix86+x86_64 1.1-7 29.00 180.00 209.00 OK
r-oldrel-osx-x86_64 1.1-7 OK

Check Details

Version: 1.1-7
Check: compiled code
Result: NOTE
    File ‘outbreaker/libs/outbreaker.so’:
     Found no calls to: ‘R_registerRoutines’, ‘R_useDynamicSymbols’
    
    It is good practice to register native routines and to disable symbol
    search.
    
    See ‘Writing portable packages’ in the ‘Writing R Extensions’ manual.
Flavors: r-devel-linux-x86_64-debian-clang, r-devel-linux-x86_64-debian-gcc, r-patched-linux-x86_64, r-release-linux-x86_64

Version: 1.1-7
Flags: --no-stop-on-test-error
Check: compiled code
Result: NOTE
    File ‘outbreaker/libs/outbreaker.so’:
     Found no calls to: ‘R_registerRoutines’, ‘R_useDynamicSymbols’
    
    It is good practice to register native routines and to disable symbol
    search.
    
    See ‘Writing portable packages’ in the ‘Writing R Extensions’ manual.
Flavors: r-devel-linux-x86_64-fedora-clang, r-devel-linux-x86_64-fedora-gcc