CRAN Package Check Results for Package outbreaker

Last updated on 2014-07-23 13:47:54.

Flavor Version Tinstall Tcheck Ttotal Status Flags
r-devel-linux-x86_64-debian-clang 1.1-3 4.86 40.76 45.62 OK
r-devel-linux-x86_64-debian-gcc 1.1-3 5.35 40.93 46.28 OK
r-devel-linux-x86_64-fedora-clang 1.1-3 97.97 OK
r-devel-linux-x86_64-fedora-gcc 1.1-3 93.93 OK
r-devel-osx-x86_64-clang 1.1-3 83.70 OK
r-devel-windows-ix86+x86_64 1.1-3 22.00 94.00 116.00 OK
r-patched-linux-x86_64 1.1-3 5.73 41.55 47.28 OK
r-patched-solaris-sparc 1.1-3 488.00 OK
r-patched-solaris-x86 1.1-3 124.20 OK
r-release-linux-ix86 1.1-3 6.98 56.55 63.53 OK
r-release-linux-x86_64 1.1-3 5.24 42.42 47.66 OK
r-release-osx-x86_64-mavericks 1.1-3 ERROR
r-release-osx-x86_64-snowleopard 1.1-3 OK
r-release-windows-ix86+x86_64 1.1-3 24.00 100.00 124.00 OK
r-oldrel-windows-ix86+x86_64 1.1-3 24.00 98.00 122.00 OK

Check Details

Version: 1.1-3
Check: whether package can be installed
Result: ERROR
    Installation failed.
    See ‘/Builds/CRAN-QA-Simon/packages/mavericks-x86_64/results/3.1/outbreaker.Rcheck/00install.out’ for details.
Flavor: r-release-osx-x86_64-mavericks