CRAN Package Check Results for Package outbreaker

Last updated on 2017-03-26 21:48:02.

Flavor Version Tinstall Tcheck Ttotal Status Flags
r-devel-linux-x86_64-debian-clang 1.1-7 7.70 58.43 66.13 NOTE
r-devel-linux-x86_64-debian-gcc 1.1-7 7.13 58.09 65.21 NOTE
r-devel-linux-x86_64-fedora-clang 1.1-7 142.82 NOTE --no-stop-on-test-error
r-devel-linux-x86_64-fedora-gcc 1.1-7 137.60 NOTE --no-stop-on-test-error
r-devel-macos-x86_64-clang 1.1-7 107.20 NOTE --no-stop-on-test-error
r-patched-linux-x86_64 1.1-7 7.30 58.18 65.48 NOTE
r-patched-solaris-sparc 1.1-7 829.50 OK
r-patched-solaris-x86 1.1-7 196.30 OK
r-release-linux-x86_64 1.1-7 6.87 53.32 60.19 OK
r-release-osx-x86_64-mavericks 1.1-7 OK
r-release-windows-ix86+x86_64 1.1-7 37.00 128.00 165.00 OK
r-oldrel-windows-ix86+x86_64 1.1-7 32.00 126.00 158.00 OK

Check Details

Version: 1.1-7
Check: compiled code
Result: NOTE
    File ‘outbreaker/libs/outbreaker.so’:
     Found no calls to: ‘R_registerRoutines’, ‘R_useDynamicSymbols’
    
    It is good practice to register native routines and to disable symbol
    search.
    
    See ‘Writing portable packages’ in the ‘Writing R Extensions’ manual.
Flavors: r-devel-linux-x86_64-debian-clang, r-devel-linux-x86_64-debian-gcc, r-patched-linux-x86_64

Version: 1.1-7
Flags: --no-stop-on-test-error
Check: compiled code
Result: NOTE
    File ‘outbreaker/libs/outbreaker.so’:
     Found no calls to: ‘R_registerRoutines’, ‘R_useDynamicSymbols’
    
    It is good practice to register native routines and to disable symbol
    search.
    
    See ‘Writing portable packages’ in the ‘Writing R Extensions’ manual.
Flavors: r-devel-linux-x86_64-fedora-clang, r-devel-linux-x86_64-fedora-gcc, r-devel-macos-x86_64-clang