CRAN Package Check Results for Package outbreaker

Last updated on 2014-08-01 23:48:24.

Flavor Version Tinstall Tcheck Ttotal Status Flags
r-devel-linux-x86_64-debian-clang 1.1-3 4.71 40.95 45.66 OK
r-devel-linux-x86_64-debian-gcc 1.1-3 5.12 41.28 46.40 OK
r-devel-linux-x86_64-fedora-clang 1.1-3 104.53 OK
r-devel-linux-x86_64-fedora-gcc 1.1-3 91.91 OK
r-devel-osx-x86_64-clang 1.1-3 82.42 OK
r-devel-windows-ix86+x86_64 1.1-3 23.00 97.00 120.00 OK
r-patched-linux-x86_64 1.1-3 5.34 42.00 47.35 OK
r-patched-solaris-sparc 1.1-3 543.90 OK
r-patched-solaris-x86 1.1-3 122.80 OK
r-release-linux-ix86 1.1-3 6.90 52.59 59.48 OK
r-release-linux-x86_64 1.1-3 5.44 41.20 46.64 OK
r-release-osx-x86_64-mavericks 1.1-3 ERROR
r-release-osx-x86_64-snowleopard 1.1-3 OK
r-release-windows-ix86+x86_64 1.1-3 35.00 142.00 177.00 OK
r-oldrel-windows-ix86+x86_64 1.1-3 27.00 148.00 175.00 OK

Check Details

Version: 1.1-3
Check: whether package can be installed
Result: ERROR
    Installation failed.
Flavor: r-release-osx-x86_64-mavericks