CRAN Package Check Results for Package outbreaker

Last updated on 2014-09-19 06:46:46.

Flavor Version Tinstall Tcheck Ttotal Status Flags
r-devel-linux-x86_64-debian-clang 1.1-3 4.87 40.83 45.70 WARN
r-devel-linux-x86_64-debian-gcc 1.1-3 5.32 39.77 45.09 WARN
r-devel-linux-x86_64-fedora-clang 1.1-3 95.00 WARN
r-devel-linux-x86_64-fedora-gcc 1.1-3 87.77 WARN
r-devel-osx-x86_64-clang 1.1-3 82.09 WARN
r-devel-windows-ix86+x86_64 1.1-3 22.00 93.00 115.00 WARN
r-patched-linux-x86_64 1.1-3 5.82 41.57 47.39 WARN
r-patched-solaris-sparc 1.1-3 557.60 WARN
r-patched-solaris-x86 1.1-3 119.50 WARN
r-release-linux-ix86 1.1-3 7.09 53.56 60.65 OK
r-release-linux-x86_64 1.1-3 5.35 42.51 47.86 OK
r-release-osx-x86_64-mavericks 1.1-3 ERROR
r-release-osx-x86_64-snowleopard 1.1-3 OK
r-release-windows-ix86+x86_64 1.1-3 23.00 101.00 124.00 OK
r-oldrel-windows-ix86+x86_64 1.1-3 24.00 105.00 129.00 OK

Check Details

Version: 1.1-3
Check: dependencies in R code
Result: WARN
    'library' or 'require' call not declared from: ‘parallel’
    See the information on DESCRIPTION files in the chapter ‘Creating R
    packages’ of the ‘Writing R Extensions’ manual.
Flavors: r-devel-linux-x86_64-debian-clang, r-devel-linux-x86_64-debian-gcc, r-devel-linux-x86_64-fedora-clang, r-devel-linux-x86_64-fedora-gcc, r-devel-osx-x86_64-clang, r-devel-windows-ix86+x86_64, r-patched-linux-x86_64, r-patched-solaris-sparc, r-patched-solaris-x86

Version: 1.1-3
Check: whether package can be installed
Result: ERROR
    Installation failed.
Flavor: r-release-osx-x86_64-mavericks