CRAN Package Check Results for Package outbreaker

Last updated on 2014-10-25 15:48:31.

Flavor Version Tinstall Tcheck Ttotal Status Flags
r-devel-linux-x86_64-debian-clang 1.1-3 5.05 39.77 44.82 WARN
r-devel-linux-x86_64-debian-gcc 1.1-3 5.12 40.82 45.94 WARN
r-devel-linux-x86_64-fedora-clang 1.1-3 93.29 WARN
r-devel-linux-x86_64-fedora-gcc 1.1-3 87.59 WARN
r-devel-osx-x86_64-clang 1.1-3 81.02 WARN
r-devel-windows-ix86+x86_64 1.1-3 25.00 91.00 116.00 WARN
r-patched-linux-x86_64 1.1-3 5.40 41.69 47.10 WARN
r-patched-solaris-sparc 1.1-3 557.60 WARN
r-patched-solaris-x86 1.1-3 122.80 WARN
r-release-linux-ix86 1.1-3 7.01 52.34 59.35 OK
r-release-linux-x86_64 1.1-3 5.27 41.51 46.78 OK
r-release-osx-x86_64-mavericks 1.1-3 ERROR
r-release-osx-x86_64-snowleopard 1.1-3 OK
r-release-windows-ix86+x86_64 1.1-3 26.00 105.00 131.00 OK
r-oldrel-windows-ix86+x86_64 1.1-3 25.00 99.00 124.00 OK

Check Details

Version: 1.1-3
Check: dependencies in R code
Result: WARN
    'library' or 'require' call not declared from: ‘parallel’
    See the information on DESCRIPTION files in the chapter ‘Creating R
    packages’ of the ‘Writing R Extensions’ manual.
Flavors: r-devel-linux-x86_64-debian-clang, r-devel-linux-x86_64-debian-gcc, r-devel-linux-x86_64-fedora-clang, r-devel-linux-x86_64-fedora-gcc, r-devel-osx-x86_64-clang, r-devel-windows-ix86+x86_64, r-patched-linux-x86_64, r-patched-solaris-sparc, r-patched-solaris-x86

Version: 1.1-3
Check: whether package can be installed
Result: ERROR
    Installation failed.
Flavor: r-release-osx-x86_64-mavericks