CRAN Package Check Results for Package outbreaker

Last updated on 2014-12-20 08:51:06.

Flavor Version Tinstall Tcheck Ttotal Status Flags
r-devel-linux-x86_64-debian-clang 1.1-4 5.64 39.56 45.20 OK
r-devel-linux-x86_64-debian-gcc 1.1-4 5.23 40.00 45.23 OK
r-devel-linux-x86_64-fedora-clang 1.1-4 95.07 OK
r-devel-linux-x86_64-fedora-gcc 1.1-4 84.78 OK
r-devel-osx-x86_64-clang 1.1-4 82.26 OK
r-devel-windows-ix86+x86_64 1.1-4 26.00 93.00 119.00 OK
r-patched-linux-x86_64 1.1-4 5.41 42.34 47.75 OK
r-patched-solaris-sparc 1.1-4 488.60 OK
r-patched-solaris-x86 1.1-4 121.40 OK
r-release-linux-ix86 1.1-4 6.81 50.00 56.81 OK
r-release-linux-x86_64 1.1-4 5.30 41.85 47.15 OK
r-release-osx-x86_64-mavericks 1.1-4 ERROR
r-release-osx-x86_64-snowleopard 1.1-4 OK
r-release-windows-ix86+x86_64 1.1-4 28.00 107.00 135.00 OK
r-oldrel-windows-ix86+x86_64 1.1-4 26.00 109.00 135.00 OK

Check Details

Version: 1.1-4
Check: whether package can be installed
Result: ERROR
    Installation failed.
Flavor: r-release-osx-x86_64-mavericks