CRAN Package Check Results for Package outbreaker

Last updated on 2017-06-26 16:47:07.

Flavor Version Tinstall Tcheck Ttotal Status Flags
r-devel-linux-x86_64-debian-clang 1.1-7 7.43 56.74 64.17 NOTE
r-devel-linux-x86_64-debian-gcc 1.1-7 7.33 58.31 65.64 NOTE
r-devel-linux-x86_64-fedora-clang 1.1-7 140.83 NOTE
r-devel-linux-x86_64-fedora-gcc 1.1-7 138.60 NOTE
r-devel-windows-ix86+x86_64 1.1-7 31.00 128.00 159.00 OK
r-patched-linux-x86_64 1.1-7 7.30 58.51 65.81 NOTE
r-patched-solaris-sparc 1.1-7 829.50 OK
r-patched-solaris-x86 1.1-7 190.80 OK
r-release-linux-x86_64 1.1-7 7.41 56.73 64.14 NOTE
r-release-windows-ix86+x86_64 1.1-7 31.00 188.00 219.00 OK
r-release-osx-x86_64 1.1-7 OK
r-oldrel-windows-ix86+x86_64 1.1-7 30.00 194.00 224.00 OK
r-oldrel-osx-x86_64 1.1-7 OK

Check Details

Version: 1.1-7
Check: compiled code
Result: NOTE
    File ‘outbreaker/libs/outbreaker.so’:
     Found no calls to: ‘R_registerRoutines’, ‘R_useDynamicSymbols’
    
    It is good practice to register native routines and to disable symbol
    search.
    
    See ‘Writing portable packages’ in the ‘Writing R Extensions’ manual.
Flavors: r-devel-linux-x86_64-debian-clang, r-devel-linux-x86_64-debian-gcc, r-devel-linux-x86_64-fedora-clang, r-devel-linux-x86_64-fedora-gcc, r-patched-linux-x86_64, r-release-linux-x86_64