CRAN Package Check Results for Package outbreaker

Last updated on 2015-01-26 22:47:38.

Flavor Version Tinstall Tcheck Ttotal Status Flags
r-devel-linux-x86_64-debian-clang 1.1-4 4.04 28.86 32.89 OK
r-devel-linux-x86_64-debian-gcc 1.1-4 4.15 29.22 33.38 OK
r-devel-linux-x86_64-fedora-clang 1.1-4 93.08 NOTE
r-devel-linux-x86_64-fedora-gcc 1.1-4 84.68 NOTE
r-devel-osx-x86_64-clang 1.1-4 82.38 NOTE
r-devel-windows-ix86+x86_64 1.1-4 20.00 60.00 80.00 OK
r-patched-linux-x86_64 1.1-4 5.94 41.55 47.49 OK
r-patched-solaris-sparc 1.1-4 577.40 OK
r-patched-solaris-x86 1.1-4 130.40 OK
r-release-linux-ix86 1.1-4 6.80 50.32 57.12 OK
r-release-linux-x86_64 1.1-4 5.21 43.30 48.51 OK
r-release-osx-x86_64-mavericks 1.1-4 OK
r-release-osx-x86_64-snowleopard 1.1-4 OK
r-release-windows-ix86+x86_64 1.1-4 24.00 105.00 129.00 OK
r-oldrel-windows-ix86+x86_64 1.1-4 37.00 107.00 144.00 OK

Check Details

Version: 1.1-4
Check: S3 generic/method consistency
Result: NOTE
    Found the following apparent S3 methods exported but not registered:
     labels.simOutbreak print.simOutbreak plot.simOutbreak plot.tTree
    See section ‘Registering S3 methods’ in the ‘Writing R Extensions’
    manual.
Flavors: r-devel-linux-x86_64-fedora-clang, r-devel-linux-x86_64-fedora-gcc, r-devel-osx-x86_64-clang