Last updated on 2023-11-30 20:48:44 CET.
Flavor | Version | Tinstall | Tcheck | Ttotal | Status | Flags |
---|---|---|---|---|---|---|
r-devel-linux-x86_64-debian-clang | 0.1.0 | 136.68 | 222.31 | 358.99 | NOTE | |
r-devel-linux-x86_64-debian-gcc | 0.1.0 | 112.82 | 184.00 | 296.82 | NOTE | |
r-devel-linux-x86_64-fedora-clang | 0.1.0 | 469.65 | NOTE | |||
r-devel-linux-x86_64-fedora-gcc | 0.1.0 | 509.05 | NOTE | |||
r-devel-windows-x86_64 | 0.1.0 | 113.00 | 176.00 | 289.00 | NOTE | |
r-patched-linux-x86_64 | 0.1.0 | 126.86 | 213.74 | 340.60 | NOTE | |
r-release-linux-x86_64 | 0.1.0 | 134.90 | 209.75 | 344.65 | NOTE | |
r-release-macos-arm64 | 0.1.0 | 135.00 | NOTE | |||
r-release-macos-x86_64 | 0.1.0 | 235.00 | NOTE | |||
r-release-windows-x86_64 | 0.1.0 | 151.00 | 206.00 | 357.00 | NOTE | |
r-oldrel-macos-arm64 | 0.1.0 | 127.00 | NOTE | |||
r-oldrel-macos-x86_64 | 0.1.0 | 146.00 | NOTE | |||
r-oldrel-windows-x86_64 | 0.1.0 | 138.00 | 207.00 | 345.00 | NOTE |
Version: 0.1.0
Check: C++ specification
Result: NOTE
Specified C++11: please drop specification unless essential
Flavors: r-devel-linux-x86_64-debian-clang, r-devel-linux-x86_64-debian-gcc, r-devel-linux-x86_64-fedora-clang, r-devel-linux-x86_64-fedora-gcc, r-devel-windows-x86_64, r-patched-linux-x86_64, r-release-linux-x86_64, r-release-macos-arm64, r-release-macos-x86_64, r-release-windows-x86_64
Version: 0.1.0
Check: Rd files
Result: NOTE
checkRd: (-1) BFGS_lpdf.Rd:37: Lost braces
37 | A wrapper for code{\link{BFGS_std}} that is useful for easily calling
| ^
Flavors: r-devel-linux-x86_64-debian-clang, r-devel-linux-x86_64-debian-gcc
Version: 0.1.0
Check: for GNU extensions in Makefiles
Result: NOTE
GNU make is a SystemRequirements.
Flavors: r-devel-linux-x86_64-debian-clang, r-devel-linux-x86_64-debian-gcc, r-devel-linux-x86_64-fedora-clang, r-devel-linux-x86_64-fedora-gcc, r-devel-windows-x86_64, r-patched-linux-x86_64, r-release-linux-x86_64, r-release-macos-arm64, r-release-macos-x86_64, r-release-windows-x86_64, r-oldrel-macos-arm64, r-oldrel-macos-x86_64, r-oldrel-windows-x86_64
Version: 0.1.0
Check: installed package size
Result: NOTE
installed size is 16.9Mb
sub-directories of 1Mb or more:
libs 16.4Mb
Flavors: r-release-macos-arm64, r-release-macos-x86_64, r-oldrel-macos-arm64, r-oldrel-macos-x86_64