CRAN Package Check Results for Package outerbase

Last updated on 2022-12-02 11:49:37 CET.

Flavor Version Tinstall Tcheck Ttotal Status Flags
r-devel-linux-x86_64-debian-clang 0.1.0 152.59 233.35 385.94 NOTE
r-devel-linux-x86_64-debian-gcc 0.1.0 127.77 176.45 304.22 NOTE
r-devel-linux-x86_64-fedora-clang 0.1.0 487.48 NOTE
r-devel-linux-x86_64-fedora-gcc 0.1.0 474.63 NOTE
r-devel-windows-x86_64 0.1.0 129.00 235.00 364.00 NOTE
r-patched-linux-x86_64 0.1.0 139.78 230.21 369.99 NOTE
r-release-linux-x86_64 0.1.0 130.50 213.04 343.54 NOTE
r-release-macos-arm64 0.1.0 122.00 NOTE
r-release-macos-x86_64 0.1.0 146.00 NOTE
r-release-windows-x86_64 0.1.0 188.00 231.00 419.00 NOTE
r-oldrel-macos-arm64 0.1.0 119.00 NOTE
r-oldrel-macos-x86_64 0.1.0 160.00 NOTE
r-oldrel-windows-ix86+x86_64 0.1.0 348.00 557.00 905.00 NOTE

Check Details

Version: 0.1.0
Check: for GNU extensions in Makefiles
Result: NOTE
    GNU make is a SystemRequirements.
Flavors: r-devel-linux-x86_64-debian-clang, r-devel-linux-x86_64-debian-gcc, r-devel-linux-x86_64-fedora-clang, r-devel-linux-x86_64-fedora-gcc, r-devel-windows-x86_64, r-patched-linux-x86_64, r-release-linux-x86_64, r-release-macos-arm64, r-release-macos-x86_64, r-release-windows-x86_64, r-oldrel-macos-arm64, r-oldrel-macos-x86_64, r-oldrel-windows-ix86+x86_64

Version: 0.1.0
Check: installed package size
Result: NOTE
     installed size is 16.0Mb
     sub-directories of 1Mb or more:
     libs 15.5Mb
Flavors: r-release-macos-arm64, r-release-macos-x86_64, r-oldrel-macos-arm64, r-oldrel-macos-x86_64