CRAN Package Check Results for Package outliers

Last updated on 2015-07-05 15:46:38.

Flavor Version Tinstall Tcheck Ttotal Status Flags
r-devel-linux-x86_64-debian-clang 0.14 0.68 10.10 10.78 NOTE
r-devel-linux-x86_64-debian-gcc 0.14 0.56 10.23 10.78 NOTE
r-devel-linux-x86_64-fedora-clang 0.14 19.70 NOTE
r-devel-linux-x86_64-fedora-gcc 0.14 18.22 NOTE
r-devel-osx-x86_64-clang 0.14 21.05 OK
r-devel-windows-ix86+x86_64 0.14 3.00 25.00 28.00 NOTE
r-patched-linux-x86_64 0.14 0.58 10.54 11.12 OK
r-patched-solaris-sparc 0.14 142.40 OK
r-patched-solaris-x86 0.14 30.60 OK
r-release-linux-x86_64 0.14 0.68 10.49 11.18 OK
r-release-osx-x86_64-mavericks 0.14 OK
r-release-windows-ix86+x86_64 0.14 2.00 21.00 23.00 OK
r-oldrel-windows-ix86+x86_64 0.14 4.00 19.00 23.00 OK

Check Details

Version: 0.14
Check: R code for possible problems
Result: NOTE
    chisq.out.test: no visible global function definition for ‘var’
    chisq.out.test: no visible global function definition for
     ‘complete.cases’
    chisq.out.test: no visible global function definition for ‘pchisq’
    cochran.test: no visible global function definition for ‘terms’
    cochran.test: no visible binding for global variable ‘var’
    dixon.test: no visible global function definition for ‘complete.cases’
    grubbs.test: no visible global function definition for ‘complete.cases’
    grubbs.test: no visible global function definition for ‘sd’
    grubbs.test: no visible global function definition for ‘var’
    pcochran: no visible global function definition for ‘pf’
    qcochran: no visible global function definition for ‘qf’
    qgrubbs: no visible global function definition for ‘qt’
    qgrubbs: no visible global function definition for ‘pt’
    qgrubbs: no visible global function definition for ‘uniroot’
    qtable: no visible global function definition for ‘lm’
    qtable: no visible global function definition for ‘predict’
    scores: no visible global function definition for ‘sd’
    scores: no visible global function definition for ‘pnorm’
    scores: no visible global function definition for ‘qnorm’
    scores: no visible global function definition for ‘pt’
    scores: no visible global function definition for ‘qt’
    scores: no visible global function definition for ‘var’
    scores: no visible global function definition for ‘pchisq’
    scores: no visible global function definition for ‘qchisq’
    scores: no visible global function definition for ‘quantile’
    scores: no visible global function definition for ‘IQR’
    scores: no visible global function definition for ‘median’
    scores: no visible global function definition for ‘mad’
    Undefined global functions or variables:
     IQR complete.cases lm mad median pchisq pf pnorm predict pt qchisq qf
     qnorm qt quantile sd terms uniroot var
Flavors: r-devel-linux-x86_64-debian-clang, r-devel-linux-x86_64-debian-gcc, r-devel-linux-x86_64-fedora-clang, r-devel-linux-x86_64-fedora-gcc, r-devel-windows-ix86+x86_64