CRAN Package Check Results for Package outliers

Last updated on 2015-09-01 03:49:05.

Flavor Version Tinstall Tcheck Ttotal Status Flags
r-devel-linux-x86_64-debian-clang 0.14 0.58 10.09 10.67 NOTE
r-devel-linux-x86_64-debian-gcc 0.14 0.59 9.84 10.43 NOTE
r-devel-linux-x86_64-fedora-clang 0.14 20.11 NOTE
r-devel-linux-x86_64-fedora-gcc 0.14 18.70 NOTE
r-devel-osx-x86_64-clang 0.14 21.02 OK
r-devel-windows-ix86+x86_64 0.14 3.00 23.00 26.00 NOTE
r-patched-linux-x86_64 0.14 0.60 10.88 11.48 OK
r-patched-solaris-sparc 0.14 134.90 OK
r-patched-solaris-x86 0.14 32.30 OK
r-release-linux-x86_64 0.14 0.58 10.65 11.23 OK
r-release-osx-x86_64-mavericks 0.14 OK
r-release-windows-ix86+x86_64 0.14 3.00 19.00 22.00 OK
r-oldrel-windows-ix86+x86_64 0.14 4.00 19.00 23.00 OK

Check Details

Version: 0.14
Check: R code for possible problems
Result: NOTE
    chisq.out.test: no visible global function definition for ‘var’
    chisq.out.test: no visible global function definition for
     ‘complete.cases’
    chisq.out.test: no visible global function definition for ‘pchisq’
    cochran.test: no visible global function definition for ‘terms’
    cochran.test: no visible binding for global variable ‘var’
    dixon.test: no visible global function definition for ‘complete.cases’
    grubbs.test: no visible global function definition for ‘complete.cases’
    grubbs.test: no visible global function definition for ‘sd’
    grubbs.test: no visible global function definition for ‘var’
    pcochran: no visible global function definition for ‘pf’
    qcochran: no visible global function definition for ‘qf’
    qgrubbs: no visible global function definition for ‘qt’
    qgrubbs: no visible global function definition for ‘pt’
    qgrubbs: no visible global function definition for ‘uniroot’
    qtable: no visible global function definition for ‘lm’
    qtable: no visible global function definition for ‘predict’
    scores: no visible global function definition for ‘sd’
    scores: no visible global function definition for ‘pnorm’
    scores: no visible global function definition for ‘qnorm’
    scores: no visible global function definition for ‘pt’
    scores: no visible global function definition for ‘qt’
    scores: no visible global function definition for ‘var’
    scores: no visible global function definition for ‘pchisq’
    scores: no visible global function definition for ‘qchisq’
    scores: no visible global function definition for ‘quantile’
    scores: no visible global function definition for ‘IQR’
    scores: no visible global function definition for ‘median’
    scores: no visible global function definition for ‘mad’
    Undefined global functions or variables:
     IQR complete.cases lm mad median pchisq pf pnorm predict pt qchisq qf
     qnorm qt quantile sd terms uniroot var
    Consider adding
     importFrom("stats", "IQR", "complete.cases", "lm", "mad", "median",
     "pchisq", "pf", "pnorm", "predict", "pt", "qchisq", "qf",
     "qnorm", "qt", "quantile", "sd", "terms", "uniroot", "var")
    to your NAMESPACE.
Flavors: r-devel-linux-x86_64-debian-clang, r-devel-linux-x86_64-debian-gcc, r-devel-linux-x86_64-fedora-clang, r-devel-linux-x86_64-fedora-gcc, r-devel-windows-ix86+x86_64