CRAN Package Check Results for Package overlap

Last updated on 2017-08-20 15:48:51.

Flavor Version Tinstall Tcheck Ttotal Status Flags
r-devel-linux-x86_64-debian-clang 0.3.0 1.65 27.90 29.55 OK
r-devel-linux-x86_64-debian-gcc 0.3.0 1.60 27.95 29.54 OK
r-devel-linux-x86_64-fedora-clang 0.3.0 55.89 OK
r-devel-linux-x86_64-fedora-gcc 0.3.0 55.69 OK
r-devel-windows-ix86+x86_64 0.3.0 7.00 72.00 79.00 OK
r-patched-linux-x86_64 0.3.0 1.46 27.44 28.90 OK
r-patched-solaris-x86 0.3.0 63.80 OK
r-release-linux-x86_64 0.3.0 1.52 27.78 29.30 OK
r-release-windows-ix86+x86_64 0.3.0 7.00 69.00 76.00 OK
r-release-osx-x86_64 0.3.0 NOTE
r-oldrel-windows-ix86+x86_64 0.3.0 10.00 71.00 81.00 OK
r-oldrel-osx-x86_64 0.3.0 OK

Check Details

Version: 0.3.0
Check: re-building of vignette outputs
Result: NOTE
    Error in re-building vignettes:
     ...
    Error in texi2dvi(file = file, pdf = TRUE, clean = clean, quiet = quiet, :
     Running 'texi2dvi' on 'overlap.tex' failed.
    LaTeX errors:
    ! LaTeX Error: File `placeins.sty' not found.
    
    Type X to quit or <RETURN> to proceed,
    or enter new name. (Default extension: sty)
    
    ! Emergency stop.
    <read *>
    
    l.11 \usepackage
     [usenames,dvipsnames,svgnames]{xcolor}^^M
    ! ==> Fatal error occurred, no output PDF file produced!
    Calls: buildVignettes -> texi2pdf -> texi2dvi
    Execution halted
Flavor: r-release-osx-x86_64