CRAN Package Check Results for Package overlap

Last updated on 2018-04-21 08:49:38 CEST.

Flavor Version Tinstall Tcheck Ttotal Status Flags
r-devel-linux-x86_64-debian-clang 0.3.0 1.86 39.88 41.74 OK
r-devel-linux-x86_64-debian-gcc 0.3.0 1.36 31.35 32.71 OK
r-devel-linux-x86_64-fedora-clang 0.3.0 52.85 OK
r-devel-linux-x86_64-fedora-gcc 0.3.0 49.69 OK
r-devel-windows-ix86+x86_64 0.3.0 7.00 105.00 112.00 OK
r-devel-osx-x86_64 0.3.0 OK
r-patched-linux-x86_64 0.3.0 1.87 40.37 42.24 OK
r-patched-solaris-x86 0.3.0 72.00 OK
r-release-linux-x86_64 0.3.0 1.90 38.44 40.34 OK
r-release-windows-ix86+x86_64 0.3.0 7.00 69.00 76.00 OK
r-release-osx-x86_64 0.3.0 NOTE
r-oldrel-windows-ix86+x86_64 0.3.0 10.00 71.00 81.00 OK

Check Details

Version: 0.3.0
Check: re-building of vignette outputs
Result: NOTE
    Error in re-building vignettes:
     ...
    Error in texi2dvi(file = file, pdf = TRUE, clean = clean, quiet = quiet, :
     Running 'texi2dvi' on 'overlap.tex' failed.
    LaTeX errors:
    ! LaTeX Error: File `placeins.sty' not found.
    
    Type X to quit or <RETURN> to proceed,
    or enter new name. (Default extension: sty)
    
    ! Emergency stop.
    <read *>
    
    l.11 \usepackage
     [usenames,dvipsnames,svgnames]{xcolor}^^M
    ! ==> Fatal error occurred, no output PDF file produced!
    Calls: buildVignettes -> texi2pdf -> texi2dvi
    Execution halted
Flavor: r-release-osx-x86_64