CRAN Package Check Results for Package overlap

Last updated on 2017-06-23 01:47:16.

Flavor Version Tinstall Tcheck Ttotal Status Flags
r-devel-linux-x86_64-debian-clang 0.3.0 1.64 28.46 30.10 OK
r-devel-linux-x86_64-debian-gcc 0.3.0 1.61 27.88 29.49 OK
r-devel-linux-x86_64-fedora-clang 0.3.0 57.36 OK
r-devel-linux-x86_64-fedora-gcc 0.3.0 55.53 OK
r-devel-windows-ix86+x86_64 0.3.0 7.00 105.00 112.00 OK
r-patched-linux-x86_64 0.3.0 1.78 27.69 29.46 OK
r-patched-solaris-sparc 0.3.0 303.00 OK
r-patched-solaris-x86 0.3.0 63.30 OK
r-release-linux-x86_64 0.3.0 1.68 27.80 29.48 OK
r-release-windows-ix86+x86_64 0.3.0 11.00 96.00 107.00 OK
r-release-osx-x86_64 0.3.0 NOTE
r-oldrel-windows-ix86+x86_64 0.3.0 10.00 71.00 81.00 OK
r-oldrel-osx-x86_64 0.3.0 OK

Check Details

Version: 0.3.0
Check: re-building of vignette outputs
Result: NOTE
    Error in re-building vignettes:
     ...
    Error in texi2dvi(file = file, pdf = TRUE, clean = clean, quiet = quiet, :
     Running 'texi2dvi' on 'overlap.tex' failed.
    LaTeX errors:
    ! LaTeX Error: File `placeins.sty' not found.
    
    Type X to quit or <RETURN> to proceed,
    or enter new name. (Default extension: sty)
    
    ! Emergency stop.
    <read *>
    
    l.11 \usepackage
     [usenames,dvipsnames,svgnames]{xcolor}^^M
    ! ==> Fatal error occurred, no output PDF file produced!
    Calls: buildVignettes -> texi2pdf -> texi2dvi
    Execution halted
Flavor: r-release-osx-x86_64