CRAN Package Check Results for Package overlap

Last updated on 2017-05-25 07:48:41.

Flavor Version Tinstall Tcheck Ttotal Status Flags
r-devel-linux-x86_64-debian-clang 0.2.7 1.61 25.92 27.53 OK
r-devel-linux-x86_64-debian-gcc 0.2.7 1.46 25.86 27.32 OK
r-devel-linux-x86_64-fedora-clang 0.2.7 54.26 OK --no-stop-on-test-error
r-devel-linux-x86_64-fedora-gcc 0.2.7 52.64 OK --no-stop-on-test-error
r-devel-windows-ix86+x86_64 0.2.7 12.00 62.00 74.00 OK
r-patched-linux-x86_64 0.2.7 1.34 25.59 26.92 OK
r-patched-solaris-sparc 0.2.7 282.20 OK
r-patched-solaris-x86 0.2.7 59.40 OK
r-release-linux-x86_64 0.2.7 1.38 25.10 26.48 OK
r-release-windows-ix86+x86_64 0.2.7 6.00 68.00 74.00 OK
r-release-osx-x86_64 0.2.7 NOTE
r-oldrel-windows-ix86+x86_64 0.2.7 20.00 133.00 153.00 OK
r-oldrel-osx-x86_64 0.2.7 OK

Check Details

Version: 0.2.7
Check: re-building of vignette outputs
Result: NOTE
    Error in re-building vignettes:
     ...
    Error in texi2dvi(file = file, pdf = TRUE, clean = clean, quiet = quiet, :
     Running 'texi2dvi' on 'overlap.tex' failed.
    LaTeX errors:
    ! LaTeX Error: File `placeins.sty' not found.
    
    Type X to quit or <RETURN> to proceed,
    or enter new name. (Default extension: sty)
    
    ! Emergency stop.
    <read *>
    
    l.11 \usepackage
     [usenames,dvipsnames,svgnames]{xcolor}^^M
    ! ==> Fatal error occurred, no output PDF file produced!
    Calls: buildVignettes -> texi2pdf -> texi2dvi
    Execution halted
Flavor: r-release-osx-x86_64