CRAN Package Check Results for Package overlap

Last updated on 2014-12-23 01:49:07.

Flavor Version Tinstall Tcheck Ttotal Status Flags
r-devel-linux-x86_64-debian-clang 0.2.4 1.04 29.83 30.87 OK
r-devel-linux-x86_64-debian-gcc 0.2.4 0.92 29.46 30.38 OK
r-devel-linux-x86_64-fedora-clang 0.2.4 59.95 OK
r-devel-linux-x86_64-fedora-gcc 0.2.4 58.52 OK
r-devel-osx-x86_64-clang 0.2.4 51.43 OK
r-devel-windows-ix86+x86_64 0.2.4 11.00 64.00 75.00 OK
r-patched-linux-x86_64 0.2.4 0.98 30.04 31.02 OK
r-patched-solaris-sparc 0.2.4 371.40 OK
r-patched-solaris-x86 0.2.4 73.30 OK
r-release-linux-ix86 0.2.4 1.47 41.53 43.00 OK
r-release-linux-x86_64 0.2.4 0.94 30.20 31.14 OK
r-release-osx-x86_64-mavericks 0.2.4 NOTE
r-release-osx-x86_64-snowleopard 0.2.4 OK
r-release-windows-ix86+x86_64 0.2.4 5.00 63.00 68.00 OK
r-oldrel-windows-ix86+x86_64 0.2.4 5.00 58.00 63.00 OK

Check Details

Version: 0.2.4
Check: re-building of vignette outputs
Result: NOTE
    Error in re-building vignettes:
     ...
    Error in texi2dvi(file = file, pdf = TRUE, clean = clean, quiet = quiet, :
     Running 'texi2dvi' on 'overlap.tex' failed.
    LaTeX errors:
    ! LaTeX Error: File `placeins.sty' not found.
    
    Type X to quit or <RETURN> to proceed,
    or enter new name. (Default extension: sty)
    
    _test/overlap/vignettes/overlap.tex:11: ==> Fatal error occurred, no output PD
    F file produced!
    Calls: buildVignettes -> texi2pdf -> texi2dvi
    Execution halted
Flavor: r-release-osx-x86_64-mavericks