CRAN Package Check Results for Package overlap

Last updated on 2014-09-01 11:49:00.

Flavor Version Tinstall Tcheck Ttotal Status Flags
r-devel-linux-x86_64-debian-clang 0.2.3 0.98 28.09 29.08 OK
r-devel-linux-x86_64-debian-gcc 0.2.3 0.91 27.90 28.82 OK
r-devel-linux-x86_64-fedora-clang 0.2.3 57.84 OK
r-devel-linux-x86_64-fedora-gcc 0.2.3 56.14 OK
r-devel-osx-x86_64-clang 0.2.3 48.56 OK
r-devel-windows-ix86+x86_64 0.2.3 6.00 60.00 66.00 OK
r-patched-linux-x86_64 0.2.3 0.93 29.30 30.23 OK
r-patched-solaris-sparc 0.2.3 330.30 OK
r-patched-solaris-x86 0.2.3 74.70 OK
r-release-linux-ix86 0.2.3 1.42 42.92 44.34 OK
r-release-linux-x86_64 0.2.3 0.93 28.74 29.67 OK
r-release-osx-x86_64-mavericks 0.2.3 NOTE
r-release-osx-x86_64-snowleopard 0.2.3 OK
r-release-windows-ix86+x86_64 0.2.3 6.00 63.00 69.00 OK
r-oldrel-windows-ix86+x86_64 0.2.3 5.00 58.00 63.00 OK

Check Details

Version: 0.2.3
Check: re-building of vignette outputs
Result: NOTE
    Error in re-building vignettes:
     ...
    Error in texi2dvi(file = file, pdf = TRUE, clean = clean, quiet = quiet, :
     Running 'texi2dvi' on 'overlap.tex' failed.
    LaTeX errors:
    ! LaTeX Error: File `placeins.sty' not found.
    
    Type X to quit or <RETURN> to proceed,
    or enter new name. (Default extension: sty)
    
    _test/overlap/vignettes/overlap.tex:11: ==> Fatal error occurred, no output PD
    F file produced!
    Calls: buildVignettes -> texi2pdf -> texi2dvi
    Execution halted
Flavor: r-release-osx-x86_64-mavericks