CRAN Package Check Results for Package overlap

Last updated on 2018-02-20 08:48:24 CET.

Flavor Version Tinstall Tcheck Ttotal Status Flags
r-devel-linux-x86_64-debian-clang 0.3.0 1.85 37.30 39.15 OK
r-devel-linux-x86_64-debian-gcc 0.3.0 1.37 31.38 32.75 OK
r-devel-linux-x86_64-fedora-clang 0.3.0 51.62 OK
r-devel-linux-x86_64-fedora-gcc 0.3.0 49.72 OK
r-devel-windows-ix86+x86_64 0.3.0 8.00 75.00 83.00 OK
r-patched-linux-x86_64 0.3.0 1.98 38.13 40.11 OK
r-patched-solaris-x86 0.3.0 65.30 OK
r-release-linux-x86_64 0.3.0 1.97 38.00 39.97 OK
r-release-windows-ix86+x86_64 0.3.0 7.00 69.00 76.00 OK
r-release-osx-x86_64 0.3.0 NOTE
r-oldrel-windows-ix86+x86_64 0.3.0 10.00 71.00 81.00 OK
r-oldrel-osx-x86_64 0.3.0 OK

Check Details

Version: 0.3.0
Check: re-building of vignette outputs
Result: NOTE
    Error in re-building vignettes:
     ...
    Error in texi2dvi(file = file, pdf = TRUE, clean = clean, quiet = quiet, :
     Running 'texi2dvi' on 'overlap.tex' failed.
    LaTeX errors:
    ! LaTeX Error: File `placeins.sty' not found.
    
    Type X to quit or <RETURN> to proceed,
    or enter new name. (Default extension: sty)
    
    ! Emergency stop.
    <read *>
    
    l.11 \usepackage
     [usenames,dvipsnames,svgnames]{xcolor}^^M
    ! ==> Fatal error occurred, no output PDF file produced!
    Calls: buildVignettes -> texi2pdf -> texi2dvi
    Execution halted
Flavor: r-release-osx-x86_64