CRAN Package Check Results for Package overlap

Last updated on 2017-02-22 03:47:38.

Flavor Version Tinstall Tcheck Ttotal Status Flags
r-devel-linux-x86_64-debian-clang 0.2.6 1.08 26.38 27.46 NOTE
r-devel-linux-x86_64-debian-gcc 0.2.6 1.04 25.96 27.00 NOTE
r-devel-linux-x86_64-fedora-clang 0.2.6 53.81 NOTE --no-stop-on-test-error
r-devel-linux-x86_64-fedora-gcc 0.2.6 53.35 NOTE --no-stop-on-test-error
r-devel-macos-x86_64-clang 0.2.6 36.76 NOTE --no-stop-on-test-error
r-devel-windows-ix86+x86_64 0.2.6 6.00 91.00 97.00 OK
r-patched-linux-x86_64 0.2.6 1.00 23.80 24.80 OK
r-patched-solaris-sparc 0.2.6 249.60 OK
r-patched-solaris-x86 0.2.6 54.30 OK
r-release-linux-x86_64 0.2.6 1.01 23.83 24.84 OK
r-release-osx-x86_64-mavericks 0.2.6 OK
r-release-windows-ix86+x86_64 0.2.6 5.00 67.00 72.00 OK
r-oldrel-windows-ix86+x86_64 0.2.6 6.00 76.00 82.00 OK

Check Details

Version: 0.2.6
Check: compiled code
Result: NOTE
    File ‘overlap/libs/overlap.so’:
     Found no calls to: ‘R_registerRoutines’, ‘R_useDynamicSymbols’
    
    It is good practice to register native routines and to disable symbol
    search.
    
    See ‘Writing portable packages’ in the ‘Writing R Extensions’ manual.
Flavors: r-devel-linux-x86_64-debian-clang, r-devel-linux-x86_64-debian-gcc

Version: 0.2.6
Flags: --no-stop-on-test-error
Check: compiled code
Result: NOTE
    File ‘overlap/libs/overlap.so’:
     Found no calls to: ‘R_registerRoutines’, ‘R_useDynamicSymbols’
    
    It is good practice to register native routines and to disable symbol
    search.
    
    See ‘Writing portable packages’ in the ‘Writing R Extensions’ manual.
Flavors: r-devel-linux-x86_64-fedora-clang, r-devel-linux-x86_64-fedora-gcc, r-devel-macos-x86_64-clang