CRAN Package Check Results for Package overlap

Last updated on 2014-10-25 11:48:42.

Flavor Version Tinstall Tcheck Ttotal Status Flags
r-devel-linux-x86_64-debian-clang 0.2.4 0.95 29.77 30.72 OK
r-devel-linux-x86_64-debian-gcc 0.2.4 0.94 30.15 31.09 OK
r-devel-linux-x86_64-fedora-clang 0.2.4 60.24 OK
r-devel-linux-x86_64-fedora-gcc 0.2.4 42.24 OK
r-devel-osx-x86_64-clang 0.2.4 51.70 OK
r-devel-windows-ix86+x86_64 0.2.4 5.00 62.00 67.00 OK
r-patched-linux-x86_64 0.2.4 0.95 29.95 30.90 OK
r-patched-solaris-sparc 0.2.4 312.90 OK
r-patched-solaris-x86 0.2.4 72.80 OK
r-release-linux-ix86 0.2.3 1.44 43.11 44.56 OK
r-release-linux-x86_64 0.2.3 0.99 29.96 30.95 OK
r-release-osx-x86_64-mavericks 0.2.4 NOTE
r-release-osx-x86_64-snowleopard 0.2.4 OK
r-release-windows-ix86+x86_64 0.2.4 5.00 58.00 63.00 OK
r-oldrel-windows-ix86+x86_64 0.2.4 5.00 58.00 63.00 OK

Check Details

Version: 0.2.4
Check: re-building of vignette outputs
Result: NOTE
    Error in re-building vignettes:
     ...
    Error in texi2dvi(file = file, pdf = TRUE, clean = clean, quiet = quiet, :
     Running 'texi2dvi' on 'overlap.tex' failed.
    LaTeX errors:
    ! LaTeX Error: File `placeins.sty' not found.
    
    Type X to quit or <RETURN> to proceed,
    or enter new name. (Default extension: sty)
    
    _test/overlap/vignettes/overlap.tex:11: ==> Fatal error occurred, no output PD
    F file produced!
    Calls: buildVignettes -> texi2pdf -> texi2dvi
    Execution halted
Flavor: r-release-osx-x86_64-mavericks