CRAN Package Check Results for Package overlap

Last updated on 2015-07-03 16:47:28.

Flavor Version Tinstall Tcheck Ttotal Status Flags
r-devel-linux-x86_64-debian-clang 0.2.4 0.88 30.28 31.16 NOTE
r-devel-linux-x86_64-debian-gcc 0.2.4 1.00 28.26 29.26 NOTE
r-devel-linux-x86_64-fedora-clang 0.2.4 54.40 NOTE
r-devel-linux-x86_64-fedora-gcc 0.2.4 52.69 NOTE
r-devel-osx-x86_64-clang 0.2.4 47.59 OK
r-devel-windows-ix86+x86_64 0.2.4 8.00 76.00 84.00 OK
r-patched-linux-x86_64 0.2.4 0.95 28.90 29.85 OK
r-patched-solaris-sparc 0.2.4 347.90 OK
r-patched-solaris-x86 0.2.4 72.40 OK
r-release-linux-x86_64 0.2.4 1.52 29.02 30.54 OK
r-release-osx-x86_64-mavericks 0.2.4 OK
r-release-windows-ix86+x86_64 0.2.4 6.00 70.00 76.00 OK
r-oldrel-windows-ix86+x86_64 0.2.4 7.00 63.00 70.00 OK

Check Details

Version: 0.2.4
Check: R code for possible problems
Result: NOTE
    bootCI: no visible global function definition for ‘sd’
    bootCI: no visible global function definition for ‘qnorm’
    bootCIlogit: no visible global function definition for ‘plogis’
    bootCIlogit: no visible global function definition for ‘qlogis’
    densityPlot: no visible global function definition for ‘modifyList’
    densityPlot: no visible binding for global variable ‘plot.default’
    densityPlot: no visible global function definition for ‘par’
    densityPlot: no visible binding for global variable ‘plot’
    densityPlot: no visible global function definition for ‘abline’
    densityPlot: no visible global function definition for ‘rect’
    densityPlot: no visible global function definition for ‘box’
    densityPlot: no visible binding for global variable ‘lines’
    getBandWidth: no visible global function definition for ‘uniroot’
    overlapEst: no visible global function definition for ‘approx’
    overlapPlot: no visible global function definition for ‘modifyList’
    overlapPlot: no visible binding for global variable ‘plot.default’
    overlapPlot: no visible global function definition for ‘par’
    overlapPlot: no visible binding for global variable ‘plot’
    overlapPlot: no visible global function definition for ‘polygon’
    overlapPlot: no visible global function definition for ‘rect’
    overlapPlot: no visible global function definition for ‘box’
    overlapPlot: no visible global function definition for ‘segments’
    overlapPlot: no visible global function definition for ‘lines’
    overlapPlot: no visible global function definition for ‘axis’
    plotTimeAxis: no visible global function definition for ‘axis’
    quantileInter: no visible global function definition for ‘qnorm’
    rejectSampleRad: no visible global function definition for ‘runif’
    Undefined global functions or variables:
     abline approx axis box lines modifyList par plogis plot plot.default
     polygon qlogis qnorm rect runif sd segments uniroot
Flavors: r-devel-linux-x86_64-debian-clang, r-devel-linux-x86_64-debian-gcc, r-devel-linux-x86_64-fedora-clang, r-devel-linux-x86_64-fedora-gcc