CRAN Package Check Results for Package overlap

Last updated on 2014-07-30 01:47:53.

Flavor Version Tinstall Tcheck Ttotal Status Flags
r-devel-linux-x86_64-debian-clang 0.2.3 0.92 28.24 29.17 OK
r-devel-linux-x86_64-debian-gcc 0.2.3 0.90 28.52 29.42 OK
r-devel-linux-x86_64-fedora-clang 0.2.3 61.96 OK
r-devel-linux-x86_64-fedora-gcc 0.2.3 56.10 OK
r-devel-osx-x86_64-clang 0.2.3 49.53 OK
r-devel-windows-ix86+x86_64 0.2.3 5.00 59.00 64.00 OK
r-patched-linux-x86_64 0.2.3 1.01 28.67 29.68 OK
r-patched-solaris-sparc 0.2.3 309.20 OK
r-patched-solaris-x86 0.2.3 73.50 OK
r-release-linux-ix86 0.2.3 1.40 42.65 44.05 OK
r-release-linux-x86_64 0.2.3 0.99 28.90 29.90 OK
r-release-osx-x86_64-mavericks 0.2.3 NOTE
r-release-osx-x86_64-snowleopard 0.2.3 OK
r-release-windows-ix86+x86_64 0.2.3 6.00 63.00 69.00 OK
r-oldrel-windows-ix86+x86_64 0.2.3 5.00 58.00 63.00 OK

Check Details

Version: 0.2.3
Check: re-building of vignette outputs
Result: NOTE
    Error in re-building vignettes:
     ...
    Error in texi2dvi(file = file, pdf = TRUE, clean = clean, quiet = quiet, :
     Running 'texi2dvi' on 'overlap.tex' failed.
    LaTeX errors:
    ! LaTeX Error: File `placeins.sty' not found.
    
    Type X to quit or <RETURN> to proceed,
    or enter new name. (Default extension: sty)
    
    _test/overlap/vignettes/overlap.tex:11: ==> Fatal error occurred, no output PD
    F file produced!
    Calls: buildVignettes -> texi2pdf -> texi2dvi
    Execution halted
Flavor: r-release-osx-x86_64-mavericks