Last updated on 2022-07-07 09:50:58 CEST.
Flavor | Version | Tinstall | Tcheck | Ttotal | Status | Flags |
---|---|---|---|---|---|---|
r-devel-linux-x86_64-debian-clang | 0.2-1 | 86.06 | 241.59 | 327.65 | OK | |
r-devel-linux-x86_64-debian-gcc | 0.3 | 89.58 | 302.14 | 391.72 | OK | |
r-devel-linux-x86_64-fedora-clang | 0.3 | 666.81 | NOTE | |||
r-devel-linux-x86_64-fedora-gcc | 0.3 | 702.70 | NOTE | |||
r-devel-windows-x86_64 | 0.3 | 369.00 | 338.00 | 707.00 | OK | |
r-patched-linux-x86_64 | 0.2-1 | 81.72 | 233.32 | 315.04 | OK | |
r-release-linux-x86_64 | 0.2-1 | 71.67 | 232.77 | 304.44 | OK | |
r-release-macos-arm64 | 0.3 | 213.00 | NOTE | |||
r-release-macos-x86_64 | 0.2-1 | 185.00 | OK | |||
r-release-windows-x86_64 | 0.3 | 133.00 | 322.00 | 455.00 | OK | |
r-oldrel-macos-arm64 | 0.3 | 192.00 | NOTE | |||
r-oldrel-macos-x86_64 | 0.2-1 | 175.00 | OK | |||
r-oldrel-windows-ix86+x86_64 | 0.2-1 | 146.00 | 277.00 | 423.00 | OK |
Version: 0.3
Check: dependencies in R code
Result: NOTE
Namespace in Imports field not imported from: ‘jsonlite’
All declared Imports should be used.
Flavors: r-devel-linux-x86_64-fedora-clang, r-devel-linux-x86_64-fedora-gcc, r-release-macos-arm64, r-oldrel-macos-arm64