CRAN Package Check Results for Package ozmaps

Last updated on 2022-09-29 18:49:00 CEST.

Flavor Version Tinstall Tcheck Ttotal Status Flags
r-devel-linux-x86_64-debian-clang 0.4.5 9.31 79.15 88.46 OK
r-devel-linux-x86_64-debian-gcc 0.4.5 8.75 60.88 69.63 OK
r-devel-linux-x86_64-fedora-clang 0.4.5 121.17 OK
r-devel-linux-x86_64-fedora-gcc 0.4.5 113.86 OK
r-devel-windows-x86_64 0.4.5 24.00 106.00 130.00 OK
r-patched-linux-x86_64 0.4.5 10.67 76.06 86.73 OK
r-release-linux-x86_64 0.4.5 9.90 75.54 85.44 OK
r-release-macos-arm64 0.4.5 36.00 NOTE
r-release-macos-x86_64 0.4.5 51.00 OK
r-release-windows-x86_64 0.4.5 21.00 105.00 126.00 OK
r-oldrel-macos-arm64 0.4.5 35.00 NOTE
r-oldrel-macos-x86_64 0.4.5 48.00 OK
r-oldrel-windows-ix86+x86_64 0.4.5 22.00 100.00 122.00 OK

Check Details

Version: 0.4.5
Check: installed package size
Result: NOTE
     installed size is 5.1Mb
     sub-directories of 1Mb or more:
     data 4.0Mb
Flavors: r-release-macos-arm64, r-oldrel-macos-arm64