CRAN Package Check Results for Package p3state.msm

Last updated on 2014-10-31 23:47:35.

Flavor Version Tinstall Tcheck Ttotal Status Flags
r-devel-linux-x86_64-debian-clang 1.3 0.71 13.44 14.16 NOTE
r-devel-linux-x86_64-debian-gcc 1.3 0.66 13.44 14.09 NOTE
r-devel-linux-x86_64-fedora-clang 1.3 27.79 NOTE
r-devel-linux-x86_64-fedora-gcc 1.3 28.10 NOTE
r-devel-osx-x86_64-clang 1.3 28.78 NOTE
r-devel-windows-ix86+x86_64 1.3 3.00 22.00 25.00 NOTE
r-patched-linux-x86_64 1.3 0.73 13.80 14.53 NOTE
r-patched-solaris-sparc 1.3 158.70 NOTE
r-patched-solaris-x86 1.3 38.70 NOTE
r-release-linux-ix86 1.3 0.96 20.07 21.04 NOTE
r-release-linux-x86_64 1.3 0.66 13.77 14.44 NOTE
r-release-osx-x86_64-mavericks 1.3 NOTE
r-release-osx-x86_64-snowleopard 1.3 NOTE
r-release-windows-ix86+x86_64 1.3 3.00 23.00 26.00 NOTE
r-oldrel-windows-ix86+x86_64 1.3 3.00 24.00 27.00 NOTE

Check Details

Version: 1.3
Check: dependencies in R code
Result: NOTE
    'library' or 'require' call to ‘survival’ which was already attached by Depends.
     Please remove these calls from your code.
    Package in Depends field not imported from: ‘survival’
     These packages need to be imported from (in the NAMESPACE file)
     for when this namespace is loaded but not attached.
    See the information on DESCRIPTION files in the chapter ‘Creating R
    packages’ of the ‘Writing R Extensions’ manual.
Flavors: r-devel-linux-x86_64-debian-clang, r-devel-linux-x86_64-debian-gcc, r-devel-linux-x86_64-fedora-clang, r-devel-linux-x86_64-fedora-gcc, r-devel-osx-x86_64-clang, r-devel-windows-ix86+x86_64, r-patched-linux-x86_64, r-patched-solaris-sparc, r-patched-solaris-x86, r-release-linux-ix86, r-release-linux-x86_64, r-release-osx-x86_64-mavericks, r-release-windows-ix86+x86_64, r-oldrel-windows-ix86+x86_64

Version: 1.3
Check: R code for possible problems
Result: NOTE
    p3state: no visible global function definition for ‘survfit’
    p3state: no visible global function definition for ‘coxph’
Flavors: r-devel-linux-x86_64-debian-clang, r-devel-linux-x86_64-debian-gcc, r-devel-linux-x86_64-fedora-clang, r-devel-linux-x86_64-fedora-gcc, r-devel-osx-x86_64-clang, r-devel-windows-ix86+x86_64, r-patched-linux-x86_64, r-patched-solaris-x86

Version: 1.3
Check: dependencies in R code
Result: NOTE
    'library' or 'require' call to 'survival' which was already attached by Depends.
     Please remove these calls from your code.
    See the information on DESCRIPTION files in the chapter 'Creating R
    packages' of the 'Writing R Extensions' manual.
Flavor: r-release-osx-x86_64-snowleopard