CRAN Package Check Results for Package p3state.msm

Last updated on 2017-02-20 20:48:05.

Flavor Version Tinstall Tcheck Ttotal Status Flags
r-devel-linux-x86_64-debian-clang 1.3 2.44 29.18 31.62 NOTE
r-devel-linux-x86_64-debian-gcc 1.3 2.43 28.95 31.38 NOTE
r-devel-linux-x86_64-fedora-clang 1.3 68.99 NOTE --no-stop-on-test-error
r-devel-linux-x86_64-fedora-gcc 1.3 67.83 NOTE --no-stop-on-test-error
r-devel-macos-x86_64-clang 1.3 54.10 NOTE --no-stop-on-test-error
r-devel-windows-ix86+x86_64 1.3 10.00 77.00 87.00 NOTE
r-patched-linux-x86_64 1.3 2.27 25.64 27.90 NOTE
r-patched-solaris-sparc 1.3 343.50 NOTE
r-patched-solaris-x86 1.3 79.40 NOTE
r-release-linux-x86_64 1.3 2.18 25.59 27.77 NOTE
r-release-osx-x86_64-mavericks 1.3 NOTE
r-release-windows-ix86+x86_64 1.3 5.00 49.00 54.00 NOTE
r-oldrel-windows-ix86+x86_64 1.3 6.00 66.00 72.00 NOTE

Check Details

Version: 1.3
Check: DESCRIPTION meta-information
Result: NOTE
    Malformed Description field: should contain one or more complete sentences.
Flavors: r-devel-linux-x86_64-debian-clang, r-devel-linux-x86_64-debian-gcc, r-devel-windows-ix86+x86_64, r-patched-linux-x86_64, r-patched-solaris-sparc, r-patched-solaris-x86, r-release-linux-x86_64, r-release-osx-x86_64-mavericks, r-release-windows-ix86+x86_64, r-oldrel-windows-ix86+x86_64

Version: 1.3
Check: dependencies in R code
Result: NOTE
    'library' or 'require' call to ‘survival’ which was already attached by Depends.
     Please remove these calls from your code.
    Package in Depends field not imported from: ‘survival’
     These packages need to be imported from (in the NAMESPACE file)
     for when this namespace is loaded but not attached.
Flavors: r-devel-linux-x86_64-debian-clang, r-devel-linux-x86_64-debian-gcc, r-devel-windows-ix86+x86_64, r-patched-linux-x86_64, r-patched-solaris-sparc, r-patched-solaris-x86, r-release-linux-x86_64, r-release-osx-x86_64-mavericks, r-release-windows-ix86+x86_64, r-oldrel-windows-ix86+x86_64

Version: 1.3
Check: R code for possible problems
Result: NOTE
    p3state: no visible global function definition for ‘survfit’
    p3state: no visible global function definition for ‘terms’
    p3state: no visible global function definition for ‘as.formula’
    p3state: no visible global function definition for ‘coxph’
    p3state: no visible binding for global variable ‘na.exclude’
    plot.p3state: no visible global function definition for ‘matplot’
    plot.p3state: no visible global function definition for ‘devAskNewPage’
    plot.p3state: no visible global function definition for ‘persp’
    plot.p3state: no visible global function definition for ‘colours’
    plot.p3state: no visible global function definition for
     ‘filled.contour’
    Undefined global functions or variables:
     as.formula colours coxph devAskNewPage filled.contour matplot
     na.exclude persp survfit terms
    Consider adding
     importFrom("grDevices", "colours", "devAskNewPage")
     importFrom("graphics", "filled.contour", "matplot", "persp")
     importFrom("stats", "as.formula", "na.exclude", "terms")
    to your NAMESPACE file.
Flavors: r-devel-linux-x86_64-debian-clang, r-devel-linux-x86_64-debian-gcc, r-devel-windows-ix86+x86_64, r-patched-linux-x86_64, r-patched-solaris-sparc, r-patched-solaris-x86, r-release-linux-x86_64, r-release-osx-x86_64-mavericks, r-release-windows-ix86+x86_64

Version: 1.3
Flags: --no-stop-on-test-error
Check: DESCRIPTION meta-information
Result: NOTE
    Malformed Description field: should contain one or more complete sentences.
Flavors: r-devel-linux-x86_64-fedora-clang, r-devel-linux-x86_64-fedora-gcc, r-devel-macos-x86_64-clang

Version: 1.3
Flags: --no-stop-on-test-error
Check: dependencies in R code
Result: NOTE
    'library' or 'require' call to ‘survival’ which was already attached by Depends.
     Please remove these calls from your code.
    Package in Depends field not imported from: ‘survival’
     These packages need to be imported from (in the NAMESPACE file)
     for when this namespace is loaded but not attached.
Flavors: r-devel-linux-x86_64-fedora-clang, r-devel-linux-x86_64-fedora-gcc, r-devel-macos-x86_64-clang

Version: 1.3
Flags: --no-stop-on-test-error
Check: R code for possible problems
Result: NOTE
    p3state: no visible global function definition for ‘survfit’
    p3state: no visible global function definition for ‘terms’
    p3state: no visible global function definition for ‘as.formula’
    p3state: no visible global function definition for ‘coxph’
    p3state: no visible binding for global variable ‘na.exclude’
    plot.p3state: no visible global function definition for ‘matplot’
    plot.p3state: no visible global function definition for ‘devAskNewPage’
    plot.p3state: no visible global function definition for ‘persp’
    plot.p3state: no visible global function definition for ‘colours’
    plot.p3state: no visible global function definition for
     ‘filled.contour’
    Undefined global functions or variables:
     as.formula colours coxph devAskNewPage filled.contour matplot
     na.exclude persp survfit terms
    Consider adding
     importFrom("grDevices", "colours", "devAskNewPage")
     importFrom("graphics", "filled.contour", "matplot", "persp")
     importFrom("stats", "as.formula", "na.exclude", "terms")
    to your NAMESPACE file.
Flavors: r-devel-linux-x86_64-fedora-clang, r-devel-linux-x86_64-fedora-gcc, r-devel-macos-x86_64-clang

Version: 1.3
Check: R code for possible problems
Result: NOTE
    p3state: no visible global function definition for 'survfit'
    p3state: no visible global function definition for 'coxph'
Flavor: r-oldrel-windows-ix86+x86_64