CRAN Package Check Results for Package p3state.msm

Last updated on 2014-04-21 12:31:37.

Flavor Version Tinstall Tcheck Ttotal Status Flags
r-devel-linux-x86_64-debian-clang 1.3 0.74 13.60 14.35 NOTE
r-devel-linux-x86_64-debian-gcc 1.3 0.72 13.80 14.52 NOTE
r-devel-linux-x86_64-fedora-clang 1.3 28.21 NOTE
r-devel-linux-x86_64-fedora-gcc 1.3 26.24 NOTE
r-devel-osx-x86_64-clang 1.3 29.31 NOTE
r-devel-osx-x86_64-gcc 1.3 NOTE
r-devel-windows-ix86+x86_64 1.3 3.00 22.00 25.00 NOTE
r-patched-linux-x86_64 1.3 0.67 13.72 14.39 NOTE
r-patched-solaris-sparc 1.3 156.50 NOTE
r-patched-solaris-x86 1.3 39.60 NOTE
r-release-linux-x86_64 1.3 0.68 13.49 14.16 NOTE
r-release-osx-x86_64-mavericks 1.3 WARN
r-release-osx-x86_64-snowleopard 1.3 NOTE
r-release-windows-ix86+x86_64 1.3 6.00 30.00 36.00 NOTE
r-oldrel-windows-ix86+x86_64 1.3 3.00 24.00 27.00 NOTE

Check Details

Version: 1.3
Check: dependencies in R code
Result: NOTE
    'library' or 'require' call to ‘survival’ which was already attached by Depends.
     Please remove these calls from your code.
    Package in Depends field not imported from: ‘survival’
     These packages need to be imported from (in the NAMESPACE file)
     for when this namespace is loaded but not attached.
    See the information on DESCRIPTION files in the chapter ‘Creating R
    packages’ of the ‘Writing R Extensions’ manual.
Flavors: r-devel-linux-x86_64-debian-clang, r-devel-linux-x86_64-debian-gcc, r-devel-linux-x86_64-fedora-clang, r-devel-linux-x86_64-fedora-gcc, r-devel-osx-x86_64-clang, r-devel-osx-x86_64-gcc, r-devel-windows-ix86+x86_64, r-patched-linux-x86_64, r-patched-solaris-sparc, r-patched-solaris-x86, r-release-linux-x86_64, r-release-osx-x86_64-mavericks, r-release-windows-ix86+x86_64, r-oldrel-windows-ix86+x86_64

Version: 1.3
Check: PDF version of manual
Result: WARNING
    LaTeX errors when creating PDF version.
    This typically indicates Rd problems.
    LaTeX errors found:
    ! LaTeX Error: File `upquote.sty' not found.
    
    Type X to quit or <RETURN> to proceed,
    or enter new name. (Default extension: sty)
    
    4badf44/Rd2.tex:8: ==> Fatal error occurred, no output PDF file produced!
Flavor: r-release-osx-x86_64-mavericks

Version: 1.3
Check: dependencies in R code
Result: NOTE
    'library' or 'require' call to 'survival' which was already attached by Depends.
     Please remove these calls from your code.
    See the information on DESCRIPTION files in the chapter 'Creating R
    packages' of the 'Writing R Extensions' manual.
Flavor: r-release-osx-x86_64-snowleopard