CRAN Package Check Results for Package p3state.msm

Last updated on 2015-06-30 10:48:27.

Flavor Version Tinstall Tcheck Ttotal Status Flags
r-devel-linux-x86_64-debian-clang 1.3 0.57 12.10 12.66 NOTE
r-devel-linux-x86_64-debian-gcc 1.3 0.57 11.92 12.48 NOTE
r-devel-linux-x86_64-fedora-clang 1.3 23.96 NOTE
r-devel-linux-x86_64-fedora-gcc 1.3 22.20 NOTE
r-devel-osx-x86_64-clang 1.3 24.80 NOTE
r-devel-windows-ix86+x86_64 1.3 3.00 29.00 32.00 NOTE
r-patched-linux-x86_64 1.3 0.58 12.62 13.21 NOTE
r-patched-solaris-sparc 1.3 159.50 NOTE
r-patched-solaris-x86 1.3 35.90 NOTE
r-release-linux-x86_64 1.3 0.59 12.64 13.23 NOTE
r-release-osx-x86_64-mavericks 1.3 NOTE
r-release-windows-ix86+x86_64 1.3 2.00 21.00 23.00 NOTE
r-oldrel-windows-ix86+x86_64 1.3 3.00 27.00 30.00 NOTE

Check Details

Version: 1.3
Check: DESCRIPTION meta-information
Result: NOTE
    Malformed Description field: should contain one or more complete sentences.
Flavors: r-devel-linux-x86_64-debian-clang, r-devel-linux-x86_64-debian-gcc, r-devel-linux-x86_64-fedora-clang, r-devel-linux-x86_64-fedora-gcc, r-devel-osx-x86_64-clang, r-devel-windows-ix86+x86_64, r-patched-linux-x86_64, r-patched-solaris-sparc, r-patched-solaris-x86, r-release-linux-x86_64, r-release-osx-x86_64-mavericks, r-release-windows-ix86+x86_64

Version: 1.3
Check: dependencies in R code
Result: NOTE
    'library' or 'require' call to ‘survival’ which was already attached by Depends.
     Please remove these calls from your code.
    Package in Depends field not imported from: ‘survival’
     These packages need to be imported from (in the NAMESPACE file)
     for when this namespace is loaded but not attached.
Flavors: r-devel-linux-x86_64-debian-clang, r-devel-linux-x86_64-debian-gcc, r-devel-linux-x86_64-fedora-clang, r-devel-linux-x86_64-fedora-gcc, r-devel-osx-x86_64-clang, r-devel-windows-ix86+x86_64, r-patched-linux-x86_64, r-patched-solaris-sparc, r-patched-solaris-x86, r-release-linux-x86_64, r-release-osx-x86_64-mavericks, r-release-windows-ix86+x86_64, r-oldrel-windows-ix86+x86_64

Version: 1.3
Check: R code for possible problems
Result: NOTE
    p3state: no visible global function definition for ‘survfit’
    p3state: no visible global function definition for ‘terms’
    p3state: no visible global function definition for ‘as.formula’
    p3state: no visible global function definition for ‘coxph’
    p3state: no visible binding for global variable ‘na.exclude’
    plot.p3state: no visible global function definition for ‘matplot’
    plot.p3state: no visible global function definition for ‘devAskNewPage’
    plot.p3state: no visible global function definition for ‘persp’
    plot.p3state: no visible global function definition for ‘colours’
    plot.p3state: no visible global function definition for
     ‘filled.contour’
Flavors: r-devel-linux-x86_64-debian-clang, r-devel-linux-x86_64-debian-gcc

Version: 1.3
Check: R code for possible problems
Result: NOTE
    p3state: no visible global function definition for ‘survfit’
    p3state: no visible global function definition for ‘coxph’
Flavors: r-devel-linux-x86_64-fedora-clang, r-devel-linux-x86_64-fedora-gcc, r-devel-osx-x86_64-clang, r-devel-windows-ix86+x86_64, r-patched-linux-x86_64, r-patched-solaris-sparc, r-patched-solaris-x86, r-release-linux-x86_64, r-release-osx-x86_64-mavericks, r-release-windows-ix86+x86_64, r-oldrel-windows-ix86+x86_64