CRAN Package Check Results for Package p3state.msm

Last updated on 2016-09-26 10:48:23.

Flavor Version Tinstall Tcheck Ttotal Status Flags
r-devel-linux-x86_64-debian-clang 1.3 2.02 25.10 27.12 NOTE
r-devel-linux-x86_64-debian-gcc 1.3 2.06 24.74 26.80 NOTE
r-devel-linux-x86_64-fedora-clang 1.3 57.88 NOTE
r-devel-linux-x86_64-fedora-gcc 1.3 53.45 NOTE
r-devel-macos-x86_64-clang 1.3 45.21 NOTE
r-devel-windows-ix86+x86_64 1.3 7.00 64.00 71.00 NOTE
r-patched-linux-x86_64 1.3 2.14 24.64 26.78 NOTE
r-patched-solaris-sparc 1.3 345.50 NOTE
r-patched-solaris-x86 1.3 74.70 NOTE
r-release-linux-x86_64 1.3 2.30 25.20 27.50 NOTE
r-release-osx-x86_64-mavericks 1.3 NOTE
r-release-windows-ix86+x86_64 1.3 11.00 69.00 80.00 NOTE
r-oldrel-windows-ix86+x86_64 1.3 9.00 92.00 101.00 NOTE

Check Details

Version: 1.3
Check: DESCRIPTION meta-information
Result: NOTE
    Malformed Description field: should contain one or more complete sentences.
Flavors: r-devel-linux-x86_64-debian-clang, r-devel-linux-x86_64-debian-gcc, r-devel-linux-x86_64-fedora-clang, r-devel-linux-x86_64-fedora-gcc, r-devel-macos-x86_64-clang, r-devel-windows-ix86+x86_64, r-patched-linux-x86_64, r-patched-solaris-sparc, r-patched-solaris-x86, r-release-linux-x86_64, r-release-osx-x86_64-mavericks, r-release-windows-ix86+x86_64, r-oldrel-windows-ix86+x86_64

Version: 1.3
Check: dependencies in R code
Result: NOTE
    'library' or 'require' call to ‘survival’ which was already attached by Depends.
     Please remove these calls from your code.
    Package in Depends field not imported from: ‘survival’
     These packages need to be imported from (in the NAMESPACE file)
     for when this namespace is loaded but not attached.
Flavors: r-devel-linux-x86_64-debian-clang, r-devel-linux-x86_64-debian-gcc, r-devel-linux-x86_64-fedora-clang, r-devel-linux-x86_64-fedora-gcc, r-devel-macos-x86_64-clang, r-devel-windows-ix86+x86_64, r-patched-linux-x86_64, r-patched-solaris-sparc, r-patched-solaris-x86, r-release-linux-x86_64, r-release-osx-x86_64-mavericks, r-release-windows-ix86+x86_64, r-oldrel-windows-ix86+x86_64

Version: 1.3
Check: R code for possible problems
Result: NOTE
    p3state: no visible global function definition for ‘survfit’
    p3state: no visible global function definition for ‘terms’
    p3state: no visible global function definition for ‘as.formula’
    p3state: no visible global function definition for ‘coxph’
    p3state: no visible binding for global variable ‘na.exclude’
    plot.p3state: no visible global function definition for ‘matplot’
    plot.p3state: no visible global function definition for ‘devAskNewPage’
    plot.p3state: no visible global function definition for ‘persp’
    plot.p3state: no visible global function definition for ‘colours’
    plot.p3state: no visible global function definition for
     ‘filled.contour’
    Undefined global functions or variables:
     as.formula colours coxph devAskNewPage filled.contour matplot
     na.exclude persp survfit terms
    Consider adding
     importFrom("grDevices", "colours", "devAskNewPage")
     importFrom("graphics", "filled.contour", "matplot", "persp")
     importFrom("stats", "as.formula", "na.exclude", "terms")
    to your NAMESPACE file.
Flavors: r-devel-linux-x86_64-debian-clang, r-devel-linux-x86_64-debian-gcc, r-devel-linux-x86_64-fedora-clang, r-devel-linux-x86_64-fedora-gcc, r-devel-macos-x86_64-clang, r-devel-windows-ix86+x86_64, r-patched-linux-x86_64, r-patched-solaris-sparc, r-patched-solaris-x86, r-release-linux-x86_64, r-release-osx-x86_64-mavericks, r-release-windows-ix86+x86_64

Version: 1.3
Check: R code for possible problems
Result: NOTE
    p3state: no visible global function definition for 'survfit'
    p3state: no visible global function definition for 'coxph'
Flavor: r-oldrel-windows-ix86+x86_64