CRAN Package Check Results for Package pGLS

Last updated on 2017-10-18 08:48:24.

Flavor Version Tinstall Tcheck Ttotal Status Flags
r-devel-linux-x86_64-debian-clang 0.0-1 0.69 12.07 12.76 NOTE
r-devel-linux-x86_64-debian-gcc 0.0-1 0.72 27.61 28.32 NOTE
r-devel-linux-x86_64-fedora-clang 0.0-1 21.14 NOTE
r-devel-linux-x86_64-fedora-gcc 0.0-1 19.82 NOTE
r-devel-windows-ix86+x86_64 0.0-1 3.00 29.00 32.00 NOTE
r-patched-linux-x86_64 0.0-1 0.58 12.07 12.66 NOTE
r-patched-solaris-x86 0.0-1 29.90 NOTE
r-release-linux-x86_64 0.0-1 0.60 11.60 12.19 NOTE
r-release-windows-ix86+x86_64 0.0-1 4.00 28.00 32.00 NOTE
r-release-osx-x86_64 0.0-1 NOTE
r-oldrel-windows-ix86+x86_64 0.0-1 3.00 36.00 39.00 NOTE
r-oldrel-osx-x86_64 0.0-1 NOTE

Check Details

Version: 0.0-1
Check: dependencies in R code
Result: NOTE
    'library' or 'require' call to ‘MASS’ which was already attached by Depends.
     Please remove these calls from your code.
Flavors: r-devel-linux-x86_64-debian-clang, r-devel-linux-x86_64-debian-gcc, r-devel-linux-x86_64-fedora-clang, r-devel-linux-x86_64-fedora-gcc, r-devel-windows-ix86+x86_64, r-patched-linux-x86_64, r-patched-solaris-x86, r-release-linux-x86_64, r-release-windows-ix86+x86_64, r-release-osx-x86_64, r-oldrel-windows-ix86+x86_64, r-oldrel-osx-x86_64

Version: 0.0-1
Check: R code for possible problems
Result: NOTE
    pGLS: no visible global function definition for ‘model.response’
    pGLS: no visible global function definition for ‘model.matrix’
    pGLS: no visible global function definition for ‘pt’
    Undefined global functions or variables:
     model.matrix model.response pt
    Consider adding
     importFrom("stats", "model.matrix", "model.response", "pt")
    to your NAMESPACE file.
Flavors: r-devel-linux-x86_64-debian-clang, r-devel-linux-x86_64-debian-gcc, r-devel-linux-x86_64-fedora-clang, r-devel-linux-x86_64-fedora-gcc, r-devel-windows-ix86+x86_64, r-patched-linux-x86_64, r-patched-solaris-x86, r-release-linux-x86_64, r-release-windows-ix86+x86_64, r-release-osx-x86_64, r-oldrel-windows-ix86+x86_64, r-oldrel-osx-x86_64

Version: 0.0-1
Check: Rd files
Result: NOTE
    prepare_Rd: data_fs.Rd:11: Dropping empty section \source
    prepare_Rd: var_fs.Rd:12-14: Dropping empty section \references
Flavors: r-devel-linux-x86_64-debian-clang, r-devel-linux-x86_64-debian-gcc, r-devel-linux-x86_64-fedora-clang, r-devel-linux-x86_64-fedora-gcc, r-devel-windows-ix86+x86_64, r-patched-linux-x86_64, r-patched-solaris-x86, r-release-linux-x86_64, r-release-windows-ix86+x86_64, r-release-osx-x86_64, r-oldrel-windows-ix86+x86_64, r-oldrel-osx-x86_64