CRAN Package Check Results for Package pGLS

Last updated on 2014-08-21 11:15:11.

Flavor Version Tinstall Tcheck Ttotal Status Flags
r-devel-linux-x86_64-debian-clang 0.0-1 0.52 9.48 10.00 NOTE
r-devel-linux-x86_64-debian-gcc 0.0-1 0.51 9.80 10.32 NOTE
r-devel-linux-x86_64-fedora-clang 0.0-1 20.43 NOTE
r-devel-linux-x86_64-fedora-gcc 0.0-1 19.54 NOTE
r-devel-osx-x86_64-clang 0.0-1 22.21 NOTE
r-devel-windows-ix86+x86_64 0.0-1 2.00 17.00 19.00 NOTE
r-patched-linux-x86_64 0.0-1 0.54 9.79 10.33 NOTE
r-patched-solaris-sparc 0.0-1 125.40 NOTE
r-patched-solaris-x86 0.0-1 29.70 NOTE
r-release-linux-ix86 0.0-1 0.86 16.49 17.35 NOTE
r-release-linux-x86_64 0.0-1 0.57 9.98 10.55 NOTE
r-release-osx-x86_64-mavericks 0.0-1 NOTE
r-release-osx-x86_64-snowleopard 0.0-1 NOTE
r-release-windows-ix86+x86_64 0.0-1 2.00 18.00 20.00 NOTE
r-oldrel-windows-ix86+x86_64 0.0-1 3.00 19.00 22.00 NOTE

Check Details

Version: 0.0-1
Check: dependencies in R code
Result: NOTE
    'library' or 'require' call to ‘MASS’ which was already attached by Depends.
     Please remove these calls from your code.
    See the information on DESCRIPTION files in the chapter ‘Creating R
    packages’ of the ‘Writing R Extensions’ manual.
Flavors: r-devel-linux-x86_64-debian-clang, r-devel-linux-x86_64-debian-gcc, r-devel-linux-x86_64-fedora-clang, r-devel-linux-x86_64-fedora-gcc, r-devel-osx-x86_64-clang, r-devel-windows-ix86+x86_64, r-patched-linux-x86_64, r-patched-solaris-sparc, r-patched-solaris-x86, r-release-linux-ix86, r-release-linux-x86_64, r-release-osx-x86_64-mavericks, r-release-osx-x86_64-snowleopard, r-release-windows-ix86+x86_64, r-oldrel-windows-ix86+x86_64

Version: 0.0-1
Check: Rd files
Result: NOTE
    prepare_Rd: data_fs.Rd:11: Dropping empty section \source
    prepare_Rd: var_fs.Rd:12-14: Dropping empty section \references
Flavors: r-devel-linux-x86_64-debian-clang, r-devel-linux-x86_64-debian-gcc, r-devel-linux-x86_64-fedora-clang, r-devel-linux-x86_64-fedora-gcc, r-devel-osx-x86_64-clang, r-devel-windows-ix86+x86_64, r-patched-linux-x86_64, r-patched-solaris-sparc, r-patched-solaris-x86, r-release-linux-ix86, r-release-linux-x86_64, r-release-osx-x86_64-mavericks, r-release-osx-x86_64-snowleopard, r-release-windows-ix86+x86_64, r-oldrel-windows-ix86+x86_64