CRAN Package Check Results for Package pGLS

Last updated on 2015-07-04 11:49:55.

Flavor Version Tinstall Tcheck Ttotal Status Flags
r-devel-linux-x86_64-debian-clang 0.0-1 0.60 9.08 9.68 NOTE
r-devel-linux-x86_64-debian-gcc 0.0-1 0.51 9.76 10.26 NOTE
r-devel-linux-x86_64-fedora-clang 0.0-1 18.37 NOTE
r-devel-linux-x86_64-fedora-gcc 0.0-1 17.03 NOTE
r-devel-osx-x86_64-clang 0.0-1 19.25 NOTE
r-devel-windows-ix86+x86_64 0.0-1 4.00 18.00 22.00 NOTE
r-patched-linux-x86_64 0.0-1 0.53 9.52 10.05 NOTE
r-patched-solaris-sparc 0.0-1 127.80 NOTE
r-patched-solaris-x86 0.0-1 30.50 NOTE
r-release-linux-x86_64 0.0-1 0.52 9.50 10.03 NOTE
r-release-osx-x86_64-mavericks 0.0-1 NOTE
r-release-windows-ix86+x86_64 0.0-1 3.00 17.00 20.00 NOTE
r-oldrel-windows-ix86+x86_64 0.0-1 4.00 31.00 35.00 NOTE

Check Details

Version: 0.0-1
Check: dependencies in R code
Result: NOTE
    'library' or 'require' call to ‘MASS’ which was already attached by Depends.
     Please remove these calls from your code.
Flavors: r-devel-linux-x86_64-debian-clang, r-devel-linux-x86_64-debian-gcc, r-devel-linux-x86_64-fedora-clang, r-devel-linux-x86_64-fedora-gcc, r-devel-osx-x86_64-clang, r-devel-windows-ix86+x86_64, r-patched-linux-x86_64, r-patched-solaris-sparc, r-patched-solaris-x86, r-release-linux-x86_64, r-release-osx-x86_64-mavericks, r-release-windows-ix86+x86_64, r-oldrel-windows-ix86+x86_64

Version: 0.0-1
Check: R code for possible problems
Result: NOTE
    pGLS: no visible global function definition for ‘model.response’
    pGLS: no visible global function definition for ‘model.matrix’
    pGLS: no visible global function definition for ‘pt’
    Undefined global functions or variables:
     model.matrix model.response pt
Flavors: r-devel-linux-x86_64-debian-clang, r-devel-linux-x86_64-debian-gcc, r-devel-linux-x86_64-fedora-clang, r-devel-linux-x86_64-fedora-gcc, r-devel-windows-ix86+x86_64

Version: 0.0-1
Check: Rd files
Result: NOTE
    prepare_Rd: data_fs.Rd:11: Dropping empty section \source
    prepare_Rd: var_fs.Rd:12-14: Dropping empty section \references
Flavors: r-devel-linux-x86_64-debian-clang, r-devel-linux-x86_64-debian-gcc, r-devel-linux-x86_64-fedora-clang, r-devel-linux-x86_64-fedora-gcc, r-devel-osx-x86_64-clang, r-devel-windows-ix86+x86_64, r-patched-linux-x86_64, r-patched-solaris-sparc, r-patched-solaris-x86, r-release-linux-x86_64, r-release-osx-x86_64-mavericks, r-release-windows-ix86+x86_64, r-oldrel-windows-ix86+x86_64