CRAN Package Check Results for Package pGLS

Last updated on 2017-08-18 04:46:53.

Flavor Version Tinstall Tcheck Ttotal Status Flags
r-devel-linux-x86_64-debian-clang 0.0-1 0.57 11.59 12.16 NOTE
r-devel-linux-x86_64-debian-gcc 0.0-1 0.62 11.66 12.28 NOTE
r-devel-linux-x86_64-fedora-clang 0.0-1 19.52 NOTE
r-devel-linux-x86_64-fedora-gcc 0.0-1 19.22 NOTE
r-devel-windows-ix86+x86_64 0.0-1 2.00 27.00 29.00 NOTE
r-patched-linux-x86_64 0.0-1 0.61 11.56 12.17 NOTE
r-patched-solaris-x86 0.0-1 29.30 NOTE
r-release-linux-x86_64 0.0-1 0.70 11.48 12.18 NOTE
r-release-windows-ix86+x86_64 0.0-1 3.00 28.00 31.00 NOTE
r-release-osx-x86_64 0.0-1 NOTE
r-oldrel-windows-ix86+x86_64 0.0-1 2.00 38.00 40.00 NOTE
r-oldrel-osx-x86_64 0.0-1 NOTE

Check Details

Version: 0.0-1
Check: dependencies in R code
Result: NOTE
    'library' or 'require' call to ‘MASS’ which was already attached by Depends.
     Please remove these calls from your code.
Flavors: r-devel-linux-x86_64-debian-clang, r-devel-linux-x86_64-debian-gcc, r-devel-linux-x86_64-fedora-clang, r-devel-linux-x86_64-fedora-gcc, r-devel-windows-ix86+x86_64, r-patched-linux-x86_64, r-patched-solaris-x86, r-release-linux-x86_64, r-release-windows-ix86+x86_64, r-release-osx-x86_64, r-oldrel-windows-ix86+x86_64, r-oldrel-osx-x86_64

Version: 0.0-1
Check: R code for possible problems
Result: NOTE
    pGLS: no visible global function definition for ‘model.response’
    pGLS: no visible global function definition for ‘model.matrix’
    pGLS: no visible global function definition for ‘pt’
    Undefined global functions or variables:
     model.matrix model.response pt
    Consider adding
     importFrom("stats", "model.matrix", "model.response", "pt")
    to your NAMESPACE file.
Flavors: r-devel-linux-x86_64-debian-clang, r-devel-linux-x86_64-debian-gcc, r-devel-linux-x86_64-fedora-clang, r-devel-linux-x86_64-fedora-gcc, r-devel-windows-ix86+x86_64, r-patched-linux-x86_64, r-patched-solaris-x86, r-release-linux-x86_64, r-release-windows-ix86+x86_64, r-release-osx-x86_64, r-oldrel-windows-ix86+x86_64, r-oldrel-osx-x86_64

Version: 0.0-1
Check: Rd files
Result: NOTE
    prepare_Rd: data_fs.Rd:11: Dropping empty section \source
    prepare_Rd: var_fs.Rd:12-14: Dropping empty section \references
Flavors: r-devel-linux-x86_64-debian-clang, r-devel-linux-x86_64-debian-gcc, r-devel-linux-x86_64-fedora-clang, r-devel-linux-x86_64-fedora-gcc, r-devel-windows-ix86+x86_64, r-patched-linux-x86_64, r-patched-solaris-x86, r-release-linux-x86_64, r-release-windows-ix86+x86_64, r-release-osx-x86_64, r-oldrel-windows-ix86+x86_64, r-oldrel-osx-x86_64