CRAN Package Check Results for Package pGLS

Last updated on 2014-04-25 09:52:20.

Flavor Version Tinstall Tcheck Ttotal Status Flags
r-devel-linux-x86_64-debian-clang 0.0-1 0.58 10.18 10.75 NOTE
r-devel-linux-x86_64-debian-gcc 0.0-1 0.56 10.34 10.90 NOTE
r-devel-linux-x86_64-fedora-clang 0.0-1 20.92 NOTE
r-devel-linux-x86_64-fedora-gcc 0.0-1 19.67 NOTE
r-devel-osx-x86_64-clang 0.0-1 24.24 NOTE
r-devel-osx-x86_64-gcc 0.0-1 NOTE
r-devel-windows-ix86+x86_64 0.0-1 2.00 16.00 18.00 NOTE
r-patched-linux-x86_64 0.0-1 0.60 10.10 10.70 NOTE
r-patched-solaris-sparc 0.0-1 121.80 NOTE
r-patched-solaris-x86 0.0-1 31.40 NOTE
r-release-linux-ix86 0.0-1 1.00 23.00 24.00 NOTE
r-release-linux-x86_64 0.0-1 0.56 10.33 10.90 NOTE
r-release-osx-x86_64-mavericks 0.0-1 WARN
r-release-osx-x86_64-snowleopard 0.0-1 NOTE
r-release-windows-ix86+x86_64 0.0-1 2.00 17.00 19.00 NOTE
r-oldrel-windows-ix86+x86_64 0.0-1 3.00 19.00 22.00 NOTE

Check Details

Version: 0.0-1
Check: dependencies in R code
Result: NOTE
    'library' or 'require' call to ‘MASS’ which was already attached by Depends.
     Please remove these calls from your code.
    See the information on DESCRIPTION files in the chapter ‘Creating R
    packages’ of the ‘Writing R Extensions’ manual.
Flavors: r-devel-linux-x86_64-debian-clang, r-devel-linux-x86_64-debian-gcc, r-devel-linux-x86_64-fedora-clang, r-devel-linux-x86_64-fedora-gcc, r-devel-osx-x86_64-clang, r-devel-osx-x86_64-gcc, r-devel-windows-ix86+x86_64, r-patched-linux-x86_64, r-patched-solaris-sparc, r-patched-solaris-x86, r-release-linux-ix86, r-release-linux-x86_64, r-release-osx-x86_64-mavericks, r-release-osx-x86_64-snowleopard, r-release-windows-ix86+x86_64, r-oldrel-windows-ix86+x86_64

Version: 0.0-1
Check: Rd files
Result: NOTE
    prepare_Rd: data_fs.Rd:11: Dropping empty section \source
    prepare_Rd: var_fs.Rd:12-14: Dropping empty section \references
Flavors: r-devel-linux-x86_64-debian-clang, r-devel-linux-x86_64-debian-gcc, r-devel-linux-x86_64-fedora-clang, r-devel-linux-x86_64-fedora-gcc, r-devel-osx-x86_64-clang, r-devel-osx-x86_64-gcc, r-devel-windows-ix86+x86_64, r-patched-linux-x86_64, r-patched-solaris-sparc, r-patched-solaris-x86, r-release-linux-ix86, r-release-linux-x86_64, r-release-osx-x86_64-mavericks, r-release-osx-x86_64-snowleopard, r-release-windows-ix86+x86_64, r-oldrel-windows-ix86+x86_64

Version: 0.0-1
Check: PDF version of manual
Result: WARNING
    LaTeX errors when creating PDF version.
    This typically indicates Rd problems.
    LaTeX errors found:
    ! LaTeX Error: File `upquote.sty' not found.
    
    Type X to quit or <RETURN> to proceed,
    or enter new name. (Default extension: sty)
    
    1c0719d8/Rd2.tex:8: ==> Fatal error occurred, no output PDF file produced!
Flavor: r-release-osx-x86_64-mavericks