CRAN Package Check Results for Package pGLS

Last updated on 2016-05-02 11:47:56.

Flavor Version Tinstall Tcheck Ttotal Status Flags
r-devel-linux-x86_64-debian-gcc 0.0-1 0.54 9.73 10.27 NOTE
r-devel-linux-x86_64-fedora-clang 0.0-1 16.63 NOTE
r-devel-linux-x86_64-fedora-gcc 0.0-1 15.49 NOTE
r-devel-osx-x86_64-clang 0.0-1 20.36 NOTE
r-devel-windows-ix86+x86_64 0.0-1 3.00 29.00 32.00 NOTE
r-patched-linux-x86_64 0.0-1 0.54 9.32 9.86 NOTE
r-patched-solaris-sparc 0.0-1 100.20 NOTE
r-patched-solaris-x86 0.0-1 23.50 NOTE
r-release-linux-x86_64 0.0-1 0.63 10.12 10.75 NOTE
r-release-osx-x86_64-mavericks 0.0-1 NOTE
r-release-windows-ix86+x86_64 0.0-1 5.00 29.00 34.00 NOTE
r-oldrel-windows-ix86+x86_64 0.0-1 6.00 29.00 35.00 NOTE

Check Details

Version: 0.0-1
Check: dependencies in R code
Result: NOTE
    'library' or 'require' call to ‘MASS’ which was already attached by Depends.
     Please remove these calls from your code.
Flavors: r-devel-linux-x86_64-debian-gcc, r-devel-linux-x86_64-fedora-clang, r-devel-linux-x86_64-fedora-gcc, r-devel-osx-x86_64-clang, r-devel-windows-ix86+x86_64, r-patched-linux-x86_64, r-patched-solaris-sparc, r-patched-solaris-x86, r-release-linux-x86_64, r-release-osx-x86_64-mavericks, r-release-windows-ix86+x86_64, r-oldrel-windows-ix86+x86_64

Version: 0.0-1
Check: R code for possible problems
Result: NOTE
    pGLS: no visible global function definition for ‘model.response’
    pGLS: no visible global function definition for ‘model.matrix’
    pGLS: no visible global function definition for ‘pt’
    Undefined global functions or variables:
     model.matrix model.response pt
    Consider adding
     importFrom("stats", "model.matrix", "model.response", "pt")
    to your NAMESPACE file.
Flavors: r-devel-linux-x86_64-debian-gcc, r-devel-linux-x86_64-fedora-clang, r-devel-linux-x86_64-fedora-gcc, r-devel-osx-x86_64-clang, r-devel-windows-ix86+x86_64, r-patched-linux-x86_64, r-patched-solaris-sparc, r-patched-solaris-x86

Version: 0.0-1
Check: Rd files
Result: NOTE
    prepare_Rd: data_fs.Rd:11: Dropping empty section \source
    prepare_Rd: var_fs.Rd:12-14: Dropping empty section \references
Flavors: r-devel-linux-x86_64-debian-gcc, r-devel-linux-x86_64-fedora-clang, r-devel-linux-x86_64-fedora-gcc, r-devel-osx-x86_64-clang, r-devel-windows-ix86+x86_64, r-patched-linux-x86_64, r-patched-solaris-sparc, r-patched-solaris-x86, r-release-linux-x86_64, r-release-osx-x86_64-mavericks, r-release-windows-ix86+x86_64, r-oldrel-windows-ix86+x86_64