CRAN Package Check Results for Package pGLS

Last updated on 2015-03-03 22:48:26.

Flavor Version Tinstall Tcheck Ttotal Status Flags
r-devel-linux-x86_64-debian-clang 0.0-1 0.57 9.54 10.10 NOTE
r-devel-linux-x86_64-debian-gcc 0.0-1 0.60 9.30 9.90 NOTE
r-devel-linux-x86_64-fedora-clang 0.0-1 19.72 NOTE
r-devel-linux-x86_64-fedora-gcc 0.0-1 19.30 NOTE
r-devel-osx-x86_64-clang 0.0-1 22.70 NOTE
r-devel-windows-ix86+x86_64 0.0-1 2.00 18.00 20.00 NOTE
r-patched-linux-x86_64 0.0-1 0.76 10.57 11.34 NOTE
r-patched-solaris-sparc 0.0-1 144.50 NOTE
r-patched-solaris-x86 0.0-1 31.90 NOTE
r-release-linux-ix86 0.0-1 0.87 16.64 17.51 NOTE
r-release-linux-x86_64 0.0-1 0.59 10.38 10.98 NOTE
r-release-osx-x86_64-mavericks 0.0-1 NOTE
r-release-osx-x86_64-snowleopard 0.0-1 NOTE
r-release-windows-ix86+x86_64 0.0-1 5.00 20.00 25.00 NOTE
r-oldrel-windows-ix86+x86_64 0.0-1 3.00 19.00 22.00 NOTE

Check Details

Version: 0.0-1
Check: dependencies in R code
Result: NOTE
    'library' or 'require' call to ‘MASS’ which was already attached by Depends.
     Please remove these calls from your code.
Flavors: r-devel-linux-x86_64-debian-clang, r-devel-linux-x86_64-debian-gcc, r-devel-linux-x86_64-fedora-clang, r-devel-linux-x86_64-fedora-gcc, r-devel-osx-x86_64-clang, r-devel-windows-ix86+x86_64, r-patched-linux-x86_64, r-patched-solaris-sparc, r-patched-solaris-x86

Version: 0.0-1
Check: Rd files
Result: NOTE
    prepare_Rd: data_fs.Rd:11: Dropping empty section \source
    prepare_Rd: var_fs.Rd:12-14: Dropping empty section \references
Flavors: r-devel-linux-x86_64-debian-clang, r-devel-linux-x86_64-debian-gcc, r-devel-linux-x86_64-fedora-clang, r-devel-linux-x86_64-fedora-gcc, r-devel-osx-x86_64-clang, r-devel-windows-ix86+x86_64, r-patched-linux-x86_64, r-patched-solaris-sparc, r-patched-solaris-x86, r-release-linux-ix86, r-release-linux-x86_64, r-release-osx-x86_64-mavericks, r-release-osx-x86_64-snowleopard, r-release-windows-ix86+x86_64, r-oldrel-windows-ix86+x86_64

Version: 0.0-1
Check: dependencies in R code
Result: NOTE
    'library' or 'require' call to ‘MASS’ which was already attached by Depends.
     Please remove these calls from your code.
    See the information on DESCRIPTION files in the chapter ‘Creating R
    packages’ of the ‘Writing R Extensions’ manual.
Flavors: r-release-linux-ix86, r-release-linux-x86_64, r-release-osx-x86_64-mavericks, r-release-osx-x86_64-snowleopard, r-release-windows-ix86+x86_64, r-oldrel-windows-ix86+x86_64