CRAN Package Check Results for Package pGLS

Last updated on 2015-09-05 12:49:32.

Flavor Version Tinstall Tcheck Ttotal Status Flags
r-devel-linux-x86_64-debian-clang 0.0-1 0.48 9.12 9.60 NOTE
r-devel-linux-x86_64-debian-gcc 0.0-1 0.50 8.88 9.38 NOTE
r-devel-linux-x86_64-fedora-clang 0.0-1 18.28 NOTE
r-devel-linux-x86_64-fedora-gcc 0.0-1 17.14 NOTE
r-devel-osx-x86_64-clang 0.0-1 18.44 NOTE
r-devel-windows-ix86+x86_64 0.0-1 4.00 20.00 24.00 NOTE
r-patched-linux-x86_64 0.0-1 0.60 9.81 10.41 NOTE
r-patched-solaris-sparc 0.0-1 127.90 NOTE
r-patched-solaris-x86 0.0-1 30.80 NOTE
r-release-linux-x86_64 0.0-1 0.54 9.50 10.04 NOTE
r-release-osx-x86_64-mavericks 0.0-1 NOTE
r-release-windows-ix86+x86_64 0.0-1 3.00 28.00 31.00 NOTE
r-oldrel-windows-ix86+x86_64 0.0-1 4.00 21.00 25.00 NOTE

Check Details

Version: 0.0-1
Check: dependencies in R code
Result: NOTE
    'library' or 'require' call to ‘MASS’ which was already attached by Depends.
     Please remove these calls from your code.
Flavors: r-devel-linux-x86_64-debian-clang, r-devel-linux-x86_64-debian-gcc, r-devel-linux-x86_64-fedora-clang, r-devel-linux-x86_64-fedora-gcc, r-devel-osx-x86_64-clang, r-devel-windows-ix86+x86_64, r-patched-linux-x86_64, r-patched-solaris-sparc, r-patched-solaris-x86, r-release-linux-x86_64, r-release-osx-x86_64-mavericks, r-release-windows-ix86+x86_64, r-oldrel-windows-ix86+x86_64

Version: 0.0-1
Check: R code for possible problems
Result: NOTE
    pGLS: no visible global function definition for ‘model.response’
    pGLS: no visible global function definition for ‘model.matrix’
    pGLS: no visible global function definition for ‘pt’
    Undefined global functions or variables:
     model.matrix model.response pt
    Consider adding
     importFrom("stats", "model.matrix", "model.response", "pt")
    to your NAMESPACE.
Flavors: r-devel-linux-x86_64-debian-clang, r-devel-linux-x86_64-debian-gcc, r-devel-linux-x86_64-fedora-clang, r-devel-linux-x86_64-fedora-gcc, r-devel-windows-ix86+x86_64

Version: 0.0-1
Check: Rd files
Result: NOTE
    prepare_Rd: data_fs.Rd:11: Dropping empty section \source
    prepare_Rd: var_fs.Rd:12-14: Dropping empty section \references
Flavors: r-devel-linux-x86_64-debian-clang, r-devel-linux-x86_64-debian-gcc, r-devel-linux-x86_64-fedora-clang, r-devel-linux-x86_64-fedora-gcc, r-devel-osx-x86_64-clang, r-devel-windows-ix86+x86_64, r-patched-linux-x86_64, r-patched-solaris-sparc, r-patched-solaris-x86, r-release-linux-x86_64, r-release-osx-x86_64-mavericks, r-release-windows-ix86+x86_64, r-oldrel-windows-ix86+x86_64