CRAN Package Check Results for Package pGLS

Last updated on 2014-11-22 03:49:35.

Flavor Version Tinstall Tcheck Ttotal Status Flags
r-devel-linux-x86_64-debian-clang 0.0-1 0.59 10.57 11.16 NOTE
r-devel-linux-x86_64-debian-gcc 0.0-1 0.58 10.34 10.92 NOTE
r-devel-linux-x86_64-fedora-clang 0.0-1 23.22 NOTE
r-devel-linux-x86_64-fedora-gcc 0.0-1 21.60 NOTE
r-devel-osx-x86_64-clang 0.0-1 24.41 NOTE
r-devel-windows-ix86+x86_64 0.0-1 2.00 27.00 29.00 NOTE
r-patched-linux-x86_64 0.0-1 0.62 10.27 10.89 NOTE
r-patched-solaris-sparc 0.0-1 125.40 NOTE
r-patched-solaris-x86 0.0-1 32.00 NOTE
r-release-linux-ix86 0.0-1 0.88 15.88 16.76 NOTE
r-release-linux-x86_64 0.0-1 0.61 10.19 10.80 NOTE
r-release-osx-x86_64-mavericks 0.0-1 NOTE
r-release-osx-x86_64-snowleopard 0.0-1 NOTE
r-release-windows-ix86+x86_64 0.0-1 4.00 19.00 23.00 NOTE
r-oldrel-windows-ix86+x86_64 0.0-1 2.00 20.00 22.00 NOTE

Check Details

Version: 0.0-1
Check: dependencies in R code
Result: NOTE
    'library' or 'require' call to ‘MASS’ which was already attached by Depends.
     Please remove these calls from your code.
    See the information on DESCRIPTION files in the chapter ‘Creating R
    packages’ of the ‘Writing R Extensions’ manual.
Flavors: r-devel-linux-x86_64-debian-clang, r-devel-linux-x86_64-debian-gcc, r-devel-linux-x86_64-fedora-clang, r-devel-linux-x86_64-fedora-gcc, r-devel-osx-x86_64-clang, r-devel-windows-ix86+x86_64, r-patched-linux-x86_64, r-patched-solaris-sparc, r-patched-solaris-x86, r-release-linux-ix86, r-release-linux-x86_64, r-release-osx-x86_64-mavericks, r-release-osx-x86_64-snowleopard, r-release-windows-ix86+x86_64, r-oldrel-windows-ix86+x86_64

Version: 0.0-1
Check: Rd files
Result: NOTE
    prepare_Rd: data_fs.Rd:11: Dropping empty section \source
    prepare_Rd: var_fs.Rd:12-14: Dropping empty section \references
Flavors: r-devel-linux-x86_64-debian-clang, r-devel-linux-x86_64-debian-gcc, r-devel-linux-x86_64-fedora-clang, r-devel-linux-x86_64-fedora-gcc, r-devel-osx-x86_64-clang, r-devel-windows-ix86+x86_64, r-patched-linux-x86_64, r-patched-solaris-sparc, r-patched-solaris-x86, r-release-linux-ix86, r-release-linux-x86_64, r-release-osx-x86_64-mavericks, r-release-osx-x86_64-snowleopard, r-release-windows-ix86+x86_64, r-oldrel-windows-ix86+x86_64